{"id":3624,"date":"2022-12-06T16:34:40","date_gmt":"2022-12-06T19:34:40","guid":{"rendered":"https:\/\/sites.uel.br\/pdi\/?page_id=3624"},"modified":"2022-12-06T16:56:36","modified_gmt":"2022-12-06T19:56:36","slug":"perfil-do-egresso-ciencia-da-computacao-bacharelado","status":"publish","type":"page","link":"https:\/\/sites.uel.br\/pdi\/perfil-do-egresso-ciencia-da-computacao-bacharelado\/","title":{"rendered":"Perfil do Egresso &#8211; CI\u00caNCIA DA COMPUTA\u00c7\u00c3O (Bacharelado)"},"content":{"rendered":"\n<p class=\"has-white-color has-text-color\">.<\/p>\n\n\n\n<p>CEPE\/CA, Resolu\u00e7\u00e3o n\u00ba 065\/2019. Reformula o Projeto Pedag\u00f3gico do Curso de Ci\u00eancia da Computa\u00e7\u00e3o &#8211; Bacharelado, a ser implantado a partir do ano letivo de 2020. <\/p>\n\n\n\n<p>Dispon\u00edvel em:\u00a0<a href=\"http:\/\/www.uel.br\/prograd\/documentos\/resolucoes\/2019\/resolucao_65_19.pdf.\">http:\/\/www.uel.br\/prograd\/documentos\/resolucoes\/2019\/resolucao_65_19.pdf.<\/a>\u00a0<\/p>\n\n\n\n<p>Acesso em: 17 outubro 2022;<\/p>\n\n\n\n<p>PERFIL DO CONCLUINTE<\/p>\n\n\n\n<p>Espera-se que os egressos do curso de Ci\u00eancia da Computa\u00e7\u00e3o &#8211; Bacharelado tenham o seguinte perfil:<\/p>\n\n\n\n<ul class=\"wp-block-list\">\n<li>possuam s\u00f3lida forma\u00e7\u00e3o em Ci\u00eancia da Computa\u00e7\u00e3o e Matem\u00e1tica que os capacitem a construir aplicativos de prop\u00f3sito geral, ferramentas e infraestrutura de software de sistemas de computa\u00e7\u00e3o e de sistemas embarcados, gerar conhecimento cient\u00edfico e inova\u00e7\u00e3o e que os incentivem a estender suas compet\u00eancias \u00e0 medida que a \u00e1rea se desenvolve;&nbsp;<\/li>\n\n\n\n<li>possuam vis\u00e3o global e interdisciplinar de sistemas e entendam que essa vis\u00e3o transcende os detalhes de implementa\u00e7\u00e3o dos v\u00e1rios componentes e conhecimentos dos dom\u00ednios de aplica\u00e7\u00e3o;<\/li>\n\n\n\n<li>conhe\u00e7am a estrutura dos sistemas de computa\u00e7\u00e3o e os processos envolvidos na sua constru\u00e7\u00e3o e an\u00e1lise;<\/li>\n\n\n\n<li>conhe\u00e7am os fundamentos te\u00f3ricos da \u00e1rea de Computa\u00e7\u00e3o e como esses fundamentos influenciam a pr\u00e1tica;<\/li>\n\n\n\n<li>sejam reflexivos na constru\u00e7\u00e3o de sistemas de computa\u00e7\u00e3o por entender que eles atingem direta ou indiretamente as pessoas;<\/li>\n\n\n\n<li>possuam a capacidade de criar solu\u00e7\u00f5es para problemas complexos que t\u00eam muitas rela\u00e7\u00f5es entre dom\u00ednios de conhecimento e de aplica\u00e7\u00e3o;<\/li>\n\n\n\n<li>reconhe\u00e7am que s\u00e3o fundamentais a inova\u00e7\u00e3o e a criatividade e entendam as perspectivas de neg\u00f3cios e oportunidades relevantes.<\/li>\n<\/ul>\n","protected":false},"excerpt":{"rendered":"<p>. CEPE\/CA, Resolu\u00e7\u00e3o n\u00ba 065\/2019. Reformula o Projeto Pedag\u00f3gico do Curso de Ci\u00eancia da Computa\u00e7\u00e3o &#8211; Bacharelado, a ser implantado a partir do ano letivo de 2020. Dispon\u00edvel em:\u00a0http:\/\/www.uel.br\/prograd\/documentos\/resolucoes\/2019\/resolucao_65_19.pdf.\u00a0 Acesso em: 17 outubro 2022; PERFIL DO CONCLUINTE Espera-se que os egressos do curso de Ci\u00eancia da Computa\u00e7\u00e3o &#8211; Bacharelado tenham o seguinte perfil:<\/p>\n","protected":false},"author":8,"featured_media":0,"parent":0,"menu_order":0,"comment_status":"closed","ping_status":"closed","template":"","meta":{"footnotes":""},"class_list":["post-3624","page","type-page","status-publish","hentry"],"acf":[],"_links":{"self":[{"href":"https:\/\/sites.uel.br\/pdi\/wp-json\/wp\/v2\/pages\/3624","targetHints":{"allow":["GET"]}}],"collection":[{"href":"https:\/\/sites.uel.br\/pdi\/wp-json\/wp\/v2\/pages"}],"about":[{"href":"https:\/\/sites.uel.br\/pdi\/wp-json\/wp\/v2\/types\/page"}],"author":[{"embeddable":true,"href":"https:\/\/sites.uel.br\/pdi\/wp-json\/wp\/v2\/users\/8"}],"replies":[{"embeddable":true,"href":"https:\/\/sites.uel.br\/pdi\/wp-json\/wp\/v2\/comments?post=3624"}],"version-history":[{"count":2,"href":"https:\/\/sites.uel.br\/pdi\/wp-json\/wp\/v2\/pages\/3624\/revisions"}],"predecessor-version":[{"id":3653,"href":"https:\/\/sites.uel.br\/pdi\/wp-json\/wp\/v2\/pages\/3624\/revisions\/3653"}],"wp:attachment":[{"href":"https:\/\/sites.uel.br\/pdi\/wp-json\/wp\/v2\/media?parent=3624"}],"curies":[{"name":"wp","href":"https:\/\/api.w.org\/{rel}","templated":true}]}}

Perfil do Egresso &#8211; CIÊNCIA DA COMPUTAÇÃO (Bacharelado)

<p class="has-white-color has-text-color">.</p>



<p>CEPE/CA, Resolução nº 065/2019. Reformula o Projeto Pedagógico do Curso de Ciência da Computação &#8211; Bacharelado, a ser implantado a partir do ano letivo de 2020. </p>



<p>Disponível em: <a href="http://www.uel.br/prograd/documentos/resolucoes/2019/resolucao_65_19.pdf.">http://www.uel.br/prograd/documentos/resolucoes/2019/resolucao_65_19.pdf.</a> </p>



<p>Acesso em: 17 outubro 2022;</p>



<p>PERFIL DO CONCLUINTE</p>



<p>Espera-se que os egressos do curso de Ciência da Computação &#8211; Bacharelado tenham o seguinte perfil:</p>



<ul class="wp-block-list">
<li>possuam sólida formação em Ciência da Computação e Matemática que os capacitem a construir aplicativos de propósito geral, ferramentas e infraestrutura de software de sistemas de computação e de sistemas embarcados, gerar conhecimento científico e inovação e que os incentivem a estender suas competências à medida que a área se desenvolve;&nbsp;</li>



<li>possuam visão global e interdisciplinar de sistemas e entendam que essa visão transcende os detalhes de implementação dos vários componentes e conhecimentos dos domínios de aplicação;</li>



<li>conheçam a estrutura dos sistemas de computação e os processos envolvidos na sua construção e análise;</li>



<li>conheçam os fundamentos teóricos da área de Computação e como esses fundamentos influenciam a prática;</li>



<li>sejam reflexivos na construção de sistemas de computação por entender que eles atingem direta ou indiretamente as pessoas;</li>



<li>possuam a capacidade de criar soluções para problemas complexos que têm muitas relações entre domínios de conhecimento e de aplicação;</li>



<li>reconheçam que são fundamentais a inovação e a criatividade e entendam as perspectivas de negócios e oportunidades relevantes.</li>
</ul>

<p>. CEPE/CA, Resolução nº 065/2019. Reformula o Projeto Pedagógico do Curso de Ciência da Computação &#8211; Bacharelado, a ser implantado a partir do ano letivo de 2020. Disponível em: http://www.uel.br/prograd/documentos/resolucoes/2019/resolucao_65_19.pdf.  Acesso em: 17 outubro 2022; PERFIL DO CONCLUINTE Espera-se que os egressos do curso de Ciência da Computação &#8211; Bacharelado tenham o seguinte perfil:</p>
