{"id":3621,"date":"2022-12-06T16:33:16","date_gmt":"2022-12-06T19:33:16","guid":{"rendered":"https:\/\/sites.uel.br\/pdi\/?page_id=3621"},"modified":"2022-12-06T16:55:39","modified_gmt":"2022-12-06T19:55:39","slug":"perfil-do-egresso-biotecnologia-bacharelado","status":"publish","type":"page","link":"https:\/\/sites.uel.br\/pdi\/perfil-do-egresso-biotecnologia-bacharelado\/","title":{"rendered":"Perfil do Egresso &#8211; BIOTECNOLOGIA (Bacharelado)"},"content":{"rendered":"\n<p class=\"has-white-color has-text-color\">.<\/p>\n\n\n\n<p>CEPE\/CA, Resolu\u00e7\u00e3o n\u00ba 039\/2013. Estabelece o Projeto Pedag\u00f3gico do Curso de Gradua\u00e7\u00e3o em Biotecnologia Habilita\u00e7\u00e3o: Bacharelado, a ser implantado a partir do ano letivo de 2015. <\/p>\n\n\n\n<p>Dispon\u00edvel em: http:\/\/www.uel.br\/prograd\/docs_prograd\/resolucoes\/2013\/resolucao_39_13.pdf. <\/p>\n\n\n\n<p>Acesso em: 14 outubro 2022;<\/p>\n\n\n\n<p>PERFIL DO CONCLUINTE<\/p>\n\n\n\n<ul class=\"wp-block-list\">\n<li>capacitar profissionais com s\u00f3lida forma\u00e7\u00e3o b\u00e1sica, cient\u00edfica e tecnol\u00f3gica, que lhe permita degradar, sintetizar e produzir materiais (bioconvers\u00f5es-bioss\u00ednteses), a partir da mat\u00e9ria viva (mol\u00e9culas ou c\u00e9lulas de natureza microbiana, animal ou vegetal), na perspectiva de disponibilizar processos e produtos que garantam maior economia, efic\u00e1cia, competitividade e adaptabilidade para seu uso social final, quer nas \u00e1reas das ci\u00eancias da sa\u00fade, das agr\u00e1rias, do meio ambiente e de bioenergia;<\/li>\n\n\n\n<li>&nbsp;compreender aspectos hist\u00f3ricos, pol\u00edticos, sociais e ambientais afetos a sua \u00e1rea de atua\u00e7\u00e3o, estar preparado para atuar como agente de modifica\u00e7\u00e3o da realidade presente, por meio do exerc\u00edcio reflexivo e criativo de suas atividades profissionais, que contribuir\u00e3o para o desenvolvimento da ci\u00eancia e da tecnologia, bem como para a conserva\u00e7\u00e3o ambiental;<\/li>\n\n\n\n<li>habilidade para a diagnosticar, analisar e solucionar problemas, aplicando conhecimentos pr\u00e9-existentes ou produzindo novos, bem como a contribuir para a formula\u00e7\u00e3o de pol\u00edticas que permitam a melhoria da qualidade de vida;<\/li>\n\n\n\n<li>coordenar e atuam Inter multidisciplinarmente sempre que a complexidade dos problemas o exigir; a embasar seus julgamentos, decis\u00f5es t\u00e9cnicas cientificas e administrativas em crit\u00e9rios human\u00edsticos e de rigor cient\u00edfico, bem como em referenciais \u00e9ticos e legais;\u00a0\u00a0<\/li>\n\n\n\n<li>expressar-se de forma adequada ao exerc\u00edcio profissional; a manter-se atualizado continuamente; a desenvolver ideias inovadoras (tanto em t\u00e9cnicas e m\u00e9todos, quanto em produtos espec\u00edficos) e a\u00e7\u00f5es estrat\u00e9gicas capazes de ampliar e aperfei\u00e7oar seu campo de atua\u00e7\u00e3o.<\/li>\n<\/ul>\n","protected":false},"excerpt":{"rendered":"<p>. CEPE\/CA, Resolu\u00e7\u00e3o n\u00ba 039\/2013. Estabelece o Projeto Pedag\u00f3gico do Curso de Gradua\u00e7\u00e3o em Biotecnologia Habilita\u00e7\u00e3o: Bacharelado, a ser implantado a partir do ano letivo de 2015. Dispon\u00edvel em: http:\/\/www.uel.br\/prograd\/docs_prograd\/resolucoes\/2013\/resolucao_39_13.pdf. Acesso em: 14 outubro 2022; PERFIL DO CONCLUINTE<\/p>\n","protected":false},"author":8,"featured_media":0,"parent":0,"menu_order":0,"comment_status":"closed","ping_status":"closed","template":"","meta":{"footnotes":""},"class_list":["post-3621","page","type-page","status-publish","hentry"],"acf":[],"_links":{"self":[{"href":"https:\/\/sites.uel.br\/pdi\/wp-json\/wp\/v2\/pages\/3621","targetHints":{"allow":["GET"]}}],"collection":[{"href":"https:\/\/sites.uel.br\/pdi\/wp-json\/wp\/v2\/pages"}],"about":[{"href":"https:\/\/sites.uel.br\/pdi\/wp-json\/wp\/v2\/types\/page"}],"author":[{"embeddable":true,"href":"https:\/\/sites.uel.br\/pdi\/wp-json\/wp\/v2\/users\/8"}],"replies":[{"embeddable":true,"href":"https:\/\/sites.uel.br\/pdi\/wp-json\/wp\/v2\/comments?post=3621"}],"version-history":[{"count":3,"href":"https:\/\/sites.uel.br\/pdi\/wp-json\/wp\/v2\/pages\/3621\/revisions"}],"predecessor-version":[{"id":3652,"href":"https:\/\/sites.uel.br\/pdi\/wp-json\/wp\/v2\/pages\/3621\/revisions\/3652"}],"wp:attachment":[{"href":"https:\/\/sites.uel.br\/pdi\/wp-json\/wp\/v2\/media?parent=3621"}],"curies":[{"name":"wp","href":"https:\/\/api.w.org\/{rel}","templated":true}]}}

<p class="has-white-color has-text-color">.</p>



<p>CEPE/CA, Resolução nº 039/2013. Estabelece o Projeto Pedagógico do Curso de Graduação em Biotecnologia Habilitação: Bacharelado, a ser implantado a partir do ano letivo de 2015. </p>



<p>Disponível em: http://www.uel.br/prograd/docs_prograd/resolucoes/2013/resolucao_39_13.pdf. </p>



<p>Acesso em: 14 outubro 2022;</p>



<p>PERFIL DO CONCLUINTE</p>



<ul class="wp-block-list">
<li>capacitar profissionais com sólida formação básica, científica e tecnológica, que lhe permita degradar, sintetizar e produzir materiais (bioconversões-biossínteses), a partir da matéria viva (moléculas ou células de natureza microbiana, animal ou vegetal), na perspectiva de disponibilizar processos e produtos que garantam maior economia, eficácia, competitividade e adaptabilidade para seu uso social final, quer nas áreas das ciências da saúde, das agrárias, do meio ambiente e de bioenergia;</li>



<li>&nbsp;compreender aspectos históricos, políticos, sociais e ambientais afetos a sua área de atuação, estar preparado para atuar como agente de modificação da realidade presente, por meio do exercício reflexivo e criativo de suas atividades profissionais, que contribuirão para o desenvolvimento da ciência e da tecnologia, bem como para a conservação ambiental;</li>



<li>habilidade para a diagnosticar, analisar e solucionar problemas, aplicando conhecimentos pré-existentes ou produzindo novos, bem como a contribuir para a formulação de políticas que permitam a melhoria da qualidade de vida;</li>



<li>coordenar e atuam Inter multidisciplinarmente sempre que a complexidade dos problemas o exigir; a embasar seus julgamentos, decisões técnicas cientificas e administrativas em critérios humanísticos e de rigor científico, bem como em referenciais éticos e legais;  </li>



<li>expressar-se de forma adequada ao exercício profissional; a manter-se atualizado continuamente; a desenvolver ideias inovadoras (tanto em técnicas e métodos, quanto em produtos específicos) e ações estratégicas capazes de ampliar e aperfeiçoar seu campo de atuação.</li>
</ul>

<p>. CEPE/CA, Resolução nº 039/2013. Estabelece o Projeto Pedagógico do Curso de Graduação em Biotecnologia Habilitação: Bacharelado, a ser implantado a partir do ano letivo de 2015. Disponível em: http://www.uel.br/prograd/docs_prograd/resolucoes/2013/resolucao_39_13.pdf. Acesso em: 14 outubro 2022; PERFIL DO CONCLUINTE</p>
