{"id":3614,"date":"2022-12-06T16:28:01","date_gmt":"2022-12-06T19:28:01","guid":{"rendered":"https:\/\/sites.uel.br\/pdi\/?page_id=3614"},"modified":"2022-12-06T16:48:31","modified_gmt":"2022-12-06T19:48:31","slug":"perfil-do-egresso-artes-visuais-licenciatura","status":"publish","type":"page","link":"https:\/\/sites.uel.br\/pdi\/perfil-do-egresso-artes-visuais-licenciatura\/","title":{"rendered":"Perfil do Egresso &#8211; ARTES VISUAIS (Licenciatura)"},"content":{"rendered":"\n<p class=\"has-white-color has-text-color\">.<\/p>\n\n\n\n<p>CEPE\/CA, Resolu\u00e7\u00e3o n\u00ba 103\/2018. Reformula o Projeto Pedag\u00f3gico do Curso de Artes Visuais &#8211; licenciatura, a ser implantado a partir do ano letivo de 2019. <\/p>\n\n\n\n<p>Dispon\u00edvel em:\u00a0<a href=\"http:\/\/www.uel.br\/prograd\/documentos\/resolucoes\/2018\/resolucao_103_18.pdf\">http:\/\/www.uel.br\/prograd\/documentos\/resolucoes\/2018\/resolucao_103_18.pdf<\/a>. <\/p>\n\n\n\n<p>Acesso em: 14 outubro 2022;<\/p>\n\n\n\n<p>PERFIL DO CONCLUINTE<\/p>\n\n\n\n<p>O profissional formado pelo curso de Artes Visuais ter\u00e1 um perfil diferente daquele que se construiu h\u00e1 anos, pois ao compreender a educa\u00e7\u00e3o como realidade inserida em um contexto social do qual ele \u00e9 parte, sua atitude investigativa e propositiva ser\u00e1 inevit\u00e1vel. Assim, operar\u00e1 as po\u00e9ticas pl\u00e1sticos\/visuais dominando seu conte\u00fado te\u00f3rico-pr\u00e1tico e promover\u00e1 a conscientiza\u00e7\u00e3o para a preserva\u00e7\u00e3o do patrim\u00f3nio natural, art\u00edstico e cultural por meio de uma a\u00e7\u00e3o docente transformadora, cr\u00edtica e compromissada com o seu tempo. O licenciado em Artes Visuais poder\u00e1 atuar nas institui\u00e7\u00f5es de ensino p\u00fablico e particular, nas oficinas de arte e nos projetos culturais da comunidade em geral. A forma\u00e7\u00e3o do licenciado considera o pensar e o fazer e investe na rela\u00e7\u00e3o teoria e pr\u00e1tica, sem se distanciar das outras \u00e1reas do saber que dialogam com a arte.<\/p>\n","protected":false},"excerpt":{"rendered":"<p>. CEPE\/CA, Resolu\u00e7\u00e3o n\u00ba 103\/2018. Reformula o Projeto Pedag\u00f3gico do Curso de Artes Visuais &#8211; licenciatura, a ser implantado a partir do ano letivo de 2019. Dispon\u00edvel em:\u00a0http:\/\/www.uel.br\/prograd\/documentos\/resolucoes\/2018\/resolucao_103_18.pdf. Acesso em: 14 outubro 2022; PERFIL DO CONCLUINTE O profissional formado pelo curso de Artes Visuais ter\u00e1 um perfil diferente daquele que se construiu h\u00e1 anos, pois [&hellip;]<\/p>\n","protected":false},"author":8,"featured_media":0,"parent":0,"menu_order":0,"comment_status":"closed","ping_status":"closed","template":"","meta":{"footnotes":""},"class_list":["post-3614","page","type-page","status-publish","hentry"],"acf":[],"_links":{"self":[{"href":"https:\/\/sites.uel.br\/pdi\/wp-json\/wp\/v2\/pages\/3614","targetHints":{"allow":["GET"]}}],"collection":[{"href":"https:\/\/sites.uel.br\/pdi\/wp-json\/wp\/v2\/pages"}],"about":[{"href":"https:\/\/sites.uel.br\/pdi\/wp-json\/wp\/v2\/types\/page"}],"author":[{"embeddable":true,"href":"https:\/\/sites.uel.br\/pdi\/wp-json\/wp\/v2\/users\/8"}],"replies":[{"embeddable":true,"href":"https:\/\/sites.uel.br\/pdi\/wp-json\/wp\/v2\/comments?post=3614"}],"version-history":[{"count":2,"href":"https:\/\/sites.uel.br\/pdi\/wp-json\/wp\/v2\/pages\/3614\/revisions"}],"predecessor-version":[{"id":3647,"href":"https:\/\/sites.uel.br\/pdi\/wp-json\/wp\/v2\/pages\/3614\/revisions\/3647"}],"wp:attachment":[{"href":"https:\/\/sites.uel.br\/pdi\/wp-json\/wp\/v2\/media?parent=3614"}],"curies":[{"name":"wp","href":"https:\/\/api.w.org\/{rel}","templated":true}]}}

<p class="has-white-color has-text-color">.</p>



<p>CEPE/CA, Resolução nº 103/2018. Reformula o Projeto Pedagógico do Curso de Artes Visuais &#8211; licenciatura, a ser implantado a partir do ano letivo de 2019. </p>



<p>Disponível em: <a href="http://www.uel.br/prograd/documentos/resolucoes/2018/resolucao_103_18.pdf">http://www.uel.br/prograd/documentos/resolucoes/2018/resolucao_103_18.pdf</a>. </p>



<p>Acesso em: 14 outubro 2022;</p>



<p>PERFIL DO CONCLUINTE</p>



<p>O profissional formado pelo curso de Artes Visuais terá um perfil diferente daquele que se construiu há anos, pois ao compreender a educação como realidade inserida em um contexto social do qual ele é parte, sua atitude investigativa e propositiva será inevitável. Assim, operará as poéticas plásticos/visuais dominando seu conteúdo teórico-prático e promoverá a conscientização para a preservação do património natural, artístico e cultural por meio de uma ação docente transformadora, crítica e compromissada com o seu tempo. O licenciado em Artes Visuais poderá atuar nas instituições de ensino público e particular, nas oficinas de arte e nos projetos culturais da comunidade em geral. A formação do licenciado considera o pensar e o fazer e investe na relação teoria e prática, sem se distanciar das outras áreas do saber que dialogam com a arte.</p>

<p>. CEPE/CA, Resolução nº 103/2018. Reformula o Projeto Pedagógico do Curso de Artes Visuais &#8211; licenciatura, a ser implantado a partir do ano letivo de 2019. Disponível em: http://www.uel.br/prograd/documentos/resolucoes/2018/resolucao_103_18.pdf. Acesso em: 14 outubro 2022; PERFIL DO CONCLUINTE O profissional formado pelo curso de Artes Visuais terá um perfil diferente daquele que se construiu há anos, pois [&hellip;]</p>
