{"id":3606,"date":"2022-12-06T16:20:26","date_gmt":"2022-12-06T19:20:26","guid":{"rendered":"https:\/\/sites.uel.br\/pdi\/?page_id=3606"},"modified":"2022-12-06T16:47:23","modified_gmt":"2022-12-06T19:47:23","slug":"perfil-do-egresso-arquitetura-e-urbanismo-bacharelado","status":"publish","type":"page","link":"https:\/\/sites.uel.br\/pdi\/perfil-do-egresso-arquitetura-e-urbanismo-bacharelado\/","title":{"rendered":"Perfil do Egresso &#8211; ARQUITETURA E URBANISMO (Bacharelado)"},"content":{"rendered":"\n<p class=\"has-white-color has-text-color\">.<\/p>\n\n\n\n<p>CEPE\/CA, Resolu\u00e7\u00e3o n\u00ba 083\/2019. Reformula o Projeto Pedag\u00f3gico do Curso de Arquitetura e Urbanismo, a ser implantado a partir do ano letivo de 2020. <\/p>\n\n\n\n<p>Dispon\u00edvel em:\u00a0<a href=\"http:\/\/www.uel.br\/prograd\/documentos\/resolucoes\/2019\/resolucao_83_19.pdf\">http:\/\/www.uel.br\/prograd\/documentos\/resolucoes\/2019\/resolucao_83_19.pdf<\/a>. <\/p>\n\n\n\n<p>Acesso em: 14 outubro 2022.<\/p>\n\n\n\n<p>PERFIL DO CONCLUINTE<\/p>\n\n\n\n<p>O projeto Pedag\u00f3gico do Curso de Arquitetura e Urbanismo visa \u00e0 forma\u00e7\u00e3o dos egressos com o seguinte perfil:<\/p>\n\n\n\n<ul class=\"wp-block-list\">\n<li>Profissionais com ampla vis\u00e3o cr\u00edtica, alto pode de s\u00edntese e s\u00f3lida forma\u00e7\u00e3o generalista;<\/li>\n\n\n\n<li>Dotados de grande capacidade t\u00e9cnica e vis\u00e3o human\u00edstica para compreender e traduzir as necessidades de indiv\u00edduos, grupos sociais e comunidade, com rela\u00e7\u00e3o \u00e0 concep\u00e7\u00e3o, organiza\u00e7\u00e3o e constru\u00e7\u00e3o do espa\u00e7o interior e exterior, abrangendo a edifica\u00e7\u00e3o, a paisagem e o espa\u00e7o urbano; e<\/li>\n\n\n\n<li>Profissionais sens\u00edveis e tecnicamente h\u00e1beis e competentes para atuar na conserva\u00e7\u00e3o e valoriza\u00e7\u00e3o do patrim\u00f4nio constru\u00eddo, na prote\u00e7\u00e3o do equil\u00edbrio do ambiente natural e na utiliza\u00e7\u00e3o racional dos recursos dispon\u00edveis.<\/li>\n<\/ul>\n","protected":false},"excerpt":{"rendered":"<p>. CEPE\/CA, Resolu\u00e7\u00e3o n\u00ba 083\/2019. Reformula o Projeto Pedag\u00f3gico do Curso de Arquitetura e Urbanismo, a ser implantado a partir do ano letivo de 2020. Dispon\u00edvel em:\u00a0http:\/\/www.uel.br\/prograd\/documentos\/resolucoes\/2019\/resolucao_83_19.pdf. Acesso em: 14 outubro 2022. PERFIL DO CONCLUINTE O projeto Pedag\u00f3gico do Curso de Arquitetura e Urbanismo visa \u00e0 forma\u00e7\u00e3o dos egressos com o seguinte perfil:<\/p>\n","protected":false},"author":8,"featured_media":0,"parent":0,"menu_order":0,"comment_status":"closed","ping_status":"closed","template":"","meta":{"footnotes":""},"class_list":["post-3606","page","type-page","status-publish","hentry"],"acf":[],"_links":{"self":[{"href":"https:\/\/sites.uel.br\/pdi\/wp-json\/wp\/v2\/pages\/3606","targetHints":{"allow":["GET"]}}],"collection":[{"href":"https:\/\/sites.uel.br\/pdi\/wp-json\/wp\/v2\/pages"}],"about":[{"href":"https:\/\/sites.uel.br\/pdi\/wp-json\/wp\/v2\/types\/page"}],"author":[{"embeddable":true,"href":"https:\/\/sites.uel.br\/pdi\/wp-json\/wp\/v2\/users\/8"}],"replies":[{"embeddable":true,"href":"https:\/\/sites.uel.br\/pdi\/wp-json\/wp\/v2\/comments?post=3606"}],"version-history":[{"count":2,"href":"https:\/\/sites.uel.br\/pdi\/wp-json\/wp\/v2\/pages\/3606\/revisions"}],"predecessor-version":[{"id":3644,"href":"https:\/\/sites.uel.br\/pdi\/wp-json\/wp\/v2\/pages\/3606\/revisions\/3644"}],"wp:attachment":[{"href":"https:\/\/sites.uel.br\/pdi\/wp-json\/wp\/v2\/media?parent=3606"}],"curies":[{"name":"wp","href":"https:\/\/api.w.org\/{rel}","templated":true}]}}

<p class="has-white-color has-text-color">.</p>



<p>CEPE/CA, Resolução nº 083/2019. Reformula o Projeto Pedagógico do Curso de Arquitetura e Urbanismo, a ser implantado a partir do ano letivo de 2020. </p>



<p>Disponível em: <a href="http://www.uel.br/prograd/documentos/resolucoes/2019/resolucao_83_19.pdf">http://www.uel.br/prograd/documentos/resolucoes/2019/resolucao_83_19.pdf</a>. </p>



<p>Acesso em: 14 outubro 2022.</p>



<p>PERFIL DO CONCLUINTE</p>



<p>O projeto Pedagógico do Curso de Arquitetura e Urbanismo visa à formação dos egressos com o seguinte perfil:</p>



<ul class="wp-block-list">
<li>Profissionais com ampla visão crítica, alto pode de síntese e sólida formação generalista;</li>



<li>Dotados de grande capacidade técnica e visão humanística para compreender e traduzir as necessidades de indivíduos, grupos sociais e comunidade, com relação à concepção, organização e construção do espaço interior e exterior, abrangendo a edificação, a paisagem e o espaço urbano; e</li>



<li>Profissionais sensíveis e tecnicamente hábeis e competentes para atuar na conservação e valorização do patrimônio construído, na proteção do equilíbrio do ambiente natural e na utilização racional dos recursos disponíveis.</li>
</ul>

<p>. CEPE/CA, Resolução nº 083/2019. Reformula o Projeto Pedagógico do Curso de Arquitetura e Urbanismo, a ser implantado a partir do ano letivo de 2020. Disponível em: http://www.uel.br/prograd/documentos/resolucoes/2019/resolucao_83_19.pdf. Acesso em: 14 outubro 2022. PERFIL DO CONCLUINTE O projeto Pedagógico do Curso de Arquitetura e Urbanismo visa à formação dos egressos com o seguinte perfil:</p>
