{"id":3537,"date":"2022-12-05T19:39:13","date_gmt":"2022-12-05T22:39:13","guid":{"rendered":"https:\/\/sites.uel.br\/pdi\/?page_id=3537"},"modified":"2022-12-05T19:39:13","modified_gmt":"2022-12-05T22:39:13","slug":"eixo-tematico-vi-organizacao-administrativa-da-uel","status":"publish","type":"page","link":"https:\/\/sites.uel.br\/pdi\/eixo-tematico-vi-organizacao-administrativa-da-uel\/","title":{"rendered":"Eixo Tem\u00e1tico VI &#8211; ORGANIZA\u00c7\u00c3O ADMINISTRATIVA DA UEL"},"content":{"rendered":"\n<p class=\"has-white-color has-text-color\">.<\/p>\n\n\n\n<div class=\"wp-block-columns is-not-stacked-on-mobile is-layout-flex wp-container-core-columns-is-layout-9d6595d7 wp-block-columns-is-layout-flex\">\n<div class=\"wp-block-column is-layout-flow wp-block-column-is-layout-flow\">\n<figure class=\"wp-block-gallery has-nested-images columns-default is-cropped wp-block-gallery-1 is-layout-flex wp-block-gallery-is-layout-flex\">\n<figure class=\"wp-block-image size-large\"><a href=\"https:\/\/sistemas.uel.br\/portaltransparencia\/institucional\/legislacaoUEL\"><img loading=\"lazy\" decoding=\"async\" width=\"1024\" height=\"572\" data-id=\"3538\" src=\"https:\/\/sites.uel.br\/pdi\/wp-content\/uploads\/2022\/12\/ETVI02-1024x572.png\" alt=\"\" class=\"wp-image-3538\" srcset=\"https:\/\/sites.uel.br\/pdi\/wp-content\/uploads\/2022\/12\/ETVI02-1024x572.png 1024w, https:\/\/sites.uel.br\/pdi\/wp-content\/uploads\/2022\/12\/ETVI02-300x168.png 300w, https:\/\/sites.uel.br\/pdi\/wp-content\/uploads\/2022\/12\/ETVI02-768x429.png 768w, https:\/\/sites.uel.br\/pdi\/wp-content\/uploads\/2022\/12\/ETVI02-1536x858.png 1536w, https:\/\/sites.uel.br\/pdi\/wp-content\/uploads\/2022\/12\/ETVI02.png 1987w\" sizes=\"auto, (max-width: 1024px) 100vw, 1024px\" \/><\/a><\/figure>\n<\/figure>\n<\/div>\n\n\n\n<div class=\"wp-block-column is-layout-flow wp-block-column-is-layout-flow\">\n<figure class=\"wp-block-gallery has-nested-images columns-default is-cropped wp-block-gallery-2 is-layout-flex wp-block-gallery-is-layout-flex\">\n<figure class=\"wp-block-image size-large\"><a href=\"http:\/\/www.uel.br\/portaltransparencia\/pages\/arquivos\/Organograma%20Geral%20da%20UEL%20%20altraracao-%2013-03-2018.pdf\"><img loading=\"lazy\" decoding=\"async\" width=\"1024\" height=\"572\" data-id=\"3539\" src=\"https:\/\/sites.uel.br\/pdi\/wp-content\/uploads\/2022\/12\/ETVI03-1024x572.png\" alt=\"\" class=\"wp-image-3539\" srcset=\"https:\/\/sites.uel.br\/pdi\/wp-content\/uploads\/2022\/12\/ETVI03-1024x572.png 1024w, https:\/\/sites.uel.br\/pdi\/wp-content\/uploads\/2022\/12\/ETVI03-300x168.png 300w, https:\/\/sites.uel.br\/pdi\/wp-content\/uploads\/2022\/12\/ETVI03-768x429.png 768w, https:\/\/sites.uel.br\/pdi\/wp-content\/uploads\/2022\/12\/ETVI03-1536x858.png 1536w, https:\/\/sites.uel.br\/pdi\/wp-content\/uploads\/2022\/12\/ETVI03.png 1987w\" sizes=\"auto, (max-width: 1024px) 100vw, 1024px\" \/><\/a><\/figure>\n<\/figure>\n<\/div>\n\n\n\n<div class=\"wp-block-column is-layout-flow wp-block-column-is-layout-flow\">\n<figure class=\"wp-block-gallery has-nested-images columns-default is-cropped wp-block-gallery-3 is-layout-flex wp-block-gallery-is-layout-flex\">\n<figure class=\"wp-block-image size-large\"><a href=\"https:\/\/portal.uel.br\/portais\/pages\/portais.php\"><img loading=\"lazy\" decoding=\"async\" width=\"1024\" height=\"572\" data-id=\"3540\" src=\"https:\/\/sites.uel.br\/pdi\/wp-content\/uploads\/2022\/12\/ETVI04-1024x572.png\" alt=\"\" class=\"wp-image-3540\" srcset=\"https:\/\/sites.uel.br\/pdi\/wp-content\/uploads\/2022\/12\/ETVI04-1024x572.png 1024w, https:\/\/sites.uel.br\/pdi\/wp-content\/uploads\/2022\/12\/ETVI04-300x168.png 300w, https:\/\/sites.uel.br\/pdi\/wp-content\/uploads\/2022\/12\/ETVI04-768x429.png 768w, https:\/\/sites.uel.br\/pdi\/wp-content\/uploads\/2022\/12\/ETVI04-1536x858.png 1536w, https:\/\/sites.uel.br\/pdi\/wp-content\/uploads\/2022\/12\/ETVI04.png 1987w\" sizes=\"auto, (max-width: 1024px) 100vw, 1024px\" \/><\/a><\/figure>\n<\/figure>\n<\/div>\n<\/div>\n\n\n\n<div class=\"wp-block-columns is-not-stacked-on-mobile is-layout-flex wp-container-core-columns-is-layout-9d6595d7 wp-block-columns-is-layout-flex\">\n<div class=\"wp-block-column is-layout-flow wp-block-column-is-layout-flow\">\n<figure class=\"wp-block-gallery has-nested-images columns-default is-cropped wp-block-gallery-4 is-layout-flex wp-block-gallery-is-layout-flex\">\n<figure class=\"wp-block-image size-large\"><a href=\"http:\/\/www.uel.br\/proplan\/novo\/pages\/dados-e-informacoes\/uel-em-dados.php\"><img loading=\"lazy\" decoding=\"async\" width=\"1024\" height=\"572\" data-id=\"3541\" src=\"https:\/\/sites.uel.br\/pdi\/wp-content\/uploads\/2022\/12\/ETVI05-1024x572.png\" alt=\"\" class=\"wp-image-3541\" srcset=\"https:\/\/sites.uel.br\/pdi\/wp-content\/uploads\/2022\/12\/ETVI05-1024x572.png 1024w, https:\/\/sites.uel.br\/pdi\/wp-content\/uploads\/2022\/12\/ETVI05-300x168.png 300w, https:\/\/sites.uel.br\/pdi\/wp-content\/uploads\/2022\/12\/ETVI05-768x429.png 768w, https:\/\/sites.uel.br\/pdi\/wp-content\/uploads\/2022\/12\/ETVI05-1536x858.png 1536w, https:\/\/sites.uel.br\/pdi\/wp-content\/uploads\/2022\/12\/ETVI05.png 1987w\" sizes=\"auto, (max-width: 1024px) 100vw, 1024px\" \/><\/a><\/figure>\n<\/figure>\n<\/div>\n\n\n\n<div class=\"wp-block-column is-layout-flow wp-block-column-is-layout-flow\">\n<figure class=\"wp-block-gallery has-nested-images columns-default is-cropped wp-block-gallery-5 is-layout-flex wp-block-gallery-is-layout-flex\">\n<figure class=\"wp-block-image size-large\"><a href=\"http:\/\/www.uel.br\/proplan\/novo\/pages\/dados-e-informacoes\/centros-em-dados.php\"><img loading=\"lazy\" decoding=\"async\" width=\"1024\" height=\"572\" data-id=\"3542\" src=\"https:\/\/sites.uel.br\/pdi\/wp-content\/uploads\/2022\/12\/ETVI06-1024x572.png\" alt=\"\" class=\"wp-image-3542\" srcset=\"https:\/\/sites.uel.br\/pdi\/wp-content\/uploads\/2022\/12\/ETVI06-1024x572.png 1024w, https:\/\/sites.uel.br\/pdi\/wp-content\/uploads\/2022\/12\/ETVI06-300x168.png 300w, https:\/\/sites.uel.br\/pdi\/wp-content\/uploads\/2022\/12\/ETVI06-768x429.png 768w, https:\/\/sites.uel.br\/pdi\/wp-content\/uploads\/2022\/12\/ETVI06-1536x858.png 1536w, https:\/\/sites.uel.br\/pdi\/wp-content\/uploads\/2022\/12\/ETVI06.png 1987w\" sizes=\"auto, (max-width: 1024px) 100vw, 1024px\" \/><\/a><\/figure>\n<\/figure>\n<\/div>\n\n\n\n<div class=\"wp-block-column is-layout-flow wp-block-column-is-layout-flow\"><\/div>\n<\/div>\n","protected":false},"excerpt":{"rendered":"<p>.<\/p>\n","protected":false},"author":8,"featured_media":0,"parent":0,"menu_order":0,"comment_status":"closed","ping_status":"closed","template":"","meta":{"footnotes":""},"class_list":["post-3537","page","type-page","status-publish","hentry"],"acf":[],"_links":{"self":[{"href":"https:\/\/sites.uel.br\/pdi\/wp-json\/wp\/v2\/pages\/3537","targetHints":{"allow":["GET"]}}],"collection":[{"href":"https:\/\/sites.uel.br\/pdi\/wp-json\/wp\/v2\/pages"}],"about":[{"href":"https:\/\/sites.uel.br\/pdi\/wp-json\/wp\/v2\/types\/page"}],"author":[{"embeddable":true,"href":"https:\/\/sites.uel.br\/pdi\/wp-json\/wp\/v2\/users\/8"}],"replies":[{"embeddable":true,"href":"https:\/\/sites.uel.br\/pdi\/wp-json\/wp\/v2\/comments?post=3537"}],"version-history":[{"count":1,"href":"https:\/\/sites.uel.br\/pdi\/wp-json\/wp\/v2\/pages\/3537\/revisions"}],"predecessor-version":[{"id":3543,"href":"https:\/\/sites.uel.br\/pdi\/wp-json\/wp\/v2\/pages\/3537\/revisions\/3543"}],"wp:attachment":[{"href":"https:\/\/sites.uel.br\/pdi\/wp-json\/wp\/v2\/media?parent=3537"}],"curies":[{"name":"wp","href":"https:\/\/api.w.org\/{rel}","templated":true}]}}