{"id":3158,"date":"2022-11-23T16:05:12","date_gmt":"2022-11-23T19:05:12","guid":{"rendered":"https:\/\/sites.uel.br\/pdi\/?page_id=3158"},"modified":"2022-11-30T13:53:09","modified_gmt":"2022-11-30T16:53:09","slug":"eixo-tematico-iii-cronograma-de-implantacao-e-desenvolvimento","status":"publish","type":"page","link":"https:\/\/sites.uel.br\/pdi\/eixo-tematico-iii-cronograma-de-implantacao-e-desenvolvimento\/","title":{"rendered":"Eixo Tem\u00e1tico III &#8211; CRONOGRAMA DE IMPLANTA\u00c7\u00c3O E DESENVOLVIMENTO"},"content":{"rendered":"\n<p class=\"has-white-color has-text-color\">.<\/p>\n\n\n\n<div class=\"wp-block-columns is-not-stacked-on-mobile is-layout-flex wp-container-core-columns-is-layout-9d6595d7 wp-block-columns-is-layout-flex\">\n<div class=\"wp-block-column is-layout-flow wp-block-column-is-layout-flow\">\n<figure class=\"wp-block-gallery has-nested-images columns-default is-cropped wp-block-gallery-1 is-layout-flex wp-block-gallery-is-layout-flex\">\n<figure class=\"wp-block-image size-large\"><a href=\"https:\/\/sites.uel.br\/pdi\/cursos-por-centros-de-estudos\/\"><img loading=\"lazy\" decoding=\"async\" width=\"1024\" height=\"572\" data-id=\"3146\" src=\"https:\/\/sites.uel.br\/pdi\/wp-content\/uploads\/2022\/11\/ETIIIB-1024x572.png\" alt=\"\" class=\"wp-image-3146\" srcset=\"https:\/\/sites.uel.br\/pdi\/wp-content\/uploads\/2022\/11\/ETIIIB-1024x572.png 1024w, https:\/\/sites.uel.br\/pdi\/wp-content\/uploads\/2022\/11\/ETIIIB-300x168.png 300w, https:\/\/sites.uel.br\/pdi\/wp-content\/uploads\/2022\/11\/ETIIIB-768x429.png 768w, https:\/\/sites.uel.br\/pdi\/wp-content\/uploads\/2022\/11\/ETIIIB-1536x858.png 1536w, https:\/\/sites.uel.br\/pdi\/wp-content\/uploads\/2022\/11\/ETIIIB.png 1987w\" sizes=\"auto, (max-width: 1024px) 100vw, 1024px\" \/><\/a><\/figure>\n<\/figure>\n<\/div>\n\n\n\n<div class=\"wp-block-column is-layout-flow wp-block-column-is-layout-flow\">\n<figure class=\"wp-block-gallery has-nested-images columns-default is-cropped wp-block-gallery-2 is-layout-flex wp-block-gallery-is-layout-flex\">\n<figure class=\"wp-block-image size-large\"><a href=\"https:\/\/sites.uel.br\/pdi\/oferta-de-cursos-graduacao\/\"><img loading=\"lazy\" decoding=\"async\" width=\"1024\" height=\"569\" data-id=\"3147\" src=\"https:\/\/sites.uel.br\/pdi\/wp-content\/uploads\/2022\/11\/ETIIIC-1024x569.png\" alt=\"\" class=\"wp-image-3147\" srcset=\"https:\/\/sites.uel.br\/pdi\/wp-content\/uploads\/2022\/11\/ETIIIC-1024x569.png 1024w, https:\/\/sites.uel.br\/pdi\/wp-content\/uploads\/2022\/11\/ETIIIC-300x167.png 300w, https:\/\/sites.uel.br\/pdi\/wp-content\/uploads\/2022\/11\/ETIIIC-768x427.png 768w, https:\/\/sites.uel.br\/pdi\/wp-content\/uploads\/2022\/11\/ETIIIC-1536x854.png 1536w, https:\/\/sites.uel.br\/pdi\/wp-content\/uploads\/2022\/11\/ETIIIC.png 1997w\" sizes=\"auto, (max-width: 1024px) 100vw, 1024px\" \/><\/a><\/figure>\n<\/figure>\n<\/div>\n\n\n\n<div class=\"wp-block-column is-layout-flow wp-block-column-is-layout-flow\">\n<figure class=\"wp-block-gallery has-nested-images columns-default is-cropped wp-block-gallery-3 is-layout-flex wp-block-gallery-is-layout-flex\">\n<figure class=\"wp-block-image size-large\"><a href=\"https:\/\/sites.uel.br\/pdi\/oferta-de-cursos-lato-sensu-especializacao-presencial\/\"><img loading=\"lazy\" decoding=\"async\" width=\"1024\" height=\"569\" data-id=\"3148\" src=\"https:\/\/sites.uel.br\/pdi\/wp-content\/uploads\/2022\/11\/ETIIID-1024x569.png\" alt=\"\" class=\"wp-image-3148\" srcset=\"https:\/\/sites.uel.br\/pdi\/wp-content\/uploads\/2022\/11\/ETIIID-1024x569.png 1024w, https:\/\/sites.uel.br\/pdi\/wp-content\/uploads\/2022\/11\/ETIIID-300x167.png 300w, https:\/\/sites.uel.br\/pdi\/wp-content\/uploads\/2022\/11\/ETIIID-768x427.png 768w, https:\/\/sites.uel.br\/pdi\/wp-content\/uploads\/2022\/11\/ETIIID-1536x854.png 1536w, https:\/\/sites.uel.br\/pdi\/wp-content\/uploads\/2022\/11\/ETIIID.png 1997w\" sizes=\"auto, (max-width: 1024px) 100vw, 1024px\" \/><\/a><\/figure>\n<\/figure>\n<\/div>\n<\/div>\n\n\n\n<div class=\"wp-block-columns is-not-stacked-on-mobile is-layout-flex wp-container-core-columns-is-layout-9d6595d7 wp-block-columns-is-layout-flex\">\n<div class=\"wp-block-column is-layout-flow wp-block-column-is-layout-flow\">\n<figure class=\"wp-block-gallery has-nested-images columns-default is-cropped wp-block-gallery-4 is-layout-flex wp-block-gallery-is-layout-flex\">\n<figure class=\"wp-block-image size-large\"><a href=\"https:\/\/sites.uel.br\/pdi\/oferta-de-cursos-lato-sensu-especializacao-ead\/\"><img loading=\"lazy\" decoding=\"async\" width=\"1024\" height=\"569\" data-id=\"3149\" src=\"https:\/\/sites.uel.br\/pdi\/wp-content\/uploads\/2022\/11\/ETIIIE-1024x569.png\" alt=\"\" class=\"wp-image-3149\" srcset=\"https:\/\/sites.uel.br\/pdi\/wp-content\/uploads\/2022\/11\/ETIIIE-1024x569.png 1024w, https:\/\/sites.uel.br\/pdi\/wp-content\/uploads\/2022\/11\/ETIIIE-300x167.png 300w, https:\/\/sites.uel.br\/pdi\/wp-content\/uploads\/2022\/11\/ETIIIE-768x427.png 768w, https:\/\/sites.uel.br\/pdi\/wp-content\/uploads\/2022\/11\/ETIIIE-1536x854.png 1536w, https:\/\/sites.uel.br\/pdi\/wp-content\/uploads\/2022\/11\/ETIIIE.png 1997w\" sizes=\"auto, (max-width: 1024px) 100vw, 1024px\" \/><\/a><\/figure>\n<\/figure>\n<\/div>\n\n\n\n<div class=\"wp-block-column is-layout-flow wp-block-column-is-layout-flow\">\n<figure class=\"wp-block-gallery has-nested-images columns-default is-cropped wp-block-gallery-5 is-layout-flex wp-block-gallery-is-layout-flex\">\n<figure class=\"wp-block-image size-large\"><a href=\"https:\/\/sites.uel.br\/pdi\/oferta-de-cursos-lato-sensu-residencia\/\"><img loading=\"lazy\" decoding=\"async\" width=\"1024\" height=\"569\" data-id=\"3150\" src=\"https:\/\/sites.uel.br\/pdi\/wp-content\/uploads\/2022\/11\/ETIIIF-1024x569.png\" alt=\"\" class=\"wp-image-3150\" srcset=\"https:\/\/sites.uel.br\/pdi\/wp-content\/uploads\/2022\/11\/ETIIIF-1024x569.png 1024w, https:\/\/sites.uel.br\/pdi\/wp-content\/uploads\/2022\/11\/ETIIIF-300x167.png 300w, https:\/\/sites.uel.br\/pdi\/wp-content\/uploads\/2022\/11\/ETIIIF-768x427.png 768w, https:\/\/sites.uel.br\/pdi\/wp-content\/uploads\/2022\/11\/ETIIIF-1536x854.png 1536w, https:\/\/sites.uel.br\/pdi\/wp-content\/uploads\/2022\/11\/ETIIIF.png 1997w\" sizes=\"auto, (max-width: 1024px) 100vw, 1024px\" \/><\/a><\/figure>\n<\/figure>\n<\/div>\n\n\n\n<div class=\"wp-block-column is-layout-flow wp-block-column-is-layout-flow\">\n<figure class=\"wp-block-gallery has-nested-images columns-default is-cropped wp-block-gallery-6 is-layout-flex wp-block-gallery-is-layout-flex\">\n<figure class=\"wp-block-image size-large\"><a href=\"https:\/\/sites.uel.br\/pdi\/oferta-de-cursos-stricto-sensu-mestrado-profissional\/\"><img loading=\"lazy\" decoding=\"async\" width=\"1024\" height=\"569\" data-id=\"3151\" src=\"https:\/\/sites.uel.br\/pdi\/wp-content\/uploads\/2022\/11\/ETIIIG-1024x569.png\" alt=\"\" class=\"wp-image-3151\" srcset=\"https:\/\/sites.uel.br\/pdi\/wp-content\/uploads\/2022\/11\/ETIIIG-1024x569.png 1024w, https:\/\/sites.uel.br\/pdi\/wp-content\/uploads\/2022\/11\/ETIIIG-300x167.png 300w, https:\/\/sites.uel.br\/pdi\/wp-content\/uploads\/2022\/11\/ETIIIG-768x427.png 768w, https:\/\/sites.uel.br\/pdi\/wp-content\/uploads\/2022\/11\/ETIIIG-1536x854.png 1536w, https:\/\/sites.uel.br\/pdi\/wp-content\/uploads\/2022\/11\/ETIIIG.png 1997w\" sizes=\"auto, (max-width: 1024px) 100vw, 1024px\" \/><\/a><\/figure>\n<\/figure>\n<\/div>\n<\/div>\n\n\n\n<div class=\"wp-block-columns is-not-stacked-on-mobile is-layout-flex wp-container-core-columns-is-layout-9d6595d7 wp-block-columns-is-layout-flex\">\n<div class=\"wp-block-column is-layout-flow wp-block-column-is-layout-flow\">\n<figure class=\"wp-block-gallery has-nested-images columns-default is-cropped wp-block-gallery-7 is-layout-flex wp-block-gallery-is-layout-flex\">\n<figure class=\"wp-block-image size-large\"><a href=\"https:\/\/sites.uel.br\/pdi\/oferta-de-cursos-stricto-sensu-mestrado-e-doutorado-academico\/\"><img loading=\"lazy\" decoding=\"async\" width=\"1024\" height=\"569\" data-id=\"3152\" src=\"https:\/\/sites.uel.br\/pdi\/wp-content\/uploads\/2022\/11\/ETIIIH-1024x569.png\" alt=\"\" class=\"wp-image-3152\" srcset=\"https:\/\/sites.uel.br\/pdi\/wp-content\/uploads\/2022\/11\/ETIIIH-1024x569.png 1024w, https:\/\/sites.uel.br\/pdi\/wp-content\/uploads\/2022\/11\/ETIIIH-300x167.png 300w, https:\/\/sites.uel.br\/pdi\/wp-content\/uploads\/2022\/11\/ETIIIH-768x427.png 768w, https:\/\/sites.uel.br\/pdi\/wp-content\/uploads\/2022\/11\/ETIIIH-1536x854.png 1536w, https:\/\/sites.uel.br\/pdi\/wp-content\/uploads\/2022\/11\/ETIIIH.png 1997w\" sizes=\"auto, (max-width: 1024px) 100vw, 1024px\" \/><\/a><\/figure>\n<\/figure>\n<\/div>\n\n\n\n<div class=\"wp-block-column is-layout-flow wp-block-column-is-layout-flow\">\n<figure class=\"wp-block-gallery has-nested-images columns-default is-cropped wp-block-gallery-8 is-layout-flex wp-block-gallery-is-layout-flex\">\n<figure class=\"wp-block-image size-large\"><a href=\"https:\/\/sites.uel.br\/pdi\/consolidado-de-cursos-e-vagas-por-nivel\/\"><img loading=\"lazy\" decoding=\"async\" width=\"1024\" height=\"572\" data-id=\"3153\" src=\"https:\/\/sites.uel.br\/pdi\/wp-content\/uploads\/2022\/11\/ETIIII-1024x572.png\" alt=\"\" class=\"wp-image-3153\" srcset=\"https:\/\/sites.uel.br\/pdi\/wp-content\/uploads\/2022\/11\/ETIIII-1024x572.png 1024w, https:\/\/sites.uel.br\/pdi\/wp-content\/uploads\/2022\/11\/ETIIII-300x168.png 300w, https:\/\/sites.uel.br\/pdi\/wp-content\/uploads\/2022\/11\/ETIIII-768x429.png 768w, https:\/\/sites.uel.br\/pdi\/wp-content\/uploads\/2022\/11\/ETIIII-1536x858.png 1536w, https:\/\/sites.uel.br\/pdi\/wp-content\/uploads\/2022\/11\/ETIIII.png 1987w\" sizes=\"auto, (max-width: 1024px) 100vw, 1024px\" \/><\/a><\/figure>\n<\/figure>\n<\/div>\n\n\n\n<div class=\"wp-block-column is-layout-flow wp-block-column-is-layout-flow\"><\/div>\n<\/div>\n","protected":false},"excerpt":{"rendered":"<p>.<\/p>\n","protected":false},"author":8,"featured_media":0,"parent":0,"menu_order":0,"comment_status":"closed","ping_status":"closed","template":"","meta":{"footnotes":""},"class_list":["post-3158","page","type-page","status-publish","hentry"],"acf":[],"_links":{"self":[{"href":"https:\/\/sites.uel.br\/pdi\/wp-json\/wp\/v2\/pages\/3158","targetHints":{"allow":["GET"]}}],"collection":[{"href":"https:\/\/sites.uel.br\/pdi\/wp-json\/wp\/v2\/pages"}],"about":[{"href":"https:\/\/sites.uel.br\/pdi\/wp-json\/wp\/v2\/types\/page"}],"author":[{"embeddable":true,"href":"https:\/\/sites.uel.br\/pdi\/wp-json\/wp\/v2\/users\/8"}],"replies":[{"embeddable":true,"href":"https:\/\/sites.uel.br\/pdi\/wp-json\/wp\/v2\/comments?post=3158"}],"version-history":[{"count":10,"href":"https:\/\/sites.uel.br\/pdi\/wp-json\/wp\/v2\/pages\/3158\/revisions"}],"predecessor-version":[{"id":3513,"href":"https:\/\/sites.uel.br\/pdi\/wp-json\/wp\/v2\/pages\/3158\/revisions\/3513"}],"wp:attachment":[{"href":"https:\/\/sites.uel.br\/pdi\/wp-json\/wp\/v2\/media?parent=3158"}],"curies":[{"name":"wp","href":"https:\/\/api.w.org\/{rel}","templated":true}]}}

Eixo Temático III &#8211; CRONOGRAMA DE IMPLANTAÇÃO E DESENVOLVIMENTO
