{"id":315,"date":"2022-09-07T17:51:39","date_gmt":"2022-09-07T20:51:39","guid":{"rendered":"https:\/\/sites.uel.br\/pdi\/?page_id=315"},"modified":"2022-10-17T12:42:48","modified_gmt":"2022-10-17T15:42:48","slug":"uel-apoiara-judiciario-em-mediacao-e-conciliacao","status":"publish","type":"page","link":"https:\/\/sites.uel.br\/pdi\/uel-apoiara-judiciario-em-mediacao-e-conciliacao\/","title":{"rendered":"<strong>UEL Apoiar\u00e1 Judici\u00e1rio em Media\u00e7\u00e3o e Concilia\u00e7\u00e3o<\/strong>"},"content":{"rendered":"\n<p class=\"has-white-color has-text-color\">.<\/p>\n\n\n\n<p>A UEL e o Tribunal de Justi\u00e7a do Paran\u00e1 (TJPR) formalizaram, em 4 de setembro, conv\u00eanio para treinamento e capacita\u00e7\u00e3o de recursos humanos visando ampliar a media\u00e7\u00e3o e a concilia\u00e7\u00e3o em processos judiciais. O conv\u00eanio foi assinado durante cerim\u00f4nia com a presen\u00e7a do 2o vice-presidente do TJPR, desembargador Jos\u00e9 Laurindo de Souza Netto, e do reitor da UEL, S\u00e9rgio Carvalho, no Anfiteatro do Centro de Estudos Sociais Aplicados.<\/p>\n\n\n\n<p>Pelo conv\u00eanio, professores da UEL dever\u00e3o realizar treinamento para media\u00e7\u00f5es e concilia\u00e7\u00f5es, conforme determina\u00e7\u00e3o do Conselho Nacional de Justi\u00e7a, com base no C\u00f3digo de Processo Civil. Em 2015, foram criados os Centros Judici\u00e1rios de Solu\u00e7\u00e3o de Conflitos e Cidadania (CEJUSCs). Segundo o desembargador, as univer- sidades representam as institui\u00e7\u00f5es ideais para a capacita\u00e7\u00e3o de advoga- dos e operadores do Direito. Ele explica que o consenso entre as partes representa uma solu\u00e7\u00e3o adequada, em que todos ganham, resolvendo o conflito de forma definitiva. \u201cA media\u00e7\u00e3o permite estabelecer um equil\u00edbrio\u201d, resume o desembargador.<\/p>\n\n\n\n<p>Al\u00e9m de representar uma alternativa cidad\u00e3, com maior participa\u00e7\u00e3o dos envolvidos, a media\u00e7\u00e3o colabora para desafogar o Judici\u00e1rio. De acordo com o desembargador, atualmente o sistema nacional contabiliza 100 milh\u00f5es de processos em andamento, sendo 3 milh\u00f5es no Paran\u00e1. O coordenador do CEJUSCs em Londrina, o juiz Bruno Regio Pegoraro, complementa que toda senten\u00e7a judicial \u00e9 imposta e acaba desagradando uma das partes. \u201cEntendemos que por meio da concilia\u00e7\u00e3o se chega a um acordo que resulta na pacifica\u00e7\u00e3o, sem contar que os cidad\u00e3os participam para construir a solu\u00e7\u00e3o\u201d, explica. Ele acrescenta que a medida representa uma tend\u00eancia a ser seguida pelo Judici\u00e1rio, envolvendo ju\u00edzes, advogados, universidades e estudantes.<\/p>\n\n\n\n<p>Segundo a diretora do Escrit\u00f3rio de Aplica\u00e7\u00e3o de Assuntos Jur\u00eddicos da UEL (EAAJ), M\u00e1rcia Teshima, o TJ j\u00e1 vem promovendo o treinamento para a realiza\u00e7\u00e3o de media\u00e7\u00f5es. A partir do conv\u00eanio estabelecido com a Universidade, professores passam a integrar este trabalho, multiplicando o volume de pessoas envolvidas e fomentando esta cultura de Justi\u00e7a mediadora. Num segundo momento, a proposta \u00e9 que os processos judiciais sob a responsabilidade do EAAJ tamb\u00e9m possam ser atendidos por meio de media\u00e7\u00e3o. Os estudantes de Direito da UEL j\u00e1 t\u00eam contato com esta alternativa por meio da disciplina de Arbitragem.O reitor S\u00e9rgio Carvalho considerou o conv\u00eanio como mais uma a\u00e7\u00e3o que dever\u00e1 beneficiar a sociedade civil, cumprindo a fun\u00e7\u00e3o da Universidade de atender os cidad\u00e3os por meio de servi\u00e7os, ensino, pesquisa, extens\u00e3o e inova\u00e7\u00e3o. \u201cUm termo de compromisso como este fortalece a nossa alian\u00e7a com a sociedade, que \u00e9 a verdadeira propriet\u00e1ria da Universidade\u201d, frisou o reitor.<\/p>\n\n\n\n<p class=\"has-white-color has-text-color\">.<\/p>\n\n\n\n<p class=\"has-text-align-center\">O texto est\u00e1 citado na lista de refer\u00eancias como JORNAL NOT\u00cdCIA (2019a).<\/p>\n","protected":false},"excerpt":{"rendered":"<p>. A UEL e o Tribunal de Justi\u00e7a do Paran\u00e1 (TJPR) formalizaram, em 4 de setembro, conv\u00eanio para treinamento e capacita\u00e7\u00e3o de recursos humanos visando ampliar a media\u00e7\u00e3o e a concilia\u00e7\u00e3o em processos judiciais. O conv\u00eanio foi assinado durante cerim\u00f4nia com a presen\u00e7a do 2o vice-presidente do TJPR, desembargador Jos\u00e9 Laurindo de Souza Netto, e [&hellip;]<\/p>\n","protected":false},"author":8,"featured_media":0,"parent":0,"menu_order":0,"comment_status":"closed","ping_status":"closed","template":"","meta":{"footnotes":""},"class_list":["post-315","page","type-page","status-publish","hentry"],"acf":[],"_links":{"self":[{"href":"https:\/\/sites.uel.br\/pdi\/wp-json\/wp\/v2\/pages\/315","targetHints":{"allow":["GET"]}}],"collection":[{"href":"https:\/\/sites.uel.br\/pdi\/wp-json\/wp\/v2\/pages"}],"about":[{"href":"https:\/\/sites.uel.br\/pdi\/wp-json\/wp\/v2\/types\/page"}],"author":[{"embeddable":true,"href":"https:\/\/sites.uel.br\/pdi\/wp-json\/wp\/v2\/users\/8"}],"replies":[{"embeddable":true,"href":"https:\/\/sites.uel.br\/pdi\/wp-json\/wp\/v2\/comments?post=315"}],"version-history":[{"count":3,"href":"https:\/\/sites.uel.br\/pdi\/wp-json\/wp\/v2\/pages\/315\/revisions"}],"predecessor-version":[{"id":1254,"href":"https:\/\/sites.uel.br\/pdi\/wp-json\/wp\/v2\/pages\/315\/revisions\/1254"}],"wp:attachment":[{"href":"https:\/\/sites.uel.br\/pdi\/wp-json\/wp\/v2\/media?parent=315"}],"curies":[{"name":"wp","href":"https:\/\/api.w.org\/{rel}","templated":true}]}}