{"id":291,"date":"2022-09-07T17:46:53","date_gmt":"2022-09-07T20:46:53","guid":{"rendered":"https:\/\/sites.uel.br\/pdi\/?page_id=291"},"modified":"2022-10-17T12:21:26","modified_gmt":"2022-10-17T15:21:26","slug":"convenio-internacional-incentiva-transferencia-de-tecnologia-para-agricultura-sustentavel","status":"publish","type":"page","link":"https:\/\/sites.uel.br\/pdi\/convenio-internacional-incentiva-transferencia-de-tecnologia-para-agricultura-sustentavel\/","title":{"rendered":"<strong>Conv\u00eanio Internacional Incentiva Transfer\u00eancia de Tecnologia para Agricultura Sustent\u00e1vel<\/strong>"},"content":{"rendered":"\n<p class=\"has-white-color has-text-color\">.<\/p>\n\n\n\n<p>A UEL e a empresa Sandai, com sede na prov\u00edncia de Hyogo, no Jap\u00e3o, formalizaram, nesta ter\u00e7a-feira (14), um protocolo de inten\u00e7\u00f5es que tem o objetivo de promover o interc\u00e2mbio de informa\u00e7\u00f5es, recursos humanos, transfer\u00eancia de tecnologia e desenvolvimento de pesquisas com foco na agricultura sustent\u00e1vel. O conv\u00eanio foi assinado nesta manh\u00e3 pela reitora, Marta Favaro, durante uma cerim\u00f4nia realizada na Sala dos Conselhos, no Campus da UEL, com a participa\u00e7\u00e3o virtual do diretor-presidente da Sandai, Tadahiro Yoshii, e da coordenadora de Ensino Superior da Superintend\u00eancia de Ensino Superior, Ci\u00eancia e Tecnologia (SETI), Gisele Miyoko Onuki.<\/p>\n\n\n\n<p>O conv\u00eanio prev\u00ea o desenvolvimento de tecnologia para a Rede Morangos do Brasil, que envolve pesquisadores e agricultores da cadeia produtiva. A rede foi institu\u00edda no ano passado, por meio de um Memorando de Entendimento entre institui\u00e7\u00f5es de v\u00e1rios estados \u2013 Paran\u00e1, S\u00e3o Paulo, Minas Gerais, Esp\u00edrito Santo e Santa Catarina \u2013 para a redu\u00e7\u00e3o de custos, aumento da produtividade e qualidade da fruta.<\/p>\n\n\n\n<p>Segundo a reitora, a parceria dever\u00e1 fazer a diferen\u00e7a no desenvolvimento de t\u00e9cnicas sustent\u00e1veis aplicadas \u00e0 cultura do morango. Durante sua a fala, Marta refor\u00e7ou que a presta\u00e7\u00e3o de servi\u00e7os \u00e0 comunidade sempre foi um dos pilares da Universidade. Ela lembrou tamb\u00e9m que o acordo estabelecido entre a UEL e a empresa Sandai \u00e9 resultado da longa hist\u00f3ria de parceria e de acordo internacional entre o Brasil e o Jap\u00e3o.<\/p>\n\n\n\n<p>O diretor-presidente da Sandai, Tadahiro Yoshii, destacou que, embora geograficamente distantes, os dois pa\u00edses podem utilizar ferramentas tecnol\u00f3gicas para se aproximar e atingir objetivos comuns. Sobre o acordo entre a UEL e a empresa, o executivo afirmou que o trabalho pode evoluir para outras culturas, al\u00e9m do morango, considerando a demanda de alimentos no mercado mundial.<\/p>\n\n\n\n<p>A coordenadora de Ensino Superior da SETI, Gisele Onuki, destacou que o conv\u00eanio teve origem no ano passado por meio do interesse manifestado por pesquisadores do Sistema de Ensino Superior do Paran\u00e1 e o Consulado do Jap\u00e3o. Ela afirmou que o acordo internacional poder\u00e1 trazer dividendos importantes para o Paran\u00e1, para originar outros projetos posteriormente.<\/p>\n\n\n\n<p>O professor Juliano Tadeu Vilela Resende, do Departamento de Agronomia, do Centro de Ci\u00eancias Agr\u00e1rias (CCA), um dos coordenadores da Rede Morangos, enfatizou que o conv\u00eanio vai fortalecer a agricultura sustent\u00e1vel, importante para o desenvolvimento do setor. Ele explicou que o Brasil, hoje, embora seja um dos maiores exportadores de alimentos do mundo, tem apenas 13% de seu territ\u00f3rio ocupado com agricultura e 23% do total com pastagens. \u201cExiste uma grande \u00e1rea para expans\u00e3o, mas precisamos fazer isso de forma planejada, com t\u00e9cnicas sustent\u00e1veis\u201d, destacou.<\/p>\n\n\n\n<p>O Paran\u00e1, juntamente com S\u00e3o Paulo, Minas Gerais, Esp\u00edrito Santo e Santa Catarina, responde por cerca de 80% da produ\u00e7\u00e3o de morangos no Brasil. A Rede Morangos busca fomentar a produ\u00e7\u00e3o nacional, desenvolvendo cultivares com potencial produtivo e de f\u00e1cil adapta\u00e7\u00e3o \u00e0s diferentes regi\u00f5es. Entre as a\u00e7\u00f5es previstas, est\u00e3o melhoramento gen\u00e9tico; produ\u00e7\u00e3o de mudas; nutri\u00e7\u00e3o de plantas; fitossanidade (preven\u00e7\u00e3o de doen\u00e7as e pragas); p\u00f3s-colheita e gest\u00e3o da cadeia produtiva (produ\u00e7\u00e3o e comercializa\u00e7\u00e3o).<\/p>\n\n\n\n<p>O Brasil n\u00e3o disp\u00f5e de programas de melhoramento gen\u00e9tico da atividade produtiva, o que acaba gerando depend\u00eancia de outros pa\u00edses. A \u00e1rea plantada de morangos \u00e9 de 6 mil hectares e a produ\u00e7\u00e3o alcan\u00e7a a marca de 250 mil toneladas. Al\u00e9m dos cinco estados que integram a rede, a produ\u00e7\u00e3o abrange Rio de Janeiro, Rio Grande do Sul e Distrito Federal, gerando cerca de 150 mil empregos diretos.<\/p>\n\n\n\n<p>Em termos de custo de produ\u00e7\u00e3o, a implanta\u00e7\u00e3o de um hectare de morangos varia entre R$ 50 mil a R$ 150 mil, sendo que as mudas representam cerca de 60% desse valor, dependendo do manejo. Anualmente, o Brasil demanda 200 milh\u00f5es de mudas \u2013 cerca de 150 milh\u00f5es s\u00e3o importadas do Chile, da Argentina e da Espanha \u2013, o que gera um desequil\u00edbrio na balan\u00e7a comercial em torno de R$ 250 milh\u00f5es.Participaram da cerim\u00f4nia o vice-reitor da UEL, Airton Petris; o vereador Eduardo Tominaga; a assessora de Rela\u00e7\u00f5es Internacionais da UEL, Viviane Baggio Furtoso; e a diretora do N\u00facleo de Cultura Japonesa (NECJ), professora Estela Fuzii; Marinno Arthur, representando a Ag\u00eancia de Inova\u00e7\u00e3o Tecnol\u00f3gica (Aintec) da UEL, e Tha\u00eds Artoni Martins, auxiliar de coopera\u00e7\u00e3o internacional da ARI. Tamb\u00e9m estiveram presentes a coordenadora de Rela\u00e7\u00f5es Internacionais da Prov\u00edncia de Hyogo no Brasil, Cristiane Ueta, e o presidente da Associa\u00e7\u00e3o de Interc\u00e2mbio Londrina-Nishinomiya, Lu\u00eds Omoto. A cerim\u00f4nia foi transmitida virtualmente com tradu\u00e7\u00e3o simult\u00e2nea por meio do tradutor int\u00e9rprete Paulo Tsuchiya.<\/p>\n\n\n\n<p class=\"has-white-color has-text-color\">.<\/p>\n\n\n\n<p class=\"has-text-align-center\">O texto est\u00e1 citado na lista de refer\u00eancias como O PEROBAL (2022b).<\/p>\n","protected":false},"excerpt":{"rendered":"<p>. A UEL e a empresa Sandai, com sede na prov\u00edncia de Hyogo, no Jap\u00e3o, formalizaram, nesta ter\u00e7a-feira (14), um protocolo de inten\u00e7\u00f5es que tem o objetivo de promover o interc\u00e2mbio de informa\u00e7\u00f5es, recursos humanos, transfer\u00eancia de tecnologia e desenvolvimento de pesquisas com foco na agricultura sustent\u00e1vel. O conv\u00eanio foi assinado nesta manh\u00e3 pela reitora, [&hellip;]<\/p>\n","protected":false},"author":8,"featured_media":0,"parent":0,"menu_order":0,"comment_status":"closed","ping_status":"closed","template":"","meta":{"footnotes":""},"class_list":["post-291","page","type-page","status-publish","hentry"],"acf":[],"_links":{"self":[{"href":"https:\/\/sites.uel.br\/pdi\/wp-json\/wp\/v2\/pages\/291","targetHints":{"allow":["GET"]}}],"collection":[{"href":"https:\/\/sites.uel.br\/pdi\/wp-json\/wp\/v2\/pages"}],"about":[{"href":"https:\/\/sites.uel.br\/pdi\/wp-json\/wp\/v2\/types\/page"}],"author":[{"embeddable":true,"href":"https:\/\/sites.uel.br\/pdi\/wp-json\/wp\/v2\/users\/8"}],"replies":[{"embeddable":true,"href":"https:\/\/sites.uel.br\/pdi\/wp-json\/wp\/v2\/comments?post=291"}],"version-history":[{"count":4,"href":"https:\/\/sites.uel.br\/pdi\/wp-json\/wp\/v2\/pages\/291\/revisions"}],"predecessor-version":[{"id":1241,"href":"https:\/\/sites.uel.br\/pdi\/wp-json\/wp\/v2\/pages\/291\/revisions\/1241"}],"wp:attachment":[{"href":"https:\/\/sites.uel.br\/pdi\/wp-json\/wp\/v2\/media?parent=291"}],"curies":[{"name":"wp","href":"https:\/\/api.w.org\/{rel}","templated":true}]}}