{"id":2895,"date":"2022-11-13T20:22:55","date_gmt":"2022-11-13T23:22:55","guid":{"rendered":"https:\/\/sites.uel.br\/pdi\/?page_id=2895"},"modified":"2022-11-13T20:22:55","modified_gmt":"2022-11-13T23:22:55","slug":"compartilhamento-de-laboratorios-equipamentos-recursos-humanos-e-capital-intelectual","status":"publish","type":"page","link":"https:\/\/sites.uel.br\/pdi\/compartilhamento-de-laboratorios-equipamentos-recursos-humanos-e-capital-intelectual\/","title":{"rendered":"Compartilhamento de Laborat\u00f3rios, Equipamentos, Recursos Humanos e Capital Intelectual"},"content":{"rendered":"\n<p class=\"has-white-color has-text-color\">.<\/p>\n\n\n\n<p>A Universidade Estadual de Londrina poder\u00e1 compartilhar e\/ou permitir o uso, por terceiros, de laborat\u00f3rios, equipamentos, recursos humanos e capital intelectual, para atividades voltadas \u00e0 PD&amp;I, mediante contrapartida financeira ou n\u00e3o, devendo observar as seguintes diretrizes:<\/p>\n\n\n\n<ul class=\"wp-block-list\">\n<li>Devem ser resguardados os interesses da UEL sobre os direitos de propriedade intelectual envolvidos e gerados conforme cada caso espec\u00edfico.<\/li>\n\n\n\n<li>Dever\u00e1 ser observado o atendimento \u00e0s prioridades, crit\u00e9rios e requisitos aprovados e divulgados pela UEL, observadas as respectivas disponibilidades e assegurada a igualdade de oportunidades aos interessados.<\/li>\n\n\n\n<li>O tr\u00e2mite dos pedidos de compartilhamento, a ser regulado pela Ag\u00eancia de Inova\u00e7\u00e3o, dever\u00e1 prever a anu\u00eancia do Diretor, em se tratando dos Centros de Estudos da UEL e \u00f3rg\u00e3os suplementares e do Pr\u00f3-Reitor de Pesquisa e P\u00f3s-Gradua\u00e7\u00e3o, no caso de laborat\u00f3rios e equipamentos multiusu\u00e1rios, os quais dever\u00e3o justificar os requisitos de conveni\u00eancia e oportunidade de sua decis\u00e3o.<\/li>\n\n\n\n<li>O valor arrecadado dever\u00e1 ser partilhado com as inst\u00e2ncias envolvidas, com os fundos institucionais de pesquisa, ensino e extens\u00e3o e com os programas institucionais de fomento e indu\u00e7\u00e3o \u00e0 inova\u00e7\u00e3o, conforme regulamenta\u00e7\u00e3o interna.<\/li>\n\n\n\n<li>O compartilhamento e a permiss\u00e3o de uso n\u00e3o dever\u00e3o afetar e\/ou prejudicar as atividades regulares e final\u00edsticas da Universidade Estadual de Londrina.<\/li>\n<\/ul>\n","protected":false},"excerpt":{"rendered":"<p>. A Universidade Estadual de Londrina poder\u00e1 compartilhar e\/ou permitir o uso, por terceiros, de laborat\u00f3rios, equipamentos, recursos humanos e capital intelectual, para atividades voltadas \u00e0 PD&amp;I, mediante contrapartida financeira ou n\u00e3o, devendo observar as seguintes diretrizes:<\/p>\n","protected":false},"author":8,"featured_media":0,"parent":0,"menu_order":0,"comment_status":"closed","ping_status":"closed","template":"","meta":{"footnotes":""},"class_list":["post-2895","page","type-page","status-publish","hentry"],"acf":[],"_links":{"self":[{"href":"https:\/\/sites.uel.br\/pdi\/wp-json\/wp\/v2\/pages\/2895","targetHints":{"allow":["GET"]}}],"collection":[{"href":"https:\/\/sites.uel.br\/pdi\/wp-json\/wp\/v2\/pages"}],"about":[{"href":"https:\/\/sites.uel.br\/pdi\/wp-json\/wp\/v2\/types\/page"}],"author":[{"embeddable":true,"href":"https:\/\/sites.uel.br\/pdi\/wp-json\/wp\/v2\/users\/8"}],"replies":[{"embeddable":true,"href":"https:\/\/sites.uel.br\/pdi\/wp-json\/wp\/v2\/comments?post=2895"}],"version-history":[{"count":1,"href":"https:\/\/sites.uel.br\/pdi\/wp-json\/wp\/v2\/pages\/2895\/revisions"}],"predecessor-version":[{"id":2896,"href":"https:\/\/sites.uel.br\/pdi\/wp-json\/wp\/v2\/pages\/2895\/revisions\/2896"}],"wp:attachment":[{"href":"https:\/\/sites.uel.br\/pdi\/wp-json\/wp\/v2\/media?parent=2895"}],"curies":[{"name":"wp","href":"https:\/\/api.w.org\/{rel}","templated":true}]}}

Compartilhamento de Laboratórios, Equipamentos, Recursos Humanos e Capital Intelectual

<p class="has-white-color has-text-color">.</p>



<p>A Universidade Estadual de Londrina poderá compartilhar e/ou permitir o uso, por terceiros, de laboratórios, equipamentos, recursos humanos e capital intelectual, para atividades voltadas à PD&amp;I, mediante contrapartida financeira ou não, devendo observar as seguintes diretrizes:</p>



<ul class="wp-block-list">
<li>Devem ser resguardados os interesses da UEL sobre os direitos de propriedade intelectual envolvidos e gerados conforme cada caso específico.</li>



<li>Deverá ser observado o atendimento às prioridades, critérios e requisitos aprovados e divulgados pela UEL, observadas as respectivas disponibilidades e assegurada a igualdade de oportunidades aos interessados.</li>



<li>O trâmite dos pedidos de compartilhamento, a ser regulado pela Agência de Inovação, deverá prever a anuência do Diretor, em se tratando dos Centros de Estudos da UEL e órgãos suplementares e do Pró-Reitor de Pesquisa e Pós-Graduação, no caso de laboratórios e equipamentos multiusuários, os quais deverão justificar os requisitos de conveniência e oportunidade de sua decisão.</li>



<li>O valor arrecadado deverá ser partilhado com as instâncias envolvidas, com os fundos institucionais de pesquisa, ensino e extensão e com os programas institucionais de fomento e indução à inovação, conforme regulamentação interna.</li>



<li>O compartilhamento e a permissão de uso não deverão afetar e/ou prejudicar as atividades regulares e finalísticas da Universidade Estadual de Londrina.</li>
</ul>

<p>. A Universidade Estadual de Londrina poderá compartilhar e/ou permitir o uso, por terceiros, de laboratórios, equipamentos, recursos humanos e capital intelectual, para atividades voltadas à PD&amp;I, mediante contrapartida financeira ou não, devendo observar as seguintes diretrizes:</p>
