{"id":2893,"date":"2022-11-13T20:21:53","date_gmt":"2022-11-13T23:21:53","guid":{"rendered":"https:\/\/sites.uel.br\/pdi\/?page_id=2893"},"modified":"2022-11-13T20:21:53","modified_gmt":"2022-11-13T23:21:53","slug":"prestacao-de-servico-tecnico-especializado-e-extensao-tecnologica","status":"publish","type":"page","link":"https:\/\/sites.uel.br\/pdi\/prestacao-de-servico-tecnico-especializado-e-extensao-tecnologica\/","title":{"rendered":"Presta\u00e7\u00e3o de Servi\u00e7o T\u00e9cnico Especializado e Extens\u00e3o Tecnol\u00f3gica"},"content":{"rendered":"\n<p class=\"has-text-color\" style=\"color:#fefefe\">.<\/p>\n\n\n\n<p>A Universidade Estadual de Londrina, mediante contrapartida financeira ou n\u00e3o financeira, desde que economicamente mensur\u00e1vel, poder\u00e1 prestar servi\u00e7os t\u00e9cnicos especializados e praticar extens\u00e3o tecnol\u00f3gica de forma compat\u00edvel com seus objetivos nas atividades voltadas \u00e0 inova\u00e7\u00e3o e \u00e0 pesquisa cient\u00edfica e tecnol\u00f3gica no ambiente produtivo e social.<\/p>\n\n\n\n<p>Para fins da Pol\u00edtica de Inova\u00e7\u00e3o da Universidade Estadual de Londrina, considera-se:<\/p>\n\n\n\n<ul class=\"wp-block-list\">\n<li>Servi\u00e7os t\u00e9cnicos especializados: aqueles que envolvam a produ\u00e7\u00e3o de cria\u00e7\u00f5es e novas tecnologias, bem como servi\u00e7os complementares ou instrumentais \u00e0 tecnologia desenvolvida, tais como capacita\u00e7\u00e3o de recursos humanos, medi\u00e7\u00e3o tecnol\u00f3gica, testes, certifica\u00e7\u00f5es, pesquisas, estudos e projetos destinados \u00e0 execu\u00e7\u00e3o da inven\u00e7\u00e3o ou tecnologia e\/ou atividades inerentes ao sistema produtivo.<\/li>\n\n\n\n<li>Extens\u00e3o tecnol\u00f3gica: associa a\u00e7\u00f5es de ensino, pesquisa e extens\u00e3o \u00e0s demandas regionais e locais, apontando caminhos para responder \u00e0s demandas econ\u00f4micas e culturais locais, produzindo conhecimento a partir dos problemas apontados pelas comunidades. Atividade que auxilia no desenvolvimento, no aperfei\u00e7oamento e na difus\u00e3o de solu\u00e7\u00f5es tecnol\u00f3gicas e na sua disponibiliza\u00e7\u00e3o \u00e0 sociedade e ao mercado.<\/li>\n<\/ul>\n\n\n\n<p>A presta\u00e7\u00e3o de servi\u00e7os t\u00e9cnicos especializados e a extens\u00e3o tecnol\u00f3gica devem observar as seguintes diretrizes:<\/p>\n\n\n\n<ul class=\"wp-block-list\">\n<li>Os servi\u00e7os prestados e a extens\u00e3o tecnol\u00f3gica dever\u00e3o ser destinados a atividades voltadas \u00e0 inova\u00e7\u00e3o e \u00e0 pesquisa cient\u00edfica e tecnol\u00f3gica, especialmente em \u00e1reas, temas e tecnologias, produtos e processos que representem complementaridade \u00e0s suas a\u00e7\u00f5es.<\/li>\n\n\n\n<li>A presta\u00e7\u00e3o de servi\u00e7os dever\u00e1 ser autorizada pelo Conselho de Administra\u00e7\u00e3o, no que diz respeito ao seu objeto e valor, considerando os gastos com recursos humanos, infraestrutura, insumos, componente tecnol\u00f3gico, valor de mercado, entre outros, justificando os requisitos de conveni\u00eancia e oportunidade de sua decis\u00e3o, em conson\u00e2ncia com regulamenta\u00e7\u00e3o de \u00e2mbito institucional.<\/li>\n\n\n\n<li>O valor arrecadado com a presta\u00e7\u00e3o de servi\u00e7os t\u00e9cnicos especializados e a extens\u00e3o tecnol\u00f3gica dever\u00e1 ser partilhado com as inst\u00e2ncias envolvidas, com os fundos institucionais de pesquisa, ensino e extens\u00e3o e com os programas institucionais de fomento e indu\u00e7\u00e3o \u00e0 inova\u00e7\u00e3o, conforme regulamenta\u00e7\u00e3o interna.<\/li>\n<\/ul>\n","protected":false},"excerpt":{"rendered":"<p>. A Universidade Estadual de Londrina, mediante contrapartida financeira ou n\u00e3o financeira, desde que economicamente mensur\u00e1vel, poder\u00e1 prestar servi\u00e7os t\u00e9cnicos especializados e praticar extens\u00e3o tecnol\u00f3gica de forma compat\u00edvel com seus objetivos nas atividades voltadas \u00e0 inova\u00e7\u00e3o e \u00e0 pesquisa cient\u00edfica e tecnol\u00f3gica no ambiente produtivo e social. Para fins da Pol\u00edtica de Inova\u00e7\u00e3o da Universidade [&hellip;]<\/p>\n","protected":false},"author":8,"featured_media":0,"parent":0,"menu_order":0,"comment_status":"closed","ping_status":"closed","template":"","meta":{"footnotes":""},"class_list":["post-2893","page","type-page","status-publish","hentry"],"acf":[],"_links":{"self":[{"href":"https:\/\/sites.uel.br\/pdi\/wp-json\/wp\/v2\/pages\/2893","targetHints":{"allow":["GET"]}}],"collection":[{"href":"https:\/\/sites.uel.br\/pdi\/wp-json\/wp\/v2\/pages"}],"about":[{"href":"https:\/\/sites.uel.br\/pdi\/wp-json\/wp\/v2\/types\/page"}],"author":[{"embeddable":true,"href":"https:\/\/sites.uel.br\/pdi\/wp-json\/wp\/v2\/users\/8"}],"replies":[{"embeddable":true,"href":"https:\/\/sites.uel.br\/pdi\/wp-json\/wp\/v2\/comments?post=2893"}],"version-history":[{"count":1,"href":"https:\/\/sites.uel.br\/pdi\/wp-json\/wp\/v2\/pages\/2893\/revisions"}],"predecessor-version":[{"id":2894,"href":"https:\/\/sites.uel.br\/pdi\/wp-json\/wp\/v2\/pages\/2893\/revisions\/2894"}],"wp:attachment":[{"href":"https:\/\/sites.uel.br\/pdi\/wp-json\/wp\/v2\/media?parent=2893"}],"curies":[{"name":"wp","href":"https:\/\/api.w.org\/{rel}","templated":true}]}}

Prestação de Serviço Técnico Especializado e Extensão Tecnológica

<p class="has-text-color" style="color:#fefefe">.</p>



<p>A Universidade Estadual de Londrina, mediante contrapartida financeira ou não financeira, desde que economicamente mensurável, poderá prestar serviços técnicos especializados e praticar extensão tecnológica de forma compatível com seus objetivos nas atividades voltadas à inovação e à pesquisa científica e tecnológica no ambiente produtivo e social.</p>



<p>Para fins da Política de Inovação da Universidade Estadual de Londrina, considera-se:</p>



<ul class="wp-block-list">
<li>Serviços técnicos especializados: aqueles que envolvam a produção de criações e novas tecnologias, bem como serviços complementares ou instrumentais à tecnologia desenvolvida, tais como capacitação de recursos humanos, medição tecnológica, testes, certificações, pesquisas, estudos e projetos destinados à execução da invenção ou tecnologia e/ou atividades inerentes ao sistema produtivo.</li>



<li>Extensão tecnológica: associa ações de ensino, pesquisa e extensão às demandas regionais e locais, apontando caminhos para responder às demandas econômicas e culturais locais, produzindo conhecimento a partir dos problemas apontados pelas comunidades. Atividade que auxilia no desenvolvimento, no aperfeiçoamento e na difusão de soluções tecnológicas e na sua disponibilização à sociedade e ao mercado.</li>
</ul>



<p>A prestação de serviços técnicos especializados e a extensão tecnológica devem observar as seguintes diretrizes:</p>



<ul class="wp-block-list">
<li>Os serviços prestados e a extensão tecnológica deverão ser destinados a atividades voltadas à inovação e à pesquisa científica e tecnológica, especialmente em áreas, temas e tecnologias, produtos e processos que representem complementaridade às suas ações.</li>



<li>A prestação de serviços deverá ser autorizada pelo Conselho de Administração, no que diz respeito ao seu objeto e valor, considerando os gastos com recursos humanos, infraestrutura, insumos, componente tecnológico, valor de mercado, entre outros, justificando os requisitos de conveniência e oportunidade de sua decisão, em consonância com regulamentação de âmbito institucional.</li>



<li>O valor arrecadado com a prestação de serviços técnicos especializados e a extensão tecnológica deverá ser partilhado com as instâncias envolvidas, com os fundos institucionais de pesquisa, ensino e extensão e com os programas institucionais de fomento e indução à inovação, conforme regulamentação interna.</li>
</ul>

<p>. A Universidade Estadual de Londrina, mediante contrapartida financeira ou não financeira, desde que economicamente mensurável, poderá prestar serviços técnicos especializados e praticar extensão tecnológica de forma compatível com seus objetivos nas atividades voltadas à inovação e à pesquisa científica e tecnológica no ambiente produtivo e social. Para fins da Política de Inovação da Universidade [&hellip;]</p>
