{"id":2891,"date":"2022-11-13T20:15:51","date_gmt":"2022-11-13T23:15:51","guid":{"rendered":"https:\/\/sites.uel.br\/pdi\/?page_id=2891"},"modified":"2022-11-13T20:15:51","modified_gmt":"2022-11-13T23:15:51","slug":"incentivo-ao-empreendedorismo","status":"publish","type":"page","link":"https:\/\/sites.uel.br\/pdi\/incentivo-ao-empreendedorismo\/","title":{"rendered":"Incentivo ao Empreendedorismo"},"content":{"rendered":"\n<p class=\"has-white-color has-text-color\">.<\/p>\n\n\n\n<p>A promo\u00e7\u00e3o do empreendedorismo cient\u00edfico e tecnol\u00f3gico ser\u00e1 orientada pelos seguintes objetivos:<\/p>\n\n\n\n<ul class=\"wp-block-list\">\n<li>Fomentar o empreendedorismo acad\u00eamico, estabelecendo modelos de gest\u00e3o que apoiem tais iniciativas, em parcerias com \u00f3rg\u00e3os p\u00fablicos e privados.<\/li>\n\n\n\n<li>Fomentar mecanismos promotores de empreendimentos inovadores e apoiar a gera\u00e7\u00e3o de t\u00e9cnicas eficazes derivadas de produtos, de processos, m\u00e9todos e teorias consolidadas.<\/li>\n\n\n\n<li>Apoiar os ambientes promotores de inova\u00e7\u00e3o como incubadora, aceleradora, parque tecnol\u00f3gico ou que possam surgir, institucional ou em parceria com outras ICTs ou institui\u00e7\u00f5es do terceiro setor.<\/li>\n\n\n\n<li>Orientar a\u00e7\u00f5es institucionais de capacita\u00e7\u00e3o de recursos humanos em empreendedorismo, gest\u00e3o de inova\u00e7\u00e3o, transfer\u00eancia de tecnologia e propriedade intelectual em cursos de gradua\u00e7\u00e3o e p\u00f3s-gradua\u00e7\u00e3o, de forma\u00e7\u00e3o transversal complementar, incentivando parceria com outras institui\u00e7\u00f5es.<\/li>\n\n\n\n<li>Fortalecer a cadeia de inova\u00e7\u00e3o, promovendo a articula\u00e7\u00e3o entre as diferentes inst\u00e2ncias para viabilizar o desenvolvimento e difus\u00e3o de solu\u00e7\u00f5es inovadoras.<\/li>\n\n\n\n<li>Organizar e gerir as iniciativas e processos espec\u00edficos para promover o empreendedorismo, de forma simplificada e em conson\u00e2ncia com regulamenta\u00e7\u00e3o no \u00e2mbito institucional.<\/li>\n\n\n\n<li>Apoiar os inventores independentes, nos termos da legisla\u00e7\u00e3o aplic\u00e1vel, desde que seja identificado que a cria\u00e7\u00e3o do inventor possui afinidade com as \u00e1reas final\u00edsticas da Universidade e o apoio institucional seja relevante para garantir o atendimento aos princ\u00edpios e diretrizes previstos na Pol\u00edtica de Inova\u00e7\u00e3o da Universidade Estadual de Londrina.<\/li>\n<\/ul>\n","protected":false},"excerpt":{"rendered":"<p>. A promo\u00e7\u00e3o do empreendedorismo cient\u00edfico e tecnol\u00f3gico ser\u00e1 orientada pelos seguintes objetivos:<\/p>\n","protected":false},"author":8,"featured_media":0,"parent":0,"menu_order":0,"comment_status":"closed","ping_status":"closed","template":"","meta":{"footnotes":""},"class_list":["post-2891","page","type-page","status-publish","hentry"],"acf":[],"_links":{"self":[{"href":"https:\/\/sites.uel.br\/pdi\/wp-json\/wp\/v2\/pages\/2891","targetHints":{"allow":["GET"]}}],"collection":[{"href":"https:\/\/sites.uel.br\/pdi\/wp-json\/wp\/v2\/pages"}],"about":[{"href":"https:\/\/sites.uel.br\/pdi\/wp-json\/wp\/v2\/types\/page"}],"author":[{"embeddable":true,"href":"https:\/\/sites.uel.br\/pdi\/wp-json\/wp\/v2\/users\/8"}],"replies":[{"embeddable":true,"href":"https:\/\/sites.uel.br\/pdi\/wp-json\/wp\/v2\/comments?post=2891"}],"version-history":[{"count":1,"href":"https:\/\/sites.uel.br\/pdi\/wp-json\/wp\/v2\/pages\/2891\/revisions"}],"predecessor-version":[{"id":2892,"href":"https:\/\/sites.uel.br\/pdi\/wp-json\/wp\/v2\/pages\/2891\/revisions\/2892"}],"wp:attachment":[{"href":"https:\/\/sites.uel.br\/pdi\/wp-json\/wp\/v2\/media?parent=2891"}],"curies":[{"name":"wp","href":"https:\/\/api.w.org\/{rel}","templated":true}]}}