{"id":2883,"date":"2022-11-13T20:10:16","date_gmt":"2022-11-13T23:10:16","guid":{"rendered":"https:\/\/sites.uel.br\/pdi\/?page_id=2883"},"modified":"2022-11-13T20:10:16","modified_gmt":"2022-11-13T23:10:16","slug":"diretrizes","status":"publish","type":"page","link":"https:\/\/sites.uel.br\/pdi\/diretrizes\/","title":{"rendered":"Diretrizes"},"content":{"rendered":"\n<p class=\"has-text-color\" style=\"color:#fefefe\">.<\/p>\n\n\n\n<p>S\u00e3o diretrizes da Pol\u00edtica de Inova\u00e7\u00e3o da Universidade Estadual de Londrina:<\/p>\n\n\n\n<ul class=\"wp-block-list\">\n<li>Atua\u00e7\u00e3o institucional em intera\u00e7\u00e3o com o ambiente produtivo local, regional, nacional e internacional.<\/li>\n\n\n\n<li>Fomentar e promover o desenvolvimento, a difus\u00e3o e a divulga\u00e7\u00e3o de tecnologias sociais.<\/li>\n\n\n\n<li>Promover o fortalecimento da extens\u00e3o tecnol\u00f3gica para a inclus\u00e3o produtiva e social.<\/li>\n\n\n\n<li>Fomentar a simplifica\u00e7\u00e3o de procedimentos para gest\u00e3o de projetos de ci\u00eancia, tecnologia e inova\u00e7\u00e3o.<\/li>\n\n\n\n<li>Promo\u00e7\u00e3o ao Empreendedorismo Cient\u00edfico e Tecnol\u00f3gico, de Gest\u00e3o de Incubadoras e de Participa\u00e7\u00e3o no Capital Social de empresas.<\/li>\n\n\n\n<li>Presta\u00e7\u00e3o de Servi\u00e7os T\u00e9cnicos Especializados e Extens\u00e3o Tecnol\u00f3gica.<\/li>\n\n\n\n<li>Compartilhamento e permiss\u00e3o de uso por terceiros, de laborat\u00f3rios, equipamentos, recursos humanos e capital intelectual.<\/li>\n\n\n\n<li>Institucionaliza\u00e7\u00e3o e gest\u00e3o do N\u00facleo de Inova\u00e7\u00e3o Tecnol\u00f3gica.<\/li>\n\n\n\n<li>Gest\u00e3o da Propriedade Intelectual e Transfer\u00eancia de Tecnologia, possibilitando a transfer\u00eancia de tecnologias e o licenciamento de cria\u00e7\u00f5es para empresas, pessoas f\u00edsicas e terceiro setor.<\/li>\n\n\n\n<li>Estabelecimento de parcerias para PD&amp;I com empresas.<\/li>\n\n\n\n<li>Estabelecimento de parcerias para desenvolvimento de tecnologias com criadores e inventores independentes, institui\u00e7\u00f5es p\u00fablicas e privadas, inclusive do terceiro setor.<\/li>\n\n\n\n<li>Promo\u00e7\u00e3o de a\u00e7\u00f5es institucionais de capacita\u00e7\u00e3o de recursos humanos em empreendedorismo, gest\u00e3o da inova\u00e7\u00e3o, propriedade intelectual e transfer\u00eancia de tecnologia.<\/li>\n<\/ul>\n","protected":false},"excerpt":{"rendered":"<p>. S\u00e3o diretrizes da Pol\u00edtica de Inova\u00e7\u00e3o da Universidade Estadual de Londrina:<\/p>\n","protected":false},"author":8,"featured_media":0,"parent":0,"menu_order":0,"comment_status":"closed","ping_status":"closed","template":"","meta":{"footnotes":""},"class_list":["post-2883","page","type-page","status-publish","hentry"],"acf":[],"_links":{"self":[{"href":"https:\/\/sites.uel.br\/pdi\/wp-json\/wp\/v2\/pages\/2883","targetHints":{"allow":["GET"]}}],"collection":[{"href":"https:\/\/sites.uel.br\/pdi\/wp-json\/wp\/v2\/pages"}],"about":[{"href":"https:\/\/sites.uel.br\/pdi\/wp-json\/wp\/v2\/types\/page"}],"author":[{"embeddable":true,"href":"https:\/\/sites.uel.br\/pdi\/wp-json\/wp\/v2\/users\/8"}],"replies":[{"embeddable":true,"href":"https:\/\/sites.uel.br\/pdi\/wp-json\/wp\/v2\/comments?post=2883"}],"version-history":[{"count":1,"href":"https:\/\/sites.uel.br\/pdi\/wp-json\/wp\/v2\/pages\/2883\/revisions"}],"predecessor-version":[{"id":2884,"href":"https:\/\/sites.uel.br\/pdi\/wp-json\/wp\/v2\/pages\/2883\/revisions\/2884"}],"wp:attachment":[{"href":"https:\/\/sites.uel.br\/pdi\/wp-json\/wp\/v2\/media?parent=2883"}],"curies":[{"name":"wp","href":"https:\/\/api.w.org\/{rel}","templated":true}]}}

<p class="has-text-color" style="color:#fefefe">.</p>



<p>São diretrizes da Política de Inovação da Universidade Estadual de Londrina:</p>



<ul class="wp-block-list">
<li>Atuação institucional em interação com o ambiente produtivo local, regional, nacional e internacional.</li>



<li>Fomentar e promover o desenvolvimento, a difusão e a divulgação de tecnologias sociais.</li>



<li>Promover o fortalecimento da extensão tecnológica para a inclusão produtiva e social.</li>



<li>Fomentar a simplificação de procedimentos para gestão de projetos de ciência, tecnologia e inovação.</li>



<li>Promoção ao Empreendedorismo Científico e Tecnológico, de Gestão de Incubadoras e de Participação no Capital Social de empresas.</li>



<li>Prestação de Serviços Técnicos Especializados e Extensão Tecnológica.</li>



<li>Compartilhamento e permissão de uso por terceiros, de laboratórios, equipamentos, recursos humanos e capital intelectual.</li>



<li>Institucionalização e gestão do Núcleo de Inovação Tecnológica.</li>



<li>Gestão da Propriedade Intelectual e Transferência de Tecnologia, possibilitando a transferência de tecnologias e o licenciamento de criações para empresas, pessoas físicas e terceiro setor.</li>



<li>Estabelecimento de parcerias para PD&amp;I com empresas.</li>



<li>Estabelecimento de parcerias para desenvolvimento de tecnologias com criadores e inventores independentes, instituições públicas e privadas, inclusive do terceiro setor.</li>



<li>Promoção de ações institucionais de capacitação de recursos humanos em empreendedorismo, gestão da inovação, propriedade intelectual e transferência de tecnologia.</li>
</ul>

<p>. São diretrizes da Política de Inovação da Universidade Estadual de Londrina:</p>
