{"id":2877,"date":"2022-11-13T20:07:23","date_gmt":"2022-11-13T23:07:23","guid":{"rendered":"https:\/\/sites.uel.br\/pdi\/?page_id=2877"},"modified":"2022-11-13T20:07:23","modified_gmt":"2022-11-13T23:07:23","slug":"disposicoes-gerais-3","status":"publish","type":"page","link":"https:\/\/sites.uel.br\/pdi\/disposicoes-gerais-3\/","title":{"rendered":"Disposi\u00e7\u00f5es Gerais"},"content":{"rendered":"\n<p class=\"has-white-color has-text-color\">.<\/p>\n\n\n\n<p>A Pol\u00edtica de Inova\u00e7\u00e3o da Universidade Estadual de Londrina, al\u00e9m de servir \u00e0 pr\u00f3pria Universidade, se destina aos atores p\u00fablicos ou privados, pessoa f\u00edsica ou jur\u00eddica, que firmem rela\u00e7\u00e3o com a Institui\u00e7\u00e3o no campo da ci\u00eancia, tecnologia e inova\u00e7\u00e3o. Sua aplica\u00e7\u00e3o e seus efeitos devem alcan\u00e7ar todas as rela\u00e7\u00f5es e pr\u00e1ticas de suas atividades fundamentais e indissoci\u00e1veis (ensino, pesquisa e extens\u00e3o), aos organismos, entidades e funda\u00e7\u00f5es que possuam papel no apoio das pol\u00edticas e projetos institucionais.<\/p>\n\n\n\n<ul class=\"wp-block-list\">\n<li>No \u00e2mbito da Universidade Estadual de Londrina a Pol\u00edtica de Inova\u00e7\u00e3o \u00e9 coordenada pelo NIT, representado pela Ag\u00eancia de Inova\u00e7\u00e3o AINTEC, institu\u00edda pela Resolu\u00e7\u00e3o CU 65\/2008, com o Regimento Interno aprovado pela Resolu\u00e7\u00e3o CU 34\/2017 e vinculada ao Gabinete da Reitoria.<\/li>\n<\/ul>\n","protected":false},"excerpt":{"rendered":"<p>. A Pol\u00edtica de Inova\u00e7\u00e3o da Universidade Estadual de Londrina, al\u00e9m de servir \u00e0 pr\u00f3pria Universidade, se destina aos atores p\u00fablicos ou privados, pessoa f\u00edsica ou jur\u00eddica, que firmem rela\u00e7\u00e3o com a Institui\u00e7\u00e3o no campo da ci\u00eancia, tecnologia e inova\u00e7\u00e3o. Sua aplica\u00e7\u00e3o e seus efeitos devem alcan\u00e7ar todas as rela\u00e7\u00f5es e pr\u00e1ticas de suas atividades [&hellip;]<\/p>\n","protected":false},"author":8,"featured_media":0,"parent":0,"menu_order":0,"comment_status":"closed","ping_status":"closed","template":"","meta":{"footnotes":""},"class_list":["post-2877","page","type-page","status-publish","hentry"],"acf":[],"_links":{"self":[{"href":"https:\/\/sites.uel.br\/pdi\/wp-json\/wp\/v2\/pages\/2877","targetHints":{"allow":["GET"]}}],"collection":[{"href":"https:\/\/sites.uel.br\/pdi\/wp-json\/wp\/v2\/pages"}],"about":[{"href":"https:\/\/sites.uel.br\/pdi\/wp-json\/wp\/v2\/types\/page"}],"author":[{"embeddable":true,"href":"https:\/\/sites.uel.br\/pdi\/wp-json\/wp\/v2\/users\/8"}],"replies":[{"embeddable":true,"href":"https:\/\/sites.uel.br\/pdi\/wp-json\/wp\/v2\/comments?post=2877"}],"version-history":[{"count":1,"href":"https:\/\/sites.uel.br\/pdi\/wp-json\/wp\/v2\/pages\/2877\/revisions"}],"predecessor-version":[{"id":2878,"href":"https:\/\/sites.uel.br\/pdi\/wp-json\/wp\/v2\/pages\/2877\/revisions\/2878"}],"wp:attachment":[{"href":"https:\/\/sites.uel.br\/pdi\/wp-json\/wp\/v2\/media?parent=2877"}],"curies":[{"name":"wp","href":"https:\/\/api.w.org\/{rel}","templated":true}]}}

Disposições Gerais

<p class="has-white-color has-text-color">.</p>



<p>A Política de Inovação da Universidade Estadual de Londrina, além de servir à própria Universidade, se destina aos atores públicos ou privados, pessoa física ou jurídica, que firmem relação com a Instituição no campo da ciência, tecnologia e inovação. Sua aplicação e seus efeitos devem alcançar todas as relações e práticas de suas atividades fundamentais e indissociáveis (ensino, pesquisa e extensão), aos organismos, entidades e fundações que possuam papel no apoio das políticas e projetos institucionais.</p>



<ul class="wp-block-list">
<li>No âmbito da Universidade Estadual de Londrina a Política de Inovação é coordenada pelo NIT, representado pela Agência de Inovação AINTEC, instituída pela Resolução CU 65/2008, com o Regimento Interno aprovado pela Resolução CU 34/2017 e vinculada ao Gabinete da Reitoria.</li>
</ul>

<p>. A Política de Inovação da Universidade Estadual de Londrina, além de servir à própria Universidade, se destina aos atores públicos ou privados, pessoa física ou jurídica, que firmem relação com a Instituição no campo da ciência, tecnologia e inovação. Sua aplicação e seus efeitos devem alcançar todas as relações e práticas de suas atividades [&hellip;]</p>
