{"id":2870,"date":"2022-11-13T18:07:00","date_gmt":"2022-11-13T21:07:00","guid":{"rendered":"https:\/\/sites.uel.br\/pdi\/?page_id=2870"},"modified":"2022-11-13T18:07:00","modified_gmt":"2022-11-13T21:07:00","slug":"projeto-de-extensao","status":"publish","type":"page","link":"https:\/\/sites.uel.br\/pdi\/projeto-de-extensao\/","title":{"rendered":"Projeto de Extens\u00e3o"},"content":{"rendered":"\n<p class=\"has-white-color has-text-color\">.<\/p>\n\n\n\n<p>O Projeto de Extens\u00e3o compreende um conjunto de atividades tempor\u00e1rias de car\u00e1ter educativo, cultural e cient\u00edfico desenvolvidas obrigatoriamente por docentes e discentes, que articule o Ensino e a Pesquisa de forma indissoci\u00e1vel e viabilize a rela\u00e7\u00e3o transformadora entre Universidade e Sociedade.<\/p>\n\n\n\n<p>A partir dos Projetos de Extens\u00e3o, a Universidade Estadual de Londrina pretende atender os seguintes objetivos:<\/p>\n\n\n\n<ul class=\"wp-block-list\">\n<li>articular o ensino e pesquisa \u00e0s necessidades da sociedade;<\/li>\n\n\n\n<li>contribuir para a reflex\u00e3o cr\u00edtica e an\u00e1lise das concep\u00e7\u00f5es pr\u00e1ticas curriculares vigentes;<\/li>\n\n\n\n<li>possibilitar aos acad\u00eamicos, atrav\u00e9s da experi\u00eancia de a\u00e7\u00f5es extensionistas, subs\u00eddios \u00e0 pr\u00e1tica profissional que contribuam para a forma\u00e7\u00e3o de sua consci\u00eancia social e pol\u00edtica;<\/li>\n\n\n\n<li>estabelecer um fluxo bidirecional entre conhecimento acad\u00eamico e popular, visando a produ\u00e7\u00e3o e socializa\u00e7\u00e3o do conhecimento;<\/li>\n\n\n\n<li>promover a\u00e7\u00f5es de apoio e est\u00edmulo \u00e0 organiza\u00e7\u00e3o, participa\u00e7\u00e3o e desenvolvimento da sociedade, a partir dos subs\u00eddios oriundos de uma conviv\u00eancia cr\u00edtica e reflexiva com a mesma.<\/li>\n<\/ul>\n","protected":false},"excerpt":{"rendered":"<p>. O Projeto de Extens\u00e3o compreende um conjunto de atividades tempor\u00e1rias de car\u00e1ter educativo, cultural e cient\u00edfico desenvolvidas obrigatoriamente por docentes e discentes, que articule o Ensino e a Pesquisa de forma indissoci\u00e1vel e viabilize a rela\u00e7\u00e3o transformadora entre Universidade e Sociedade. A partir dos Projetos de Extens\u00e3o, a Universidade Estadual de Londrina pretende atender [&hellip;]<\/p>\n","protected":false},"author":8,"featured_media":0,"parent":0,"menu_order":0,"comment_status":"closed","ping_status":"closed","template":"","meta":{"footnotes":""},"class_list":["post-2870","page","type-page","status-publish","hentry"],"acf":[],"_links":{"self":[{"href":"https:\/\/sites.uel.br\/pdi\/wp-json\/wp\/v2\/pages\/2870","targetHints":{"allow":["GET"]}}],"collection":[{"href":"https:\/\/sites.uel.br\/pdi\/wp-json\/wp\/v2\/pages"}],"about":[{"href":"https:\/\/sites.uel.br\/pdi\/wp-json\/wp\/v2\/types\/page"}],"author":[{"embeddable":true,"href":"https:\/\/sites.uel.br\/pdi\/wp-json\/wp\/v2\/users\/8"}],"replies":[{"embeddable":true,"href":"https:\/\/sites.uel.br\/pdi\/wp-json\/wp\/v2\/comments?post=2870"}],"version-history":[{"count":1,"href":"https:\/\/sites.uel.br\/pdi\/wp-json\/wp\/v2\/pages\/2870\/revisions"}],"predecessor-version":[{"id":2871,"href":"https:\/\/sites.uel.br\/pdi\/wp-json\/wp\/v2\/pages\/2870\/revisions\/2871"}],"wp:attachment":[{"href":"https:\/\/sites.uel.br\/pdi\/wp-json\/wp\/v2\/media?parent=2870"}],"curies":[{"name":"wp","href":"https:\/\/api.w.org\/{rel}","templated":true}]}}

Projeto de Extensão

<p class="has-white-color has-text-color">.</p>



<p>O Projeto de Extensão compreende um conjunto de atividades temporárias de caráter educativo, cultural e científico desenvolvidas obrigatoriamente por docentes e discentes, que articule o Ensino e a Pesquisa de forma indissociável e viabilize a relação transformadora entre Universidade e Sociedade.</p>



<p>A partir dos Projetos de Extensão, a Universidade Estadual de Londrina pretende atender os seguintes objetivos:</p>



<ul class="wp-block-list">
<li>articular o ensino e pesquisa às necessidades da sociedade;</li>



<li>contribuir para a reflexão crítica e análise das concepções práticas curriculares vigentes;</li>



<li>possibilitar aos acadêmicos, através da experiência de ações extensionistas, subsídios à prática profissional que contribuam para a formação de sua consciência social e política;</li>



<li>estabelecer um fluxo bidirecional entre conhecimento acadêmico e popular, visando a produção e socialização do conhecimento;</li>



<li>promover ações de apoio e estímulo à organização, participação e desenvolvimento da sociedade, a partir dos subsídios oriundos de uma convivência crítica e reflexiva com a mesma.</li>
</ul>

<p>. O Projeto de Extensão compreende um conjunto de atividades temporárias de caráter educativo, cultural e científico desenvolvidas obrigatoriamente por docentes e discentes, que articule o Ensino e a Pesquisa de forma indissociável e viabilize a relação transformadora entre Universidade e Sociedade. A partir dos Projetos de Extensão, a Universidade Estadual de Londrina pretende atender [&hellip;]</p>
