{"id":2866,"date":"2022-11-13T18:03:07","date_gmt":"2022-11-13T21:03:07","guid":{"rendered":"https:\/\/sites.uel.br\/pdi\/?page_id=2866"},"modified":"2022-11-13T18:03:07","modified_gmt":"2022-11-13T21:03:07","slug":"disposicoes-gerais-2","status":"publish","type":"page","link":"https:\/\/sites.uel.br\/pdi\/disposicoes-gerais-2\/","title":{"rendered":"Disposi\u00e7\u00f5es Gerais"},"content":{"rendered":"\n<p class=\"has-text-color\" style=\"color:#fefefe\">.<\/p>\n\n\n\n<p>A Extens\u00e3o \u00e9 uma das dimens\u00f5es que comp\u00f5e a sele\u00e7\u00e3o, avalia\u00e7\u00e3o, treimamento e promo\u00e7\u00e3o de docentes, motivo pelo qual todos os documentos e normativas da UEL (PDI, PPI, PPCs, Estatuto, Regimento, Resolu\u00e7\u00f5es, dentre outros) dever\u00e3o ser atualizados e alinhados \u00e0 pol\u00edtica estabelecida na Resolu\u00e7\u00e3o N\u00ba 089\/2019, em especial:<\/p>\n\n\n\n<ul class=\"wp-block-list\">\n<li>a concep\u00e7\u00e3o da Extens\u00e3o como um processo interdisciplinar, pol\u00edtico educacional, social, cultural, cient\u00edfico, tecnol\u00f3gico, de inova\u00e7\u00e3o, e que promove a intera\u00e7\u00e3o transformadora entre a UEL e os outros setores da sociedade, por meio do processo pedag\u00f3gico participativo da produ\u00e7\u00e3o e da aplica\u00e7\u00e3o do conhecimento;<\/li>\n\n\n\n<li>o planejamento e as atividades institucionais da Extens\u00e3o;<\/li>\n\n\n\n<li>a forma de registro a ser aplicada, descrita por modalidade de atividade de Extens\u00e3o;<\/li>\n\n\n\n<li>as estrat\u00e9gias de Credita\u00e7\u00e3o Curricular da Extens\u00e3o e de participa\u00e7\u00e3o dos estudantes nas a\u00e7\u00f5es de Extens\u00e3o;<\/li>\n\n\n\n<li>a pol\u00edtica de implanta\u00e7\u00e3o do processo de autoavalia\u00e7\u00e3o da Extens\u00e3o, incluindo estrat\u00e9gias e indicadores adequados para o cumprimento dessa demanda institucional;<\/li>\n\n\n\n<li>a previs\u00e3o e as estrat\u00e9gias de financiamento das atividades de Extens\u00e3o.<\/li>\n<\/ul>\n","protected":false},"excerpt":{"rendered":"<p>. A Extens\u00e3o \u00e9 uma das dimens\u00f5es que comp\u00f5e a sele\u00e7\u00e3o, avalia\u00e7\u00e3o, treimamento e promo\u00e7\u00e3o de docentes, motivo pelo qual todos os documentos e normativas da UEL (PDI, PPI, PPCs, Estatuto, Regimento, Resolu\u00e7\u00f5es, dentre outros) dever\u00e3o ser atualizados e alinhados \u00e0 pol\u00edtica estabelecida na Resolu\u00e7\u00e3o N\u00ba 089\/2019, em especial:<\/p>\n","protected":false},"author":8,"featured_media":0,"parent":0,"menu_order":0,"comment_status":"closed","ping_status":"closed","template":"","meta":{"footnotes":""},"class_list":["post-2866","page","type-page","status-publish","hentry"],"acf":[],"_links":{"self":[{"href":"https:\/\/sites.uel.br\/pdi\/wp-json\/wp\/v2\/pages\/2866","targetHints":{"allow":["GET"]}}],"collection":[{"href":"https:\/\/sites.uel.br\/pdi\/wp-json\/wp\/v2\/pages"}],"about":[{"href":"https:\/\/sites.uel.br\/pdi\/wp-json\/wp\/v2\/types\/page"}],"author":[{"embeddable":true,"href":"https:\/\/sites.uel.br\/pdi\/wp-json\/wp\/v2\/users\/8"}],"replies":[{"embeddable":true,"href":"https:\/\/sites.uel.br\/pdi\/wp-json\/wp\/v2\/comments?post=2866"}],"version-history":[{"count":1,"href":"https:\/\/sites.uel.br\/pdi\/wp-json\/wp\/v2\/pages\/2866\/revisions"}],"predecessor-version":[{"id":2867,"href":"https:\/\/sites.uel.br\/pdi\/wp-json\/wp\/v2\/pages\/2866\/revisions\/2867"}],"wp:attachment":[{"href":"https:\/\/sites.uel.br\/pdi\/wp-json\/wp\/v2\/media?parent=2866"}],"curies":[{"name":"wp","href":"https:\/\/api.w.org\/{rel}","templated":true}]}}

Disposições Gerais

<p class="has-text-color" style="color:#fefefe">.</p>



<p>A Extensão é uma das dimensões que compõe a seleção, avaliação, treimamento e promoção de docentes, motivo pelo qual todos os documentos e normativas da UEL (PDI, PPI, PPCs, Estatuto, Regimento, Resoluções, dentre outros) deverão ser atualizados e alinhados à política estabelecida na Resolução Nº 089/2019, em especial:</p>



<ul class="wp-block-list">
<li>a concepção da Extensão como um processo interdisciplinar, político educacional, social, cultural, científico, tecnológico, de inovação, e que promove a interação transformadora entre a UEL e os outros setores da sociedade, por meio do processo pedagógico participativo da produção e da aplicação do conhecimento;</li>



<li>o planejamento e as atividades institucionais da Extensão;</li>



<li>a forma de registro a ser aplicada, descrita por modalidade de atividade de Extensão;</li>



<li>as estratégias de Creditação Curricular da Extensão e de participação dos estudantes nas ações de Extensão;</li>



<li>a política de implantação do processo de autoavaliação da Extensão, incluindo estratégias e indicadores adequados para o cumprimento dessa demanda institucional;</li>



<li>a previsão e as estratégias de financiamento das atividades de Extensão.</li>
</ul>

<p>. A Extensão é uma das dimensões que compõe a seleção, avaliação, treimamento e promoção de docentes, motivo pelo qual todos os documentos e normativas da UEL (PDI, PPI, PPCs, Estatuto, Regimento, Resoluções, dentre outros) deverão ser atualizados e alinhados à política estabelecida na Resolução Nº 089/2019, em especial:</p>
