{"id":2864,"date":"2022-11-13T18:02:22","date_gmt":"2022-11-13T21:02:22","guid":{"rendered":"https:\/\/sites.uel.br\/pdi\/?page_id=2864"},"modified":"2022-11-13T18:02:22","modified_gmt":"2022-11-13T21:02:22","slug":"registro-da-extensao","status":"publish","type":"page","link":"https:\/\/sites.uel.br\/pdi\/registro-da-extensao\/","title":{"rendered":"Registro da Extens\u00e3o"},"content":{"rendered":"\n<p class=\"has-white-color has-text-color\">.<\/p>\n\n\n\n<p>A participa\u00e7\u00e3o em atividades de Extens\u00e3o deve ser adequadamente registrada e devem ter sua proposta, desenvolvimento, avalia\u00e7\u00e3o e conclus\u00e3o devidamente registrados, documentados e analisados.<\/p>\n\n\n\n<ul class=\"wp-block-list\">\n<li>O fluxo de tramita\u00e7\u00e3o das atividades de Extens\u00e3o deve ser estabelecido pelo ordenamento da Universidade.<\/li>\n\n\n\n<li>As atividades de Extens\u00e3o devem ser sistematizadas e acompanhadas com o adequado assentamento, al\u00e9m de registradas, fomentadas e avaliadas por inst\u00e2ncias acad\u00eamico-administrativas devidamente estabelecidas em regimento pr\u00f3prio.<\/li>\n<\/ul>\n","protected":false},"excerpt":{"rendered":"<p>. A participa\u00e7\u00e3o em atividades de Extens\u00e3o deve ser adequadamente registrada e devem ter sua proposta, desenvolvimento, avalia\u00e7\u00e3o e conclus\u00e3o devidamente registrados, documentados e analisados.<\/p>\n","protected":false},"author":8,"featured_media":0,"parent":0,"menu_order":0,"comment_status":"closed","ping_status":"closed","template":"","meta":{"footnotes":""},"class_list":["post-2864","page","type-page","status-publish","hentry"],"acf":[],"_links":{"self":[{"href":"https:\/\/sites.uel.br\/pdi\/wp-json\/wp\/v2\/pages\/2864","targetHints":{"allow":["GET"]}}],"collection":[{"href":"https:\/\/sites.uel.br\/pdi\/wp-json\/wp\/v2\/pages"}],"about":[{"href":"https:\/\/sites.uel.br\/pdi\/wp-json\/wp\/v2\/types\/page"}],"author":[{"embeddable":true,"href":"https:\/\/sites.uel.br\/pdi\/wp-json\/wp\/v2\/users\/8"}],"replies":[{"embeddable":true,"href":"https:\/\/sites.uel.br\/pdi\/wp-json\/wp\/v2\/comments?post=2864"}],"version-history":[{"count":1,"href":"https:\/\/sites.uel.br\/pdi\/wp-json\/wp\/v2\/pages\/2864\/revisions"}],"predecessor-version":[{"id":2865,"href":"https:\/\/sites.uel.br\/pdi\/wp-json\/wp\/v2\/pages\/2864\/revisions\/2865"}],"wp:attachment":[{"href":"https:\/\/sites.uel.br\/pdi\/wp-json\/wp\/v2\/media?parent=2864"}],"curies":[{"name":"wp","href":"https:\/\/api.w.org\/{rel}","templated":true}]}}

Registro da Extensão

<p class="has-white-color has-text-color">.</p>



<p>A participação em atividades de Extensão deve ser adequadamente registrada e devem ter sua proposta, desenvolvimento, avaliação e conclusão devidamente registrados, documentados e analisados.</p>



<ul class="wp-block-list">
<li>O fluxo de tramitação das atividades de Extensão deve ser estabelecido pelo ordenamento da Universidade.</li>



<li>As atividades de Extensão devem ser sistematizadas e acompanhadas com o adequado assentamento, além de registradas, fomentadas e avaliadas por instâncias acadêmico-administrativas devidamente estabelecidas em regimento próprio.</li>
</ul>

<p>. A participação em atividades de Extensão deve ser adequadamente registrada e devem ter sua proposta, desenvolvimento, avaliação e conclusão devidamente registrados, documentados e analisados.</p>
