{"id":2862,"date":"2022-11-13T18:01:39","date_gmt":"2022-11-13T21:01:39","guid":{"rendered":"https:\/\/sites.uel.br\/pdi\/?page_id=2862"},"modified":"2022-11-13T18:01:39","modified_gmt":"2022-11-13T21:01:39","slug":"avaliacao-da-extensao","status":"publish","type":"page","link":"https:\/\/sites.uel.br\/pdi\/avaliacao-da-extensao\/","title":{"rendered":"Avalia\u00e7\u00e3o da Extens\u00e3o"},"content":{"rendered":"\n<p class=\"has-white-color has-text-color\">.<\/p>\n\n\n\n<p>A Extens\u00e3o ser\u00e1 submetida a processo de avalia\u00e7\u00e3o institucional de maneira cr\u00edtica e continuada, que se volte para o aperfei\u00e7oamento de suas caracter\u00edsticas essenciais de articula\u00e7\u00e3o com o Ensino, a Pesquisa, a forma\u00e7\u00e3o do estudante, a qualifica\u00e7\u00e3o docente, a rela\u00e7\u00e3o com a sociedade e a outras dimens\u00f5es acad\u00eamicas definidas, institucionalmente, pelos \u00f3rg\u00e3os competentes.<\/p>\n\n\n\n<p>A autoavalia\u00e7\u00e3o da Extens\u00e3o inclui:<\/p>\n\n\n\n<ul class=\"wp-block-list\">\n<li>a identifica\u00e7\u00e3o da pertin\u00eancia da utiliza\u00e7\u00e3o das Atividades Acad\u00eamicas de Extens\u00e3o na Credita\u00e7\u00e3o Curricular;<\/li>\n\n\n\n<li>a contribui\u00e7\u00e3o da Extens\u00e3o para o cumprimento dos objetivos do Plano de Desenvolvimento Institucional e dos Projetos Pedag\u00f3gicos dos Cursos;<\/li>\n\n\n\n<li>a demonstra\u00e7\u00e3o dos resultados alcan\u00e7ados em rela\u00e7\u00e3o ao p\u00fablico participante;<\/li>\n\n\n\n<li>ao cumprimento da Credita\u00e7\u00e3o Curricular da Extens\u00e3o;<\/li>\n\n\n\n<li>a articula\u00e7\u00e3o entre a Extens\u00e3o e\/ou as atividades de Ensino e Pesquisa;<\/li>\n\n\n\n<li>avalia\u00e7\u00e3o dos docentes respons\u00e1veis pela orienta\u00e7\u00e3o das Atividades Acad\u00eamicas de Extens\u00e3o nos cursos de gradua\u00e7\u00e3o;<\/li>\n\n\n\n<li>avalia\u00e7\u00e3o da participa\u00e7\u00e3o de estudantes em quaisquer atividades de Extens\u00e3o, respeitados os eventuais pr\u00e9-requisitos especificados nas normas pertinentes.<\/li>\n<\/ul>\n\n\n\n<p>Compete \u00e0 Pr\u00f3-Reitoria de Extens\u00e3o, Cultura e Sociedade (PROEX) e \u00e0 sua respectiva C\u00e2mara, a cont\u00ednua atualiza\u00e7\u00e3o das estrat\u00e9gias da avalia\u00e7\u00e3o da Extens\u00e3o. <\/p>\n\n\n\n<p>Compete \u00e0 Pr\u00f3-Reitoria de Extens\u00e3o, Cultura e Sociedade (PROEX) e \u00e0 sua respectiva C\u00e2mara explicitar os instrumentos e indicadores que ser\u00e3o utilizados na autoavalia\u00e7\u00e3o continuada da Extens\u00e3o.<\/p>\n","protected":false},"excerpt":{"rendered":"<p>. A Extens\u00e3o ser\u00e1 submetida a processo de avalia\u00e7\u00e3o institucional de maneira cr\u00edtica e continuada, que se volte para o aperfei\u00e7oamento de suas caracter\u00edsticas essenciais de articula\u00e7\u00e3o com o Ensino, a Pesquisa, a forma\u00e7\u00e3o do estudante, a qualifica\u00e7\u00e3o docente, a rela\u00e7\u00e3o com a sociedade e a outras dimens\u00f5es acad\u00eamicas definidas, institucionalmente, pelos \u00f3rg\u00e3os competentes. A [&hellip;]<\/p>\n","protected":false},"author":8,"featured_media":0,"parent":0,"menu_order":0,"comment_status":"closed","ping_status":"closed","template":"","meta":{"footnotes":""},"class_list":["post-2862","page","type-page","status-publish","hentry"],"acf":[],"_links":{"self":[{"href":"https:\/\/sites.uel.br\/pdi\/wp-json\/wp\/v2\/pages\/2862","targetHints":{"allow":["GET"]}}],"collection":[{"href":"https:\/\/sites.uel.br\/pdi\/wp-json\/wp\/v2\/pages"}],"about":[{"href":"https:\/\/sites.uel.br\/pdi\/wp-json\/wp\/v2\/types\/page"}],"author":[{"embeddable":true,"href":"https:\/\/sites.uel.br\/pdi\/wp-json\/wp\/v2\/users\/8"}],"replies":[{"embeddable":true,"href":"https:\/\/sites.uel.br\/pdi\/wp-json\/wp\/v2\/comments?post=2862"}],"version-history":[{"count":1,"href":"https:\/\/sites.uel.br\/pdi\/wp-json\/wp\/v2\/pages\/2862\/revisions"}],"predecessor-version":[{"id":2863,"href":"https:\/\/sites.uel.br\/pdi\/wp-json\/wp\/v2\/pages\/2862\/revisions\/2863"}],"wp:attachment":[{"href":"https:\/\/sites.uel.br\/pdi\/wp-json\/wp\/v2\/media?parent=2862"}],"curies":[{"name":"wp","href":"https:\/\/api.w.org\/{rel}","templated":true}]}}

Avaliação da Extensão

<p class="has-white-color has-text-color">.</p>



<p>A Extensão será submetida a processo de avaliação institucional de maneira crítica e continuada, que se volte para o aperfeiçoamento de suas características essenciais de articulação com o Ensino, a Pesquisa, a formação do estudante, a qualificação docente, a relação com a sociedade e a outras dimensões acadêmicas definidas, institucionalmente, pelos órgãos competentes.</p>



<p>A autoavaliação da Extensão inclui:</p>



<ul class="wp-block-list">
<li>a identificação da pertinência da utilização das Atividades Acadêmicas de Extensão na Creditação Curricular;</li>



<li>a contribuição da Extensão para o cumprimento dos objetivos do Plano de Desenvolvimento Institucional e dos Projetos Pedagógicos dos Cursos;</li>



<li>a demonstração dos resultados alcançados em relação ao público participante;</li>



<li>ao cumprimento da Creditação Curricular da Extensão;</li>



<li>a articulação entre a Extensão e/ou as atividades de Ensino e Pesquisa;</li>



<li>avaliação dos docentes responsáveis pela orientação das Atividades Acadêmicas de Extensão nos cursos de graduação;</li>



<li>avaliação da participação de estudantes em quaisquer atividades de Extensão, respeitados os eventuais pré-requisitos especificados nas normas pertinentes.</li>
</ul>



<p>Compete à Pró-Reitoria de Extensão, Cultura e Sociedade (PROEX) e à sua respectiva Câmara, a contínua atualização das estratégias da avaliação da Extensão. </p>



<p>Compete à Pró-Reitoria de Extensão, Cultura e Sociedade (PROEX) e à sua respectiva Câmara explicitar os instrumentos e indicadores que serão utilizados na autoavaliação continuada da Extensão.</p>

<p>. A Extensão será submetida a processo de avaliação institucional de maneira crítica e continuada, que se volte para o aperfeiçoamento de suas características essenciais de articulação com o Ensino, a Pesquisa, a formação do estudante, a qualificação docente, a relação com a sociedade e a outras dimensões acadêmicas definidas, institucionalmente, pelos órgãos competentes. A [&hellip;]</p>
