{"id":2860,"date":"2022-11-13T18:00:39","date_gmt":"2022-11-13T21:00:39","guid":{"rendered":"https:\/\/sites.uel.br\/pdi\/?page_id=2860"},"modified":"2022-11-13T18:00:39","modified_gmt":"2022-11-13T21:00:39","slug":"creditacao-curricular-da-extensao-2","status":"publish","type":"page","link":"https:\/\/sites.uel.br\/pdi\/creditacao-curricular-da-extensao-2\/","title":{"rendered":"Credita\u00e7\u00e3o Curricular da Extens\u00e3o"},"content":{"rendered":"\n<p class=\"has-text-color\" style=\"color:#fefefe\">.<\/p>\n\n\n\n<p>A Credita\u00e7\u00e3o Curricular da Extens\u00e3o consiste na previs\u00e3o de que Atividades Acad\u00eamicas de Extens\u00e3o devam compor uma parte do total da carga hor\u00e1ria dos cursos de gradua\u00e7\u00e3o, conforme legisla\u00e7\u00e3o federal vigente.<\/p>\n\n\n\n<ul class=\"wp-block-list\">\n<li>A Credita\u00e7\u00e3o Curricular da Extens\u00e3o ser\u00e1 disciplinada por Resolu\u00e7\u00e3o conjunta do Conselho de Ensino, Pesquisa e Extens\u00e3o e do Conselho de Administra\u00e7\u00e3o, observado o disposto na Resolu\u00e7\u00e3o N\u00ba 089\/2019, bem como na legisla\u00e7\u00e3o federal vigente.<\/li>\n\n\n\n<li>A participa\u00e7\u00e3o dos estudantes nas Atividades Acad\u00eamicas de Extens\u00e3o dever\u00e1 ser caracterizada nos Projetos Pedag\u00f3gicos dos Cursos de Gradua\u00e7\u00e3o.<\/li>\n\n\n\n<li>Os Projetos Pedag\u00f3gicos dos Cursos de Gradua\u00e7\u00e3o dever\u00e3o ressaltar a relev\u00e2ncia das Atividades Acad\u00eamicas de Extens\u00e3o para a forma\u00e7\u00e3o discente.<\/li>\n\n\n\n<li>A Credita\u00e7\u00e3o Curricular da Extens\u00e3o deve estar prevista no Plano de Desenvolvimento Institucional (PDI), no Projeto Pedag\u00f3gico Institucional (PPI), nos Projetos Pedag\u00f3gicos dos Cursos e nos demais documentos normativos pr\u00f3prios.<\/li>\n\n\n\n<li>Caber\u00e1 \u00e0 Pr\u00f3-Reitoria de Extens\u00e3o, Cultura e Sociedade (PROEX), \u00e0 Pr\u00f3-Reitoria de Gradua\u00e7\u00e3o (PROGRAD), \u00e0 Pr\u00f3-Reitoria de Pesquisa e P\u00f3s-Gradua\u00e7\u00e3o (PROPPG), e em conjunto com os Colegiados de Cursos de Gradua\u00e7\u00e3o, estabelecer os procedimentos acad\u00eamicos e administrativos necess\u00e1rios ao cumprimento da Credita\u00e7\u00e3o Curricular da Extens\u00e3o.<\/li>\n\n\n\n<li>As Atividades Acad\u00eamicas de Extens\u00e3o tamb\u00e9m dever\u00e3o ser incentivadas nos cursos de p\u00f3s-gradua\u00e7\u00e3o, conforme projeto pedag\u00f3gico de cada programa.<\/li>\n<\/ul>\n","protected":false},"excerpt":{"rendered":"<p>. A Credita\u00e7\u00e3o Curricular da Extens\u00e3o consiste na previs\u00e3o de que Atividades Acad\u00eamicas de Extens\u00e3o devam compor uma parte do total da carga hor\u00e1ria dos cursos de gradua\u00e7\u00e3o, conforme legisla\u00e7\u00e3o federal vigente.<\/p>\n","protected":false},"author":8,"featured_media":0,"parent":0,"menu_order":0,"comment_status":"closed","ping_status":"closed","template":"","meta":{"footnotes":""},"class_list":["post-2860","page","type-page","status-publish","hentry"],"acf":[],"_links":{"self":[{"href":"https:\/\/sites.uel.br\/pdi\/wp-json\/wp\/v2\/pages\/2860","targetHints":{"allow":["GET"]}}],"collection":[{"href":"https:\/\/sites.uel.br\/pdi\/wp-json\/wp\/v2\/pages"}],"about":[{"href":"https:\/\/sites.uel.br\/pdi\/wp-json\/wp\/v2\/types\/page"}],"author":[{"embeddable":true,"href":"https:\/\/sites.uel.br\/pdi\/wp-json\/wp\/v2\/users\/8"}],"replies":[{"embeddable":true,"href":"https:\/\/sites.uel.br\/pdi\/wp-json\/wp\/v2\/comments?post=2860"}],"version-history":[{"count":1,"href":"https:\/\/sites.uel.br\/pdi\/wp-json\/wp\/v2\/pages\/2860\/revisions"}],"predecessor-version":[{"id":2861,"href":"https:\/\/sites.uel.br\/pdi\/wp-json\/wp\/v2\/pages\/2860\/revisions\/2861"}],"wp:attachment":[{"href":"https:\/\/sites.uel.br\/pdi\/wp-json\/wp\/v2\/media?parent=2860"}],"curies":[{"name":"wp","href":"https:\/\/api.w.org\/{rel}","templated":true}]}}

Creditação Curricular da Extensão

<p class="has-text-color" style="color:#fefefe">.</p>



<p>A Creditação Curricular da Extensão consiste na previsão de que Atividades Acadêmicas de Extensão devam compor uma parte do total da carga horária dos cursos de graduação, conforme legislação federal vigente.</p>



<ul class="wp-block-list">
<li>A Creditação Curricular da Extensão será disciplinada por Resolução conjunta do Conselho de Ensino, Pesquisa e Extensão e do Conselho de Administração, observado o disposto na Resolução Nº 089/2019, bem como na legislação federal vigente.</li>



<li>A participação dos estudantes nas Atividades Acadêmicas de Extensão deverá ser caracterizada nos Projetos Pedagógicos dos Cursos de Graduação.</li>



<li>Os Projetos Pedagógicos dos Cursos de Graduação deverão ressaltar a relevância das Atividades Acadêmicas de Extensão para a formação discente.</li>



<li>A Creditação Curricular da Extensão deve estar prevista no Plano de Desenvolvimento Institucional (PDI), no Projeto Pedagógico Institucional (PPI), nos Projetos Pedagógicos dos Cursos e nos demais documentos normativos próprios.</li>



<li>Caberá à Pró-Reitoria de Extensão, Cultura e Sociedade (PROEX), à Pró-Reitoria de Graduação (PROGRAD), à Pró-Reitoria de Pesquisa e Pós-Graduação (PROPPG), e em conjunto com os Colegiados de Cursos de Graduação, estabelecer os procedimentos acadêmicos e administrativos necessários ao cumprimento da Creditação Curricular da Extensão.</li>



<li>As Atividades Acadêmicas de Extensão também deverão ser incentivadas nos cursos de pós-graduação, conforme projeto pedagógico de cada programa.</li>
</ul>

<p>. A Creditação Curricular da Extensão consiste na previsão de que Atividades Acadêmicas de Extensão devam compor uma parte do total da carga horária dos cursos de graduação, conforme legislação federal vigente.</p>
