{"id":2856,"date":"2022-11-13T17:58:52","date_gmt":"2022-11-13T20:58:52","guid":{"rendered":"https:\/\/sites.uel.br\/pdi\/?page_id=2856"},"modified":"2022-11-13T17:58:52","modified_gmt":"2022-11-13T20:58:52","slug":"a-politica-de-extensao","status":"publish","type":"page","link":"https:\/\/sites.uel.br\/pdi\/a-politica-de-extensao\/","title":{"rendered":"A Pol\u00edtica de Extens\u00e3o"},"content":{"rendered":"\n<p class=\"has-white-color has-text-color\">.<\/p>\n\n\n\n<p>A Pol\u00edtica de Extens\u00e3o da Universidade Estadual de Londrina (UEL) reger-se-\u00e1 por meio da Resolu\u00e7\u00e3o CU N\u00ba 089\/2019, que define os princ\u00edpios, fundamentos e procedimentos que devem ser observados no planejamento, na gest\u00e3o e na cont\u00ednua autoavalia\u00e7\u00e3o das a\u00e7\u00f5es extensionistas.<\/p>\n","protected":false},"excerpt":{"rendered":"<p>. A Pol\u00edtica de Extens\u00e3o da Universidade Estadual de Londrina (UEL) reger-se-\u00e1 por meio da Resolu\u00e7\u00e3o CU N\u00ba 089\/2019, que define os princ\u00edpios, fundamentos e procedimentos que devem ser observados no planejamento, na gest\u00e3o e na cont\u00ednua autoavalia\u00e7\u00e3o das a\u00e7\u00f5es extensionistas.<\/p>\n","protected":false},"author":8,"featured_media":0,"parent":0,"menu_order":0,"comment_status":"closed","ping_status":"closed","template":"","meta":{"footnotes":""},"class_list":["post-2856","page","type-page","status-publish","hentry"],"acf":[],"_links":{"self":[{"href":"https:\/\/sites.uel.br\/pdi\/wp-json\/wp\/v2\/pages\/2856","targetHints":{"allow":["GET"]}}],"collection":[{"href":"https:\/\/sites.uel.br\/pdi\/wp-json\/wp\/v2\/pages"}],"about":[{"href":"https:\/\/sites.uel.br\/pdi\/wp-json\/wp\/v2\/types\/page"}],"author":[{"embeddable":true,"href":"https:\/\/sites.uel.br\/pdi\/wp-json\/wp\/v2\/users\/8"}],"replies":[{"embeddable":true,"href":"https:\/\/sites.uel.br\/pdi\/wp-json\/wp\/v2\/comments?post=2856"}],"version-history":[{"count":1,"href":"https:\/\/sites.uel.br\/pdi\/wp-json\/wp\/v2\/pages\/2856\/revisions"}],"predecessor-version":[{"id":2857,"href":"https:\/\/sites.uel.br\/pdi\/wp-json\/wp\/v2\/pages\/2856\/revisions\/2857"}],"wp:attachment":[{"href":"https:\/\/sites.uel.br\/pdi\/wp-json\/wp\/v2\/media?parent=2856"}],"curies":[{"name":"wp","href":"https:\/\/api.w.org\/{rel}","templated":true}]}}

A Política de Extensão

<p class="has-white-color has-text-color">.</p>



<p>A Política de Extensão da Universidade Estadual de Londrina (UEL) reger-se-á por meio da Resolução CU Nº 089/2019, que define os princípios, fundamentos e procedimentos que devem ser observados no planejamento, na gestão e na contínua autoavaliação das ações extensionistas.</p>

<p>. A Política de Extensão da Universidade Estadual de Londrina (UEL) reger-se-á por meio da Resolução CU Nº 089/2019, que define os princípios, fundamentos e procedimentos que devem ser observados no planejamento, na gestão e na contínua autoavaliação das ações extensionistas.</p>
