{"id":2854,"date":"2022-11-13T17:57:29","date_gmt":"2022-11-13T20:57:29","guid":{"rendered":"https:\/\/sites.uel.br\/pdi\/?page_id=2854"},"modified":"2022-11-13T17:57:29","modified_gmt":"2022-11-13T20:57:29","slug":"a-extensao-na-uel","status":"publish","type":"page","link":"https:\/\/sites.uel.br\/pdi\/a-extensao-na-uel\/","title":{"rendered":"A Extens\u00e3o na UEL"},"content":{"rendered":"\n<p class=\"has-text-color\" style=\"color:#fefefe\">.<\/p>\n\n\n\n<p>Em seu Regimento, a Universidade Estadual de Londrina estabelece que a Extens\u00e3o Universit\u00e1ria ser\u00e1 desenvolvida sob a forma de projetos, cursos, eventos, presta\u00e7\u00e3o de servi\u00e7os e publica\u00e7\u00f5es espec\u00edficas.<\/p>\n\n\n\n<ul class=\"wp-block-list\">\n<li>Programa \u00e9 o conjunto de projetos com ou sem a\u00e7\u00f5es de car\u00e1ter org\u00e2nico-institucional, com clareza de diretrizes voltadas a um objetivo comum.<\/li>\n\n\n\n<li>Projeto \u00e9 o conjunto de a\u00e7\u00f5es processuais, de car\u00e1ter educativo, social, cultural, cient\u00edfico e tecnol\u00f3gico.<\/li>\n\n\n\n<li>Curso \u00e9 um conjunto articulado de a\u00e7\u00f5es pedag\u00f3gicas, de car\u00e1ter te\u00f3rico e\/ou pr\u00e1tico, presencial ou \u00e0 dist\u00e2ncia, planejadas e organizadas de maneira sistem\u00e1tica, com carga hor\u00e1ria definida e processo de avalia\u00e7\u00e3o formal, podendo ser classificado como: inicia\u00e7\u00e3o, atualiza\u00e7\u00e3o, qualifica\u00e7\u00e3o profissional, requalifica\u00e7\u00e3o profissional e aperfei\u00e7oamento.<\/li>\n\n\n\n<li>Evento \u00e9 a a\u00e7\u00e3o de interesse t\u00e9cnico, social, cient\u00edfico, esportivo e art\u00edstico, de car\u00e1ter pontual.<\/li>\n\n\n\n<li>A presta\u00e7\u00e3o de servi\u00e7os \u00e9 a realiza\u00e7\u00e3o de trabalho oferecido pela Universidade ou contratado por terceiros \u2013 comunidade, empresas ou \u00f3rg\u00e3os p\u00fablicos \u2013 incluindo assessorias, consultorias e coopera\u00e7\u00e3o interinstitucional, devendo ser produto de interesse acad\u00eamico, cient\u00edfico, filos\u00f3fico, tecnol\u00f3gico e art\u00edstico do ensino, pesquisa e extens\u00e3o, assegurado seu compromisso social.<\/li>\n<\/ul>\n\n\n\n<p>No \u00e2mbito das atividades que s\u00e3o reconhecidas como Extens\u00e3o, a Universidade Estadual de Londrina estabelece que:<\/p>\n\n\n\n<ul class=\"wp-block-list\">\n<li>os segmentos da sociedade beneficiados pela execu\u00e7\u00e3o dos programas e projetos dever\u00e3o ser envolvidos efetivamente no planejamento dos mesmos;<\/li>\n\n\n\n<li>a comunidade externa poder\u00e1 atua voluntariamente nas diversas atividades, de acordo com os crit\u00e9rios a serem estabelecidos pelos respectivos respons\u00e1veis;<\/li>\n\n\n\n<li>a extens\u00e3o universit\u00e1ria dever\u00e1 ser planejada nos Departamentos e Centros, com aprova\u00e7\u00e3o da C\u00e2mara de Extens\u00e3o;<\/li>\n\n\n\n<li>a extens\u00e3o dever\u00e1 ser compreendida como atividade essencial nos cursos de gradua\u00e7\u00e3o e como atividade opcional nos cursos de p\u00f3s-gradua\u00e7\u00e3o;<\/li>\n\n\n\n<li>as atividades de extens\u00e3o dever\u00e3o preferencialmente alicer\u00e7ar-se nas prioridades locais e regionais;<\/li>\n\n\n\n<li>a Universidade reservar\u00e1 no seu or\u00e7amento recursos necess\u00e1rios para a extens\u00e3o, por proposta do Conselho de Ensino, Pesquisa e Extens\u00e3o.<\/li>\n<\/ul>\n","protected":false},"excerpt":{"rendered":"<p>. Em seu Regimento, a Universidade Estadual de Londrina estabelece que a Extens\u00e3o Universit\u00e1ria ser\u00e1 desenvolvida sob a forma de projetos, cursos, eventos, presta\u00e7\u00e3o de servi\u00e7os e publica\u00e7\u00f5es espec\u00edficas. No \u00e2mbito das atividades que s\u00e3o reconhecidas como Extens\u00e3o, a Universidade Estadual de Londrina estabelece que:<\/p>\n","protected":false},"author":8,"featured_media":0,"parent":0,"menu_order":0,"comment_status":"closed","ping_status":"closed","template":"","meta":{"footnotes":""},"class_list":["post-2854","page","type-page","status-publish","hentry"],"acf":[],"_links":{"self":[{"href":"https:\/\/sites.uel.br\/pdi\/wp-json\/wp\/v2\/pages\/2854","targetHints":{"allow":["GET"]}}],"collection":[{"href":"https:\/\/sites.uel.br\/pdi\/wp-json\/wp\/v2\/pages"}],"about":[{"href":"https:\/\/sites.uel.br\/pdi\/wp-json\/wp\/v2\/types\/page"}],"author":[{"embeddable":true,"href":"https:\/\/sites.uel.br\/pdi\/wp-json\/wp\/v2\/users\/8"}],"replies":[{"embeddable":true,"href":"https:\/\/sites.uel.br\/pdi\/wp-json\/wp\/v2\/comments?post=2854"}],"version-history":[{"count":1,"href":"https:\/\/sites.uel.br\/pdi\/wp-json\/wp\/v2\/pages\/2854\/revisions"}],"predecessor-version":[{"id":2855,"href":"https:\/\/sites.uel.br\/pdi\/wp-json\/wp\/v2\/pages\/2854\/revisions\/2855"}],"wp:attachment":[{"href":"https:\/\/sites.uel.br\/pdi\/wp-json\/wp\/v2\/media?parent=2854"}],"curies":[{"name":"wp","href":"https:\/\/api.w.org\/{rel}","templated":true}]}}

A Extensão na UEL

<p class="has-text-color" style="color:#fefefe">.</p>



<p>Em seu Regimento, a Universidade Estadual de Londrina estabelece que a Extensão Universitária será desenvolvida sob a forma de projetos, cursos, eventos, prestação de serviços e publicações específicas.</p>



<ul class="wp-block-list">
<li>Programa é o conjunto de projetos com ou sem ações de caráter orgânico-institucional, com clareza de diretrizes voltadas a um objetivo comum.</li>



<li>Projeto é o conjunto de ações processuais, de caráter educativo, social, cultural, científico e tecnológico.</li>



<li>Curso é um conjunto articulado de ações pedagógicas, de caráter teórico e/ou prático, presencial ou à distância, planejadas e organizadas de maneira sistemática, com carga horária definida e processo de avaliação formal, podendo ser classificado como: iniciação, atualização, qualificação profissional, requalificação profissional e aperfeiçoamento.</li>



<li>Evento é a ação de interesse técnico, social, científico, esportivo e artístico, de caráter pontual.</li>



<li>A prestação de serviços é a realização de trabalho oferecido pela Universidade ou contratado por terceiros – comunidade, empresas ou órgãos públicos – incluindo assessorias, consultorias e cooperação interinstitucional, devendo ser produto de interesse acadêmico, científico, filosófico, tecnológico e artístico do ensino, pesquisa e extensão, assegurado seu compromisso social.</li>
</ul>



<p>No âmbito das atividades que são reconhecidas como Extensão, a Universidade Estadual de Londrina estabelece que:</p>



<ul class="wp-block-list">
<li>os segmentos da sociedade beneficiados pela execução dos programas e projetos deverão ser envolvidos efetivamente no planejamento dos mesmos;</li>



<li>a comunidade externa poderá atua voluntariamente nas diversas atividades, de acordo com os critérios a serem estabelecidos pelos respectivos responsáveis;</li>



<li>a extensão universitária deverá ser planejada nos Departamentos e Centros, com aprovação da Câmara de Extensão;</li>



<li>a extensão deverá ser compreendida como atividade essencial nos cursos de graduação e como atividade opcional nos cursos de pós-graduação;</li>



<li>as atividades de extensão deverão preferencialmente alicerçar-se nas prioridades locais e regionais;</li>



<li>a Universidade reservará no seu orçamento recursos necessários para a extensão, por proposta do Conselho de Ensino, Pesquisa e Extensão.</li>
</ul>

<p>. Em seu Regimento, a Universidade Estadual de Londrina estabelece que a Extensão Universitária será desenvolvida sob a forma de projetos, cursos, eventos, prestação de serviços e publicações específicas. No âmbito das atividades que são reconhecidas como Extensão, a Universidade Estadual de Londrina estabelece que:</p>
