{"id":2776,"date":"2022-11-13T16:25:15","date_gmt":"2022-11-13T19:25:15","guid":{"rendered":"https:\/\/sites.uel.br\/pdi\/?page_id=2776"},"modified":"2022-11-13T16:25:15","modified_gmt":"2022-11-13T19:25:15","slug":"disposicoes-finais-e-transitorias","status":"publish","type":"page","link":"https:\/\/sites.uel.br\/pdi\/disposicoes-finais-e-transitorias\/","title":{"rendered":"Disposi\u00e7\u00f5es Finais e Transit\u00f3rias"},"content":{"rendered":"\n<p class=\"has-white-color has-text-color\">.<\/p>\n\n\n\n<p>Todo problema de ordem acad\u00eamica, circunscrito \u00e0 Credita\u00e7\u00e3o Curricular da Extens\u00e3o, dever\u00e1 seguir o tr\u00e2mite usual definido pelas normativas que regulamentam os procedimentos acad\u00eamicos e administrativos para os cursos de gradua\u00e7\u00e3o.<\/p>\n\n\n\n<ul class=\"wp-block-list\">\n<li>\u00c9 facultado, aos \u00f3rg\u00e3os deliberativos, solicitarem manifesta\u00e7\u00e3o, nas devidas inst\u00e2ncias, da Comiss\u00e3o de Extens\u00e3o de Departamento, Comiss\u00e3o de Extens\u00e3o de Centro e C\u00e2mara de Extens\u00e3o, Cultura e Sociedade.<\/li>\n<\/ul>\n\n\n\n<p>Todos os Projetos Pedag\u00f3gicos dos Cursos de Gradua\u00e7\u00e3o dever\u00e3o estar em conson\u00e2ncia com as diretrizes estabelecidas na Resolu\u00e7\u00e3o CEPE\/CA N\u00ba 039\/2021e na Resolu\u00e7\u00e3o CU N\u00ba 089\/2019.<\/p>\n\n\n\n<p>A Resolu\u00e7\u00e3o CEPE\/CA N\u00ba 039\/2021 passar\u00e1 por avalia\u00e7\u00e3o realizada por uma comiss\u00e3o parit\u00e1ria constitu\u00edda por membros da C\u00e2mara de Extens\u00e3o, Cultura e Sociedade e da C\u00e2mara de Gradua\u00e7\u00e3o, transcorridos 6 (seis) anos de sua implanta\u00e7\u00e3o.Os casos omissos ser\u00e3o analisados pela Pr\u00f3-Reitoria de Extens\u00e3o, Cultura e Sociedade e pela Pr\u00f3-Reitoria de Gradua\u00e7\u00e3o e, quando for o caso, pelas suas respectivas C\u00e2maras e demais inst\u00e2ncias competentes.<\/p>\n\n\n\n<p><\/p>\n","protected":false},"excerpt":{"rendered":"<p>. Todo problema de ordem acad\u00eamica, circunscrito \u00e0 Credita\u00e7\u00e3o Curricular da Extens\u00e3o, dever\u00e1 seguir o tr\u00e2mite usual definido pelas normativas que regulamentam os procedimentos acad\u00eamicos e administrativos para os cursos de gradua\u00e7\u00e3o. Todos os Projetos Pedag\u00f3gicos dos Cursos de Gradua\u00e7\u00e3o dever\u00e3o estar em conson\u00e2ncia com as diretrizes estabelecidas na Resolu\u00e7\u00e3o CEPE\/CA N\u00ba 039\/2021e na Resolu\u00e7\u00e3o [&hellip;]<\/p>\n","protected":false},"author":8,"featured_media":0,"parent":0,"menu_order":0,"comment_status":"closed","ping_status":"closed","template":"","meta":{"footnotes":""},"class_list":["post-2776","page","type-page","status-publish","hentry"],"acf":[],"_links":{"self":[{"href":"https:\/\/sites.uel.br\/pdi\/wp-json\/wp\/v2\/pages\/2776","targetHints":{"allow":["GET"]}}],"collection":[{"href":"https:\/\/sites.uel.br\/pdi\/wp-json\/wp\/v2\/pages"}],"about":[{"href":"https:\/\/sites.uel.br\/pdi\/wp-json\/wp\/v2\/types\/page"}],"author":[{"embeddable":true,"href":"https:\/\/sites.uel.br\/pdi\/wp-json\/wp\/v2\/users\/8"}],"replies":[{"embeddable":true,"href":"https:\/\/sites.uel.br\/pdi\/wp-json\/wp\/v2\/comments?post=2776"}],"version-history":[{"count":1,"href":"https:\/\/sites.uel.br\/pdi\/wp-json\/wp\/v2\/pages\/2776\/revisions"}],"predecessor-version":[{"id":2777,"href":"https:\/\/sites.uel.br\/pdi\/wp-json\/wp\/v2\/pages\/2776\/revisions\/2777"}],"wp:attachment":[{"href":"https:\/\/sites.uel.br\/pdi\/wp-json\/wp\/v2\/media?parent=2776"}],"curies":[{"name":"wp","href":"https:\/\/api.w.org\/{rel}","templated":true}]}}