{"id":2772,"date":"2022-11-13T16:23:07","date_gmt":"2022-11-13T19:23:07","guid":{"rendered":"https:\/\/sites.uel.br\/pdi\/?page_id=2772"},"modified":"2022-11-13T16:23:07","modified_gmt":"2022-11-13T19:23:07","slug":"modalidades-das-atividades-extensionistas","status":"publish","type":"page","link":"https:\/\/sites.uel.br\/pdi\/modalidades-das-atividades-extensionistas\/","title":{"rendered":"Modalidades das Atividades Extensionistas"},"content":{"rendered":"\n<p class=\"has-white-color has-text-color\">.<\/p>\n\n\n\n<p>Somente poder\u00e3o ser consideradas, para fins da Credita\u00e7\u00e3o Curricular da Extens\u00e3o, as atividades pass\u00edveis de registro na Pr\u00f3-Reitoria de Extens\u00e3o, Cultura e Sociedade (PROEX) e oriundas das seguintes modalidades de extens\u00e3o:<\/p>\n\n\n\n<ul class=\"wp-block-list\">\n<li>programas de extens\u00e3o;<\/li>\n\n\n\n<li>projetos de extens\u00e3o ou projetos integrados com \u00eanfase em extens\u00e3o;<\/li>\n\n\n\n<li>projetos de presta\u00e7\u00e3o de servi\u00e7o;<\/li>\n\n\n\n<li>cursos de extens\u00e3o;<\/li>\n\n\n\n<li>eventos de extens\u00e3o.<\/li>\n<\/ul>\n\n\n\n<p>Sobre a considera\u00e7\u00e3o das modalidades de extens\u00e3o para fins da Credita\u00e7\u00e3o Curricular da Extens\u00e3o:<\/p>\n\n\n\n<ul class=\"wp-block-list\">\n<li>As modalidades previstas incluem tamb\u00e9m as de natureza governamental que atendam \u00e0s pol\u00edticas municipais, estaduais, distrital e nacional.<\/li>\n\n\n\n<li>Para fins de Credita\u00e7\u00e3o Curricular da Extens\u00e3o, somente poder\u00e3o ser consideradas as atividades extensionistas consoantes com a Pol\u00edtica de Extens\u00e3o da Universidade Estadual de Londrina, em especial, quanto ao envolvimento das comunidades externas e setores da sociedade.<\/li>\n\n\n\n<li>Para fins de Credita\u00e7\u00e3o Curricular da Extens\u00e3o, somente poder\u00e3o ser considerados os cursos e eventos de extens\u00e3o nos quais o estudante tenha participa\u00e7\u00e3o ativa, seja na qualidade de palestrante, ministrante, organizador, membro de comiss\u00e3o ou cong\u00eaneres.<\/li>\n\n\n\n<li>N\u00e3o poder\u00e3o ser considerados, para a Credita\u00e7\u00e3o Curricular da Extens\u00e3o, os cursos e eventos de extens\u00e3o nos quais o estudante tenha apenas a certifica\u00e7\u00e3o de participante, ouvinte ou apresentador de trabalho.<\/li>\n<\/ul>\n\n\n\n<p>N\u00e3o s\u00e3o passiveis de reconhecimento para a Credita\u00e7\u00e3o Curricular da Extens\u00e3o:<\/p>\n\n\n\n<ul class=\"wp-block-list\">\n<li>disciplinas ou m\u00f3dulos;<\/li>\n\n\n\n<li>est\u00e1gios curriculares;<\/li>\n\n\n\n<li>atividades acad\u00eamicas complementares (AAC);<\/li>\n\n\n\n<li>trabalhos de conclus\u00e3o de curso;<\/li>\n\n\n\n<li>inicia\u00e7\u00e3o cient\u00edfica ou tecnol\u00f3gica;<\/li>\n\n\n\n<li>presta\u00e7\u00e3o de servi\u00e7os volunt\u00e1rios, na forma da Resolu\u00e7\u00e3o CEPE 122\/2010 ou adequa\u00e7\u00f5es que a substituam;<\/li>\n\n\n\n<li>pr\u00e1ticas como componentes curriculares;<\/li>\n\n\n\n<li>quaisquer atividades acad\u00eamicas exigidas para integraliza\u00e7\u00e3o curricular, salvo a pr\u00f3pria Credita\u00e7\u00e3o Curricular da Extens\u00e3o.<\/li>\n<\/ul>\n\n\n\n<p>Al\u00e9m dos demais encargos estabelecidos na Resolu\u00e7\u00e3o CEPE\/CA N\u00ba 039\/2021, competem:<\/p>\n\n\n\n<ul class=\"wp-block-list\">\n<li>Aos Departamentos e Colegiados de Curso, a proposi\u00e7\u00e3o e a organiza\u00e7\u00e3o de atividades extensionistas na dimens\u00e3o did\u00e1tico-pedag\u00f3gica, secundados pelos \u00d3rg\u00e3os Suplementares e Centros de Estudos e com o apoio institucional da PROEX.<\/li>\n\n\n\n<li>Aos Chefes de Departamento, verificada a falta de oferta adequada de a\u00e7\u00f5es extensionistas para suprir a demanda gerada pela Credita\u00e7\u00e3o Curricular da Extens\u00e3o, incumbirem estes encargos acad\u00eamicos departamentais aos docentes sob sua chefia, nos termos do Artigo 127 do Regimento Geral da UEL.<\/li>\n\n\n\n<li>Aos Colegiados de Curso, acompanharem a execu\u00e7\u00e3o das Atividades Acad\u00eamicas de Extens\u00e3o, no que tange \u00e0 qualidade e efic\u00e1cia did\u00e1tico-pedag\u00f3gica zelando pelo seu cumprimento.<\/li>\n\n\n\n<li>Compete ao Coordenador das Atividades Acad\u00eamicas de Extens\u00e3o, membro do Colegiado de Curso e disciplinado por Resolu\u00e7\u00e3o espec\u00edfica, coordenar as a\u00e7\u00f5es de extens\u00e3o vinculadas \u00e0 Credita\u00e7\u00e3o da Extens\u00e3o.<\/li>\n\n\n\n<li>\u00c0 Pr\u00f3-Reitoria de Extens\u00e3o, Cultura e Sociedade, assessorar a elabora\u00e7\u00e3o de a\u00e7\u00f5es extensionistas e apoiar administrativamente sua execu\u00e7\u00e3o, incluindo apoio \u00e0 busca por fontes p\u00fablicas e privadas de fomento, nos termos do Cap\u00edtulo IV do T\u00edtulo IV do Regimento da Reitoria da UEL.<\/li>\n\n\n\n<li>\u00c0 Pr\u00f3-Reitoria de Gradua\u00e7\u00e3o, prestar atendimento aos Colegiados de Curso para o bom andamento das Atividades Acad\u00eamicas de Extens\u00e3o, nos termos do Cap\u00edtulo II do T\u00edtulo IV do Regimento da Reitoria da UEL.<\/li>\n<\/ul>\n","protected":false},"excerpt":{"rendered":"<p>. Somente poder\u00e3o ser consideradas, para fins da Credita\u00e7\u00e3o Curricular da Extens\u00e3o, as atividades pass\u00edveis de registro na Pr\u00f3-Reitoria de Extens\u00e3o, Cultura e Sociedade (PROEX) e oriundas das seguintes modalidades de extens\u00e3o: Sobre a considera\u00e7\u00e3o das modalidades de extens\u00e3o para fins da Credita\u00e7\u00e3o Curricular da Extens\u00e3o: N\u00e3o s\u00e3o passiveis de reconhecimento para a Credita\u00e7\u00e3o Curricular [&hellip;]<\/p>\n","protected":false},"author":8,"featured_media":0,"parent":0,"menu_order":0,"comment_status":"closed","ping_status":"closed","template":"","meta":{"footnotes":""},"class_list":["post-2772","page","type-page","status-publish","hentry"],"acf":[],"_links":{"self":[{"href":"https:\/\/sites.uel.br\/pdi\/wp-json\/wp\/v2\/pages\/2772","targetHints":{"allow":["GET"]}}],"collection":[{"href":"https:\/\/sites.uel.br\/pdi\/wp-json\/wp\/v2\/pages"}],"about":[{"href":"https:\/\/sites.uel.br\/pdi\/wp-json\/wp\/v2\/types\/page"}],"author":[{"embeddable":true,"href":"https:\/\/sites.uel.br\/pdi\/wp-json\/wp\/v2\/users\/8"}],"replies":[{"embeddable":true,"href":"https:\/\/sites.uel.br\/pdi\/wp-json\/wp\/v2\/comments?post=2772"}],"version-history":[{"count":1,"href":"https:\/\/sites.uel.br\/pdi\/wp-json\/wp\/v2\/pages\/2772\/revisions"}],"predecessor-version":[{"id":2773,"href":"https:\/\/sites.uel.br\/pdi\/wp-json\/wp\/v2\/pages\/2772\/revisions\/2773"}],"wp:attachment":[{"href":"https:\/\/sites.uel.br\/pdi\/wp-json\/wp\/v2\/media?parent=2772"}],"curies":[{"name":"wp","href":"https:\/\/api.w.org\/{rel}","templated":true}]}}

<p class="has-white-color has-text-color">.</p>



<p>Somente poderão ser consideradas, para fins da Creditação Curricular da Extensão, as atividades passíveis de registro na Pró-Reitoria de Extensão, Cultura e Sociedade (PROEX) e oriundas das seguintes modalidades de extensão:</p>



<ul class="wp-block-list">
<li>programas de extensão;</li>



<li>projetos de extensão ou projetos integrados com ênfase em extensão;</li>



<li>projetos de prestação de serviço;</li>



<li>cursos de extensão;</li>



<li>eventos de extensão.</li>
</ul>



<p>Sobre a consideração das modalidades de extensão para fins da Creditação Curricular da Extensão:</p>



<ul class="wp-block-list">
<li>As modalidades previstas incluem também as de natureza governamental que atendam às políticas municipais, estaduais, distrital e nacional.</li>



<li>Para fins de Creditação Curricular da Extensão, somente poderão ser consideradas as atividades extensionistas consoantes com a Política de Extensão da Universidade Estadual de Londrina, em especial, quanto ao envolvimento das comunidades externas e setores da sociedade.</li>



<li>Para fins de Creditação Curricular da Extensão, somente poderão ser considerados os cursos e eventos de extensão nos quais o estudante tenha participação ativa, seja na qualidade de palestrante, ministrante, organizador, membro de comissão ou congêneres.</li>



<li>Não poderão ser considerados, para a Creditação Curricular da Extensão, os cursos e eventos de extensão nos quais o estudante tenha apenas a certificação de participante, ouvinte ou apresentador de trabalho.</li>
</ul>



<p>Não são passiveis de reconhecimento para a Creditação Curricular da Extensão:</p>



<ul class="wp-block-list">
<li>disciplinas ou módulos;</li>



<li>estágios curriculares;</li>



<li>atividades acadêmicas complementares (AAC);</li>



<li>trabalhos de conclusão de curso;</li>



<li>iniciação científica ou tecnológica;</li>



<li>prestação de serviços voluntários, na forma da Resolução CEPE 122/2010 ou adequações que a substituam;</li>



<li>práticas como componentes curriculares;</li>



<li>quaisquer atividades acadêmicas exigidas para integralização curricular, salvo a própria Creditação Curricular da Extensão.</li>
</ul>



<p>Além dos demais encargos estabelecidos na Resolução CEPE/CA Nº 039/2021, competem:</p>



<ul class="wp-block-list">
<li>Aos Departamentos e Colegiados de Curso, a proposição e a organização de atividades extensionistas na dimensão didático-pedagógica, secundados pelos Órgãos Suplementares e Centros de Estudos e com o apoio institucional da PROEX.</li>



<li>Aos Chefes de Departamento, verificada a falta de oferta adequada de ações extensionistas para suprir a demanda gerada pela Creditação Curricular da Extensão, incumbirem estes encargos acadêmicos departamentais aos docentes sob sua chefia, nos termos do Artigo 127 do Regimento Geral da UEL.</li>



<li>Aos Colegiados de Curso, acompanharem a execução das Atividades Acadêmicas de Extensão, no que tange à qualidade e eficácia didático-pedagógica zelando pelo seu cumprimento.</li>



<li>Compete ao Coordenador das Atividades Acadêmicas de Extensão, membro do Colegiado de Curso e disciplinado por Resolução específica, coordenar as ações de extensão vinculadas à Creditação da Extensão.</li>



<li>À Pró-Reitoria de Extensão, Cultura e Sociedade, assessorar a elaboração de ações extensionistas e apoiar administrativamente sua execução, incluindo apoio à busca por fontes públicas e privadas de fomento, nos termos do Capítulo IV do Título IV do Regimento da Reitoria da UEL.</li>



<li>À Pró-Reitoria de Graduação, prestar atendimento aos Colegiados de Curso para o bom andamento das Atividades Acadêmicas de Extensão, nos termos do Capítulo II do Título IV do Regimento da Reitoria da UEL.</li>
</ul>

<p>. Somente poderão ser consideradas, para fins da Creditação Curricular da Extensão, as atividades passíveis de registro na Pró-Reitoria de Extensão, Cultura e Sociedade (PROEX) e oriundas das seguintes modalidades de extensão: Sobre a consideração das modalidades de extensão para fins da Creditação Curricular da Extensão: Não são passiveis de reconhecimento para a Creditação Curricular [&hellip;]</p>
