{"id":2770,"date":"2022-11-13T16:22:17","date_gmt":"2022-11-13T19:22:17","guid":{"rendered":"https:\/\/sites.uel.br\/pdi\/?page_id=2770"},"modified":"2022-11-13T16:35:03","modified_gmt":"2022-11-13T19:35:03","slug":"academicas-de-extensao","status":"publish","type":"page","link":"https:\/\/sites.uel.br\/pdi\/academicas-de-extensao\/","title":{"rendered":"Atividades Acad\u00eamicas de Extens\u00e3o"},"content":{"rendered":"\n<p class=\"has-text-color\" style=\"color:#fefefe\">.<\/p>\n\n\n\n<p>A Credita\u00e7\u00e3o Curricular da Extens\u00e3o na Universidade Estadual de Londrina se d\u00e1 por meio da Resolu\u00e7\u00e3o CEPE\/CA N\u00ba 039\/2021, que regulamenta os crit\u00e9rios e procedimentos, tanto acad\u00eamicos quanto administrativos, para execu\u00e7\u00e3o da carga hor\u00e1ria das Atividades Acad\u00eamicas de Extens\u00e3o (AEX) nos Cursos de Gradua\u00e7\u00e3o.<\/p>\n\n\n\n<p>A Credita\u00e7\u00e3o Curricular da Extens\u00e3o consiste que cada estudante deva cumprir no m\u00ednimo 10% (dez por cento) da carga hor\u00e1ria total de seu curso de gradua\u00e7\u00e3o em Atividades Acad\u00eamicas de Extens\u00e3o.<\/p>\n\n\n\n<ul class=\"wp-block-list\">\n<li>As Atividades Acad\u00eamicas de Extens\u00e3o, no \u00e2mbito dos cursos de gradua\u00e7\u00e3o da UEL, s\u00e3o tratadas como atividades acad\u00eamicas de natureza obrigat\u00f3ria.<\/li>\n\n\n\n<li>A base de c\u00e1lculo da carga hor\u00e1ria das Atividades Acad\u00eamicas de Extens\u00e3o inclui todas as atividades requeridas para integraliza\u00e7\u00e3o curricular, inclusive a pr\u00f3pria AEX.<\/li>\n<\/ul>\n\n\n\n<p>As Atividades Acad\u00eamicas de Extens\u00e3o se segmentam em duas classes:<\/p>\n\n\n\n<ul class=\"wp-block-list\">\n<li>AEX Indicadas: aquelas que se vinculam diretamente \u00e0 forma\u00e7\u00e3o acad\u00eamica do estudante e que sejam articuladas com os demais componentes curriculares, sendo escolhidas livremente pelo estudante dentre aquelas indicadas pelo Colegiado do Curso, observada a regulamenta\u00e7\u00e3o vigente.<\/li>\n\n\n\n<li>AEX Livres: aquelas que n\u00e3o necessariamente se vinculam diretamente \u00e0 forma\u00e7\u00e3o acad\u00eamica do estudante, sendo objeto de seu interesse espec\u00edfico, escolhidas livremente pelo estudante dentre aquelas regulamentadas pela PROEX, observada a normatiza\u00e7\u00e3o vigente.<\/li>\n<\/ul>\n\n\n\n<p>Quanto a carga hor\u00e1ria e distribui\u00e7\u00e3o das Atividades Acad\u00eamicas de Extens\u00e3o entre AEX Indicadas e AEX Livres:<\/p>\n\n\n\n<ul class=\"wp-block-list\">\n<li>A carga hor\u00e1ria a ser cumprida pelo estudante, relativa \u00e0s AEX Indicadas, n\u00e3o ser\u00e1 inferior a 40% (quarenta por cento) daquela requerida para cumprimento da Credita\u00e7\u00e3o Curricular da Extens\u00e3o.<\/li>\n\n\n\n<li>A carga hor\u00e1ria a ser cumprida pelo estudante, relativa \u00e0s AEX Livres, n\u00e3o ser\u00e1 inferior a 20% (vinte por cento) daquela requerida para cumprimento da Credita\u00e7\u00e3o Curricular da Extens\u00e3o.<\/li>\n\n\n\n<li>O Projeto Pedag\u00f3gico do Curso deve fracionar a carga hor\u00e1ria destinada \u00e0s Atividades Acad\u00eamicas de Extens\u00e3o entre AEX Indicadas e AEX Livres.<\/li>\n\n\n\n<li>Compete ao Colegiado de Curso definir, ao menos anualmente e observado o disposto na Resolu\u00e7\u00e3o CEPE\/CA N\u00ba 039\/2021 e no Projeto Pedag\u00f3gico do Curso, as a\u00e7\u00f5es de extens\u00e3o que se caracterizam como AEX Indicadas para o referido curso de gradua\u00e7\u00e3o.<\/li>\n\n\n\n<li>\u00c9 facultado, ao Colegiado de Curso, reservar at\u00e9 20% (vinte por cento) do turno semanal curricular do respectivo curso de gradua\u00e7\u00e3o, para cumprimento de parte das AEX Indicadas.<\/li>\n<\/ul>\n\n\n\n<p>Os Projetos Pedag\u00f3gicos dos Cursos de Gradua\u00e7\u00e3o devem:<\/p>\n\n\n\n<ul class=\"wp-block-list\">\n<li>indicar a relev\u00e2ncia das Atividades Acad\u00eamicas de Extens\u00e3o para a forma\u00e7\u00e3o do estudante, ressaltando seu valor para o perfil acad\u00eamico e profissional do egresso;<\/li>\n\n\n\n<li>indicar a necessidade do cumprimento da carga hor\u00e1ria das Atividades Acad\u00eamicas de Extens\u00e3o para integraliza\u00e7\u00e3o curricular;<\/li>\n\n\n\n<li>estabelecer crit\u00e9rios para que o estudante cumpra as Atividades Acad\u00eamicas de Extens\u00e3o, preferencialmente, de maneira distribu\u00edda ao longo do curso;<\/li>\n\n\n\n<li>caracterizar os crit\u00e9rios que ser\u00e3o adotados pelo Colegiado de Curso para selecionar as AEX Indicadas, em conson\u00e2ncia com as resolu\u00e7\u00f5es vigentes.<\/li>\n<\/ul>\n\n\n\n<p>Nos cursos de gradua\u00e7\u00e3o da UEL, na modalidade a dist\u00e2ncia, as Atividades Acad\u00eamicas de Extens\u00e3o devem ser realizadas presencial e preferencialmente em regi\u00e3o compat\u00edvel com o polo de apoio no qual o estudante esteja matriculado, observando-se, no que couber, as demais regulamenta\u00e7\u00f5es previstas no ordenamento pr\u00f3prio para oferta da educa\u00e7\u00e3o a dist\u00e2ncia.<\/p>\n\n\n\n<p>A carga hor\u00e1ria docente referente \u00e0 Credita\u00e7\u00e3o Curricular da Extens\u00e3o ser\u00e1 disciplinada por Resolu\u00e7\u00e3o do Conselho de Administra\u00e7\u00e3o.<\/p>\n","protected":false},"excerpt":{"rendered":"<p>. A Credita\u00e7\u00e3o Curricular da Extens\u00e3o na Universidade Estadual de Londrina se d\u00e1 por meio da Resolu\u00e7\u00e3o CEPE\/CA N\u00ba 039\/2021, que regulamenta os crit\u00e9rios e procedimentos, tanto acad\u00eamicos quanto administrativos, para execu\u00e7\u00e3o da carga hor\u00e1ria das Atividades Acad\u00eamicas de Extens\u00e3o (AEX) nos Cursos de Gradua\u00e7\u00e3o. A Credita\u00e7\u00e3o Curricular da Extens\u00e3o consiste que cada estudante deva [&hellip;]<\/p>\n","protected":false},"author":8,"featured_media":0,"parent":0,"menu_order":0,"comment_status":"closed","ping_status":"closed","template":"","meta":{"footnotes":""},"class_list":["post-2770","page","type-page","status-publish","hentry"],"acf":[],"_links":{"self":[{"href":"https:\/\/sites.uel.br\/pdi\/wp-json\/wp\/v2\/pages\/2770","targetHints":{"allow":["GET"]}}],"collection":[{"href":"https:\/\/sites.uel.br\/pdi\/wp-json\/wp\/v2\/pages"}],"about":[{"href":"https:\/\/sites.uel.br\/pdi\/wp-json\/wp\/v2\/types\/page"}],"author":[{"embeddable":true,"href":"https:\/\/sites.uel.br\/pdi\/wp-json\/wp\/v2\/users\/8"}],"replies":[{"embeddable":true,"href":"https:\/\/sites.uel.br\/pdi\/wp-json\/wp\/v2\/comments?post=2770"}],"version-history":[{"count":1,"href":"https:\/\/sites.uel.br\/pdi\/wp-json\/wp\/v2\/pages\/2770\/revisions"}],"predecessor-version":[{"id":2771,"href":"https:\/\/sites.uel.br\/pdi\/wp-json\/wp\/v2\/pages\/2770\/revisions\/2771"}],"wp:attachment":[{"href":"https:\/\/sites.uel.br\/pdi\/wp-json\/wp\/v2\/media?parent=2770"}],"curies":[{"name":"wp","href":"https:\/\/api.w.org\/{rel}","templated":true}]}}

Atividades Acadêmicas de Extensão

<p class="has-text-color" style="color:#fefefe">.</p>



<p>A Creditação Curricular da Extensão na Universidade Estadual de Londrina se dá por meio da Resolução CEPE/CA Nº 039/2021, que regulamenta os critérios e procedimentos, tanto acadêmicos quanto administrativos, para execução da carga horária das Atividades Acadêmicas de Extensão (AEX) nos Cursos de Graduação.</p>



<p>A Creditação Curricular da Extensão consiste que cada estudante deva cumprir no mínimo 10% (dez por cento) da carga horária total de seu curso de graduação em Atividades Acadêmicas de Extensão.</p>



<ul class="wp-block-list">
<li>As Atividades Acadêmicas de Extensão, no âmbito dos cursos de graduação da UEL, são tratadas como atividades acadêmicas de natureza obrigatória.</li>



<li>A base de cálculo da carga horária das Atividades Acadêmicas de Extensão inclui todas as atividades requeridas para integralização curricular, inclusive a própria AEX.</li>
</ul>



<p>As Atividades Acadêmicas de Extensão se segmentam em duas classes:</p>



<ul class="wp-block-list">
<li>AEX Indicadas: aquelas que se vinculam diretamente à formação acadêmica do estudante e que sejam articuladas com os demais componentes curriculares, sendo escolhidas livremente pelo estudante dentre aquelas indicadas pelo Colegiado do Curso, observada a regulamentação vigente.</li>



<li>AEX Livres: aquelas que não necessariamente se vinculam diretamente à formação acadêmica do estudante, sendo objeto de seu interesse específico, escolhidas livremente pelo estudante dentre aquelas regulamentadas pela PROEX, observada a normatização vigente.</li>
</ul>



<p>Quanto a carga horária e distribuição das Atividades Acadêmicas de Extensão entre AEX Indicadas e AEX Livres:</p>



<ul class="wp-block-list">
<li>A carga horária a ser cumprida pelo estudante, relativa às AEX Indicadas, não será inferior a 40% (quarenta por cento) daquela requerida para cumprimento da Creditação Curricular da Extensão.</li>



<li>A carga horária a ser cumprida pelo estudante, relativa às AEX Livres, não será inferior a 20% (vinte por cento) daquela requerida para cumprimento da Creditação Curricular da Extensão.</li>



<li>O Projeto Pedagógico do Curso deve fracionar a carga horária destinada às Atividades Acadêmicas de Extensão entre AEX Indicadas e AEX Livres.</li>



<li>Compete ao Colegiado de Curso definir, ao menos anualmente e observado o disposto na Resolução CEPE/CA Nº 039/2021 e no Projeto Pedagógico do Curso, as ações de extensão que se caracterizam como AEX Indicadas para o referido curso de graduação.</li>



<li>É facultado, ao Colegiado de Curso, reservar até 20% (vinte por cento) do turno semanal curricular do respectivo curso de graduação, para cumprimento de parte das AEX Indicadas.</li>
</ul>



<p>Os Projetos Pedagógicos dos Cursos de Graduação devem:</p>



<ul class="wp-block-list">
<li>indicar a relevância das Atividades Acadêmicas de Extensão para a formação do estudante, ressaltando seu valor para o perfil acadêmico e profissional do egresso;</li>



<li>indicar a necessidade do cumprimento da carga horária das Atividades Acadêmicas de Extensão para integralização curricular;</li>



<li>estabelecer critérios para que o estudante cumpra as Atividades Acadêmicas de Extensão, preferencialmente, de maneira distribuída ao longo do curso;</li>



<li>caracterizar os critérios que serão adotados pelo Colegiado de Curso para selecionar as AEX Indicadas, em consonância com as resoluções vigentes.</li>
</ul>



<p>Nos cursos de graduação da UEL, na modalidade a distância, as Atividades Acadêmicas de Extensão devem ser realizadas presencial e preferencialmente em região compatível com o polo de apoio no qual o estudante esteja matriculado, observando-se, no que couber, as demais regulamentações previstas no ordenamento próprio para oferta da educação a distância.</p>



<p>A carga horária docente referente à Creditação Curricular da Extensão será disciplinada por Resolução do Conselho de Administração.</p>

<p>. A Creditação Curricular da Extensão na Universidade Estadual de Londrina se dá por meio da Resolução CEPE/CA Nº 039/2021, que regulamenta os critérios e procedimentos, tanto acadêmicos quanto administrativos, para execução da carga horária das Atividades Acadêmicas de Extensão (AEX) nos Cursos de Graduação. A Creditação Curricular da Extensão consiste que cada estudante deva [&hellip;]</p>
