{"id":2764,"date":"2022-11-13T16:15:44","date_gmt":"2022-11-13T19:15:44","guid":{"rendered":"https:\/\/sites.uel.br\/pdi\/?page_id=2764"},"modified":"2022-11-13T16:32:20","modified_gmt":"2022-11-13T19:32:20","slug":"academica-de-lingua-brasileira-de-sinais","status":"publish","type":"page","link":"https:\/\/sites.uel.br\/pdi\/academica-de-lingua-brasileira-de-sinais\/","title":{"rendered":"Atividade Acad\u00eamica de L\u00edngua Brasileira de Sinais"},"content":{"rendered":"\n<p class=\"has-white-color has-text-color\">.<\/p>\n\n\n\n<p>A Resolu\u00e7\u00e3o CEPE N\u00ba 056\/2015 institui a oferta de Libras \u2013 L\u00edngua Brasileira de Sinais como disciplina especial, para os estudantes dos Cursos de Gradua\u00e7\u00e3o, na habilita\u00e7\u00e3o bacharelado, da Universidade Estadual de Londrina.<\/p>\n\n\n\n<p>A atividade acad\u00eamica de Libras \u2013 L\u00edngua Brasileira de Sinais passa a ser ofertada como disciplina especial para os estudantes matriculados nos Cursos de Gradua\u00e7\u00e3o, na habilita\u00e7\u00e3o bacharelado, da Universidade Estadual de Londrina.<\/p>\n\n\n\n<ul class=\"wp-block-list\">\n<li>A carga hor\u00e1ria da atividade acad\u00eamica ser\u00e1 registrada no hist\u00f3rico escolar do estudante como AAC \u2013 Atividade Acad\u00eamica Complementar.<\/li>\n<\/ul>\n\n\n\n<p>Caber\u00e1 aos Colegiados dos Cursos de Gradua\u00e7\u00e3o, habilita\u00e7\u00e3o bacharelado, dar ampla divulga\u00e7\u00e3o \u00e0 oferta de Libras aos estudantes.<\/p>\n\n\n\n<p>A oferta da disciplina de Libras nos Cursos de Gradua\u00e7\u00e3o, habilita\u00e7\u00e3o bacharelado, no que se refere ao n\u00famero de estudantes e carga hor\u00e1ria, seguir\u00e1 o disposto na Resolu\u00e7\u00e3o CEPE\/CA N\u00ba 030\/2012 e Delibera\u00e7\u00e3o da C\u00e2mara de Gradua\u00e7\u00e3o N\u00ba 004\/2010.<\/p>\n\n\n\n<p>A ementa da disciplina de Libras para os Cursos de Gradua\u00e7\u00e3o, habilita\u00e7\u00e3o bacharelado, ser\u00e1 a seguinte:<\/p>\n\n\n\n<ul class=\"wp-block-list\">\n<li>O sujeito surdo: conceitos, cultura e a rela\u00e7\u00e3o hist\u00f3rica da surdez com a l\u00edngua de sinais; an\u00e1lise das tend\u00eancias educacionais; segrega\u00e7\u00e3o, inclus\u00e3o e bilinguismo.<\/li>\n\n\n\n<li>No\u00e7\u00f5es lingu\u00edsticas de Libras: aspectos l\u00f3gicos, morfol\u00f3gicos e gramaticais (sintaxe).<\/li>\n\n\n\n<li>No\u00e7\u00f5es b\u00e1sicas contextualizadas de l\u00edngua de sinais.<\/li>\n\n\n\n<li>An\u00e1lise do processo de tradu\u00e7\u00e3o e interpreta\u00e7\u00e3o: Libras \u2013 Portugu\u00eas, Portugu\u00eas \u2013 Libras.<\/li>\n\n\n\n<li>O papel do int\u00e9rprete.<\/li>\n\n\n\n<li>A leitura e a escrita dos surdos.<\/li>\n<\/ul>\n\n\n\n<p>Fica vedada a oferta de Libras como disciplina optativa nos Cursos de Gradua\u00e7\u00e3o da UEL, habilita\u00e7\u00e3o bacharelado.<\/p>\n","protected":false},"excerpt":{"rendered":"<p>. A Resolu\u00e7\u00e3o CEPE N\u00ba 056\/2015 institui a oferta de Libras \u2013 L\u00edngua Brasileira de Sinais como disciplina especial, para os estudantes dos Cursos de Gradua\u00e7\u00e3o, na habilita\u00e7\u00e3o bacharelado, da Universidade Estadual de Londrina. A atividade acad\u00eamica de Libras \u2013 L\u00edngua Brasileira de Sinais passa a ser ofertada como disciplina especial para os estudantes matriculados [&hellip;]<\/p>\n","protected":false},"author":8,"featured_media":0,"parent":0,"menu_order":0,"comment_status":"closed","ping_status":"closed","template":"","meta":{"footnotes":""},"class_list":["post-2764","page","type-page","status-publish","hentry"],"acf":[],"_links":{"self":[{"href":"https:\/\/sites.uel.br\/pdi\/wp-json\/wp\/v2\/pages\/2764","targetHints":{"allow":["GET"]}}],"collection":[{"href":"https:\/\/sites.uel.br\/pdi\/wp-json\/wp\/v2\/pages"}],"about":[{"href":"https:\/\/sites.uel.br\/pdi\/wp-json\/wp\/v2\/types\/page"}],"author":[{"embeddable":true,"href":"https:\/\/sites.uel.br\/pdi\/wp-json\/wp\/v2\/users\/8"}],"replies":[{"embeddable":true,"href":"https:\/\/sites.uel.br\/pdi\/wp-json\/wp\/v2\/comments?post=2764"}],"version-history":[{"count":1,"href":"https:\/\/sites.uel.br\/pdi\/wp-json\/wp\/v2\/pages\/2764\/revisions"}],"predecessor-version":[{"id":2765,"href":"https:\/\/sites.uel.br\/pdi\/wp-json\/wp\/v2\/pages\/2764\/revisions\/2765"}],"wp:attachment":[{"href":"https:\/\/sites.uel.br\/pdi\/wp-json\/wp\/v2\/media?parent=2764"}],"curies":[{"name":"wp","href":"https:\/\/api.w.org\/{rel}","templated":true}]}}

Atividade Acadêmica de Língua Brasileira de Sinais

<p class="has-white-color has-text-color">.</p>



<p>A Resolução CEPE Nº 056/2015 institui a oferta de Libras – Língua Brasileira de Sinais como disciplina especial, para os estudantes dos Cursos de Graduação, na habilitação bacharelado, da Universidade Estadual de Londrina.</p>



<p>A atividade acadêmica de Libras – Língua Brasileira de Sinais passa a ser ofertada como disciplina especial para os estudantes matriculados nos Cursos de Graduação, na habilitação bacharelado, da Universidade Estadual de Londrina.</p>



<ul class="wp-block-list">
<li>A carga horária da atividade acadêmica será registrada no histórico escolar do estudante como AAC – Atividade Acadêmica Complementar.</li>
</ul>



<p>Caberá aos Colegiados dos Cursos de Graduação, habilitação bacharelado, dar ampla divulgação à oferta de Libras aos estudantes.</p>



<p>A oferta da disciplina de Libras nos Cursos de Graduação, habilitação bacharelado, no que se refere ao número de estudantes e carga horária, seguirá o disposto na Resolução CEPE/CA Nº 030/2012 e Deliberação da Câmara de Graduação Nº 004/2010.</p>



<p>A ementa da disciplina de Libras para os Cursos de Graduação, habilitação bacharelado, será a seguinte:</p>



<ul class="wp-block-list">
<li>O sujeito surdo: conceitos, cultura e a relação histórica da surdez com a língua de sinais; análise das tendências educacionais; segregação, inclusão e bilinguismo.</li>



<li>Noções linguísticas de Libras: aspectos lógicos, morfológicos e gramaticais (sintaxe).</li>



<li>Noções básicas contextualizadas de língua de sinais.</li>



<li>Análise do processo de tradução e interpretação: Libras – Português, Português – Libras.</li>



<li>O papel do intérprete.</li>



<li>A leitura e a escrita dos surdos.</li>
</ul>



<p>Fica vedada a oferta de Libras como disciplina optativa nos Cursos de Graduação da UEL, habilitação bacharelado.</p>

<p>. A Resolução CEPE Nº 056/2015 institui a oferta de Libras – Língua Brasileira de Sinais como disciplina especial, para os estudantes dos Cursos de Graduação, na habilitação bacharelado, da Universidade Estadual de Londrina. A atividade acadêmica de Libras – Língua Brasileira de Sinais passa a ser ofertada como disciplina especial para os estudantes matriculados [&hellip;]</p>
