{"id":2717,"date":"2022-11-13T11:45:36","date_gmt":"2022-11-13T14:45:36","guid":{"rendered":"https:\/\/sites.uel.br\/pdi\/?page_id=2717"},"modified":"2022-11-13T11:45:36","modified_gmt":"2022-11-13T14:45:36","slug":"portador-de-diploma","status":"publish","type":"page","link":"https:\/\/sites.uel.br\/pdi\/portador-de-diploma\/","title":{"rendered":"Portador de Diploma"},"content":{"rendered":"\n<p class=\"has-white-color has-text-color\">.<\/p>\n\n\n\n<p>Direcionada para pessoas com diploma de n\u00edvel superior. S\u00e3o op\u00e7\u00f5es: nova habilita\u00e7\u00e3o ou outra habilita\u00e7\u00e3o do mesmo curso conclu\u00eddo.\u00a0Editais pela Pr\u00f3-reitoria de Gradua\u00e7\u00e3o (PROGRAD), conforme calend\u00e1rio das atividades de ensino dos cursos de gradua\u00e7\u00e3o.\u00a0<\/p>\n","protected":false},"excerpt":{"rendered":"<p>. Direcionada para pessoas com diploma de n\u00edvel superior. S\u00e3o op\u00e7\u00f5es: nova habilita\u00e7\u00e3o ou outra habilita\u00e7\u00e3o do mesmo curso conclu\u00eddo.\u00a0Editais pela Pr\u00f3-reitoria de Gradua\u00e7\u00e3o (PROGRAD), conforme calend\u00e1rio das atividades de ensino dos cursos de gradua\u00e7\u00e3o.\u00a0<\/p>\n","protected":false},"author":8,"featured_media":0,"parent":0,"menu_order":0,"comment_status":"closed","ping_status":"closed","template":"","meta":{"footnotes":""},"class_list":["post-2717","page","type-page","status-publish","hentry"],"acf":[],"_links":{"self":[{"href":"https:\/\/sites.uel.br\/pdi\/wp-json\/wp\/v2\/pages\/2717","targetHints":{"allow":["GET"]}}],"collection":[{"href":"https:\/\/sites.uel.br\/pdi\/wp-json\/wp\/v2\/pages"}],"about":[{"href":"https:\/\/sites.uel.br\/pdi\/wp-json\/wp\/v2\/types\/page"}],"author":[{"embeddable":true,"href":"https:\/\/sites.uel.br\/pdi\/wp-json\/wp\/v2\/users\/8"}],"replies":[{"embeddable":true,"href":"https:\/\/sites.uel.br\/pdi\/wp-json\/wp\/v2\/comments?post=2717"}],"version-history":[{"count":1,"href":"https:\/\/sites.uel.br\/pdi\/wp-json\/wp\/v2\/pages\/2717\/revisions"}],"predecessor-version":[{"id":2718,"href":"https:\/\/sites.uel.br\/pdi\/wp-json\/wp\/v2\/pages\/2717\/revisions\/2718"}],"wp:attachment":[{"href":"https:\/\/sites.uel.br\/pdi\/wp-json\/wp\/v2\/media?parent=2717"}],"curies":[{"name":"wp","href":"https:\/\/api.w.org\/{rel}","templated":true}]}}

<p class="has-white-color has-text-color">.</p>



<p>Direcionada para pessoas com diploma de nível superior. São opções: nova habilitação ou outra habilitação do mesmo curso concluído. Editais pela Pró-reitoria de Graduação (PROGRAD), conforme calendário das atividades de ensino dos cursos de graduação. </p>

<p>. Direcionada para pessoas com diploma de nível superior. São opções: nova habilitação ou outra habilitação do mesmo curso concluído. Editais pela Pró-reitoria de Graduação (PROGRAD), conforme calendário das atividades de ensino dos cursos de graduação. </p>
