{"id":2715,"date":"2022-11-13T11:43:57","date_gmt":"2022-11-13T14:43:57","guid":{"rendered":"https:\/\/sites.uel.br\/pdi\/?page_id=2715"},"modified":"2022-11-13T11:47:38","modified_gmt":"2022-11-13T14:47:38","slug":"transferencia-externa","status":"publish","type":"page","link":"https:\/\/sites.uel.br\/pdi\/transferencia-externa\/","title":{"rendered":"Transfer\u00eancia Externa"},"content":{"rendered":"\n<p class=\"has-white-color has-text-color\">.<\/p>\n\n\n\n<p>\u00c9 destinado ao preenchimento das vagas n\u00e3o ocupadas em cursos de gradua\u00e7\u00e3o da UEL.Conforme previsto em Edital, ter\u00e1 prioridade, no atendimento \u00e0 transfer\u00eancia externa, o candidato matriculado em Institui\u00e7\u00e3o de Ensino Superior P\u00fablica brasileira, em Institui\u00e7\u00e3o de Ensino Superior Particular brasileira e Institui\u00e7\u00e3o de Ensino Superior de outro pa\u00eds.\u00a0A sele\u00e7\u00e3o \u00e9 coordenada pela Pr\u00f3-reitoria de Gradua\u00e7\u00e3o (PROGRAD) e Coordenadoria de Processos Seletivos (COPS).<\/p>\n","protected":false},"excerpt":{"rendered":"<p>. \u00c9 destinado ao preenchimento das vagas n\u00e3o ocupadas em cursos de gradua\u00e7\u00e3o da UEL.Conforme previsto em Edital, ter\u00e1 prioridade, no atendimento \u00e0 transfer\u00eancia externa, o candidato matriculado em Institui\u00e7\u00e3o de Ensino Superior P\u00fablica brasileira, em Institui\u00e7\u00e3o de Ensino Superior Particular brasileira e Institui\u00e7\u00e3o de Ensino Superior de outro pa\u00eds.\u00a0A sele\u00e7\u00e3o \u00e9 coordenada pela Pr\u00f3-reitoria [&hellip;]<\/p>\n","protected":false},"author":8,"featured_media":0,"parent":0,"menu_order":0,"comment_status":"closed","ping_status":"closed","template":"","meta":{"footnotes":""},"class_list":["post-2715","page","type-page","status-publish","hentry"],"acf":[],"_links":{"self":[{"href":"https:\/\/sites.uel.br\/pdi\/wp-json\/wp\/v2\/pages\/2715","targetHints":{"allow":["GET"]}}],"collection":[{"href":"https:\/\/sites.uel.br\/pdi\/wp-json\/wp\/v2\/pages"}],"about":[{"href":"https:\/\/sites.uel.br\/pdi\/wp-json\/wp\/v2\/types\/page"}],"author":[{"embeddable":true,"href":"https:\/\/sites.uel.br\/pdi\/wp-json\/wp\/v2\/users\/8"}],"replies":[{"embeddable":true,"href":"https:\/\/sites.uel.br\/pdi\/wp-json\/wp\/v2\/comments?post=2715"}],"version-history":[{"count":2,"href":"https:\/\/sites.uel.br\/pdi\/wp-json\/wp\/v2\/pages\/2715\/revisions"}],"predecessor-version":[{"id":2721,"href":"https:\/\/sites.uel.br\/pdi\/wp-json\/wp\/v2\/pages\/2715\/revisions\/2721"}],"wp:attachment":[{"href":"https:\/\/sites.uel.br\/pdi\/wp-json\/wp\/v2\/media?parent=2715"}],"curies":[{"name":"wp","href":"https:\/\/api.w.org\/{rel}","templated":true}]}}

Transferência Externa

<p class="has-white-color has-text-color">.</p>



<p>É destinado ao preenchimento das vagas não ocupadas em cursos de graduação da UEL.Conforme previsto em Edital, terá prioridade, no atendimento à transferência externa, o candidato matriculado em Instituição de Ensino Superior Pública brasileira, em Instituição de Ensino Superior Particular brasileira e Instituição de Ensino Superior de outro país. A seleção é coordenada pela Pró-reitoria de Graduação (PROGRAD) e Coordenadoria de Processos Seletivos (COPS).</p>

<p>. É destinado ao preenchimento das vagas não ocupadas em cursos de graduação da UEL.Conforme previsto em Edital, terá prioridade, no atendimento à transferência externa, o candidato matriculado em Instituição de Ensino Superior Pública brasileira, em Instituição de Ensino Superior Particular brasileira e Instituição de Ensino Superior de outro país. A seleção é coordenada pela Pró-reitoria [&hellip;]</p>
