{"id":2713,"date":"2022-11-13T11:43:05","date_gmt":"2022-11-13T14:43:05","guid":{"rendered":"https:\/\/sites.uel.br\/pdi\/?page_id=2713"},"modified":"2022-11-13T11:43:05","modified_gmt":"2022-11-13T14:43:05","slug":"exame-nacional-do-ensino-medio","status":"publish","type":"page","link":"https:\/\/sites.uel.br\/pdi\/exame-nacional-do-ensino-medio\/","title":{"rendered":"Exame Nacional do Ensino M\u00e9dio"},"content":{"rendered":"\n<p class=\"has-white-color has-text-color\">.<\/p>\n\n\n\n<p>Para participar do processo de sele\u00e7\u00e3o pelo ENEM \u00e9 necess\u00e1rio ter feito o ENEM nos \u00faltimos anos, uma vez que a nota deste exame ser\u00e1 utilizada para a sele\u00e7\u00e3o. Os editais do Enem s\u00e3o disponibilizados para preenchimento de\u00a0<strong>vagas remanescentes<\/strong>\u00a0em cursos de gradua\u00e7\u00e3o da UEL, conforme divulga\u00e7\u00e3o da Pr\u00f3-reitoria de Gradua\u00e7\u00e3o e Coordenadoria de Processos Seletivos (COPS).<\/p>\n","protected":false},"excerpt":{"rendered":"<p>. Para participar do processo de sele\u00e7\u00e3o pelo ENEM \u00e9 necess\u00e1rio ter feito o ENEM nos \u00faltimos anos, uma vez que a nota deste exame ser\u00e1 utilizada para a sele\u00e7\u00e3o. Os editais do Enem s\u00e3o disponibilizados para preenchimento de\u00a0vagas remanescentes\u00a0em cursos de gradua\u00e7\u00e3o da UEL, conforme divulga\u00e7\u00e3o da Pr\u00f3-reitoria de Gradua\u00e7\u00e3o e Coordenadoria de Processos [&hellip;]<\/p>\n","protected":false},"author":8,"featured_media":0,"parent":0,"menu_order":0,"comment_status":"closed","ping_status":"closed","template":"","meta":{"footnotes":""},"class_list":["post-2713","page","type-page","status-publish","hentry"],"acf":[],"_links":{"self":[{"href":"https:\/\/sites.uel.br\/pdi\/wp-json\/wp\/v2\/pages\/2713","targetHints":{"allow":["GET"]}}],"collection":[{"href":"https:\/\/sites.uel.br\/pdi\/wp-json\/wp\/v2\/pages"}],"about":[{"href":"https:\/\/sites.uel.br\/pdi\/wp-json\/wp\/v2\/types\/page"}],"author":[{"embeddable":true,"href":"https:\/\/sites.uel.br\/pdi\/wp-json\/wp\/v2\/users\/8"}],"replies":[{"embeddable":true,"href":"https:\/\/sites.uel.br\/pdi\/wp-json\/wp\/v2\/comments?post=2713"}],"version-history":[{"count":1,"href":"https:\/\/sites.uel.br\/pdi\/wp-json\/wp\/v2\/pages\/2713\/revisions"}],"predecessor-version":[{"id":2714,"href":"https:\/\/sites.uel.br\/pdi\/wp-json\/wp\/v2\/pages\/2713\/revisions\/2714"}],"wp:attachment":[{"href":"https:\/\/sites.uel.br\/pdi\/wp-json\/wp\/v2\/media?parent=2713"}],"curies":[{"name":"wp","href":"https:\/\/api.w.org\/{rel}","templated":true}]}}

Exame Nacional do Ensino Médio

<p class="has-white-color has-text-color">.</p>



<p>Para participar do processo de seleção pelo ENEM é necessário ter feito o ENEM nos últimos anos, uma vez que a nota deste exame será utilizada para a seleção. Os editais do Enem são disponibilizados para preenchimento de <strong>vagas remanescentes</strong> em cursos de graduação da UEL, conforme divulgação da Pró-reitoria de Graduação e Coordenadoria de Processos Seletivos (COPS).</p>

<p>. Para participar do processo de seleção pelo ENEM é necessário ter feito o ENEM nos últimos anos, uma vez que a nota deste exame será utilizada para a seleção. Os editais do Enem são disponibilizados para preenchimento de vagas remanescentes em cursos de graduação da UEL, conforme divulgação da Pró-reitoria de Graduação e Coordenadoria de Processos [&hellip;]</p>
