{"id":2711,"date":"2022-11-13T11:41:42","date_gmt":"2022-11-13T14:41:42","guid":{"rendered":"https:\/\/sites.uel.br\/pdi\/?page_id=2711"},"modified":"2022-11-13T11:48:25","modified_gmt":"2022-11-13T14:48:25","slug":"sistema-de-selecao-unificada","status":"publish","type":"page","link":"https:\/\/sites.uel.br\/pdi\/sistema-de-selecao-unificada\/","title":{"rendered":"Sistema de Sele\u00e7\u00e3o Unificada"},"content":{"rendered":"\n<p class=\"has-white-color has-text-color\">.<\/p>\n\n\n\n<p>Para os estudantes que pretendem ingressar pelo SISU, a UEL oferta, para o\u00a0ano de 2022, 616 vagas em v\u00e1rios\u00a0cursos de gradua\u00e7\u00e3o, considerando diferentes turnos e habilita\u00e7\u00f5es, de diversas \u00e1reas de conhecimento. O edital ser\u00e1\u00a0 pela Pr\u00f3-reitoria de Gradua\u00e7\u00e3o e pela Coordenadoria de Processos Seletivos.<\/p>\n","protected":false},"excerpt":{"rendered":"<p>. Para os estudantes que pretendem ingressar pelo SISU, a UEL oferta, para o\u00a0ano de 2022, 616 vagas em v\u00e1rios\u00a0cursos de gradua\u00e7\u00e3o, considerando diferentes turnos e habilita\u00e7\u00f5es, de diversas \u00e1reas de conhecimento. O edital ser\u00e1\u00a0 pela Pr\u00f3-reitoria de Gradua\u00e7\u00e3o e pela Coordenadoria de Processos Seletivos.<\/p>\n","protected":false},"author":8,"featured_media":0,"parent":0,"menu_order":0,"comment_status":"closed","ping_status":"closed","template":"","meta":{"footnotes":""},"class_list":["post-2711","page","type-page","status-publish","hentry"],"acf":[],"_links":{"self":[{"href":"https:\/\/sites.uel.br\/pdi\/wp-json\/wp\/v2\/pages\/2711","targetHints":{"allow":["GET"]}}],"collection":[{"href":"https:\/\/sites.uel.br\/pdi\/wp-json\/wp\/v2\/pages"}],"about":[{"href":"https:\/\/sites.uel.br\/pdi\/wp-json\/wp\/v2\/types\/page"}],"author":[{"embeddable":true,"href":"https:\/\/sites.uel.br\/pdi\/wp-json\/wp\/v2\/users\/8"}],"replies":[{"embeddable":true,"href":"https:\/\/sites.uel.br\/pdi\/wp-json\/wp\/v2\/comments?post=2711"}],"version-history":[{"count":2,"href":"https:\/\/sites.uel.br\/pdi\/wp-json\/wp\/v2\/pages\/2711\/revisions"}],"predecessor-version":[{"id":2722,"href":"https:\/\/sites.uel.br\/pdi\/wp-json\/wp\/v2\/pages\/2711\/revisions\/2722"}],"wp:attachment":[{"href":"https:\/\/sites.uel.br\/pdi\/wp-json\/wp\/v2\/media?parent=2711"}],"curies":[{"name":"wp","href":"https:\/\/api.w.org\/{rel}","templated":true}]}}

Sistema de Seleção Unificada

<p class="has-white-color has-text-color">.</p>



<p>Para os estudantes que pretendem ingressar pelo SISU, a UEL oferta, para o ano de 2022, 616 vagas em vários cursos de graduação, considerando diferentes turnos e habilitações, de diversas áreas de conhecimento. O edital será  pela Pró-reitoria de Graduação e pela Coordenadoria de Processos Seletivos.</p>

<p>. Para os estudantes que pretendem ingressar pelo SISU, a UEL oferta, para o ano de 2022, 616 vagas em vários cursos de graduação, considerando diferentes turnos e habilitações, de diversas áreas de conhecimento. O edital será  pela Pró-reitoria de Graduação e pela Coordenadoria de Processos Seletivos.</p>
