{"id":2707,"date":"2022-11-13T11:39:29","date_gmt":"2022-11-13T14:39:29","guid":{"rendered":"https:\/\/sites.uel.br\/pdi\/?page_id=2707"},"modified":"2022-11-13T11:39:29","modified_gmt":"2022-11-13T14:39:29","slug":"processo-seletivo-para-ingresso","status":"publish","type":"page","link":"https:\/\/sites.uel.br\/pdi\/processo-seletivo-para-ingresso\/","title":{"rendered":"Processo Seletivo para Ingresso"},"content":{"rendered":"\n<p class=\"has-text-color\" style=\"color:#f4f4f4\">.<\/p>\n\n\n\n<p>O processo seletivo de ingresso consiste na avalia\u00e7\u00e3o dos conhecimentos comuns \u00e0s diversas formas de educa\u00e7\u00e3o de ensino m\u00e9dio ou equivalente e da aptid\u00e3o intelectual do candidato para estudos superiores, atendidas as exig\u00eancias da legisla\u00e7\u00e3o vigente.<\/p>\n\n\n\n<ul class=\"wp-block-list\">\n<li>O Conselho de Ensino, Pesquisa e Extens\u00e3o poder\u00e1 dispor sobre outras formas de ingresso nos cursos, desde que atendidas as disposi\u00e7\u00f5es legais.<\/li>\n<\/ul>\n","protected":false},"excerpt":{"rendered":"<p>. O processo seletivo de ingresso consiste na avalia\u00e7\u00e3o dos conhecimentos comuns \u00e0s diversas formas de educa\u00e7\u00e3o de ensino m\u00e9dio ou equivalente e da aptid\u00e3o intelectual do candidato para estudos superiores, atendidas as exig\u00eancias da legisla\u00e7\u00e3o vigente.<\/p>\n","protected":false},"author":8,"featured_media":0,"parent":0,"menu_order":0,"comment_status":"closed","ping_status":"closed","template":"","meta":{"footnotes":""},"class_list":["post-2707","page","type-page","status-publish","hentry"],"acf":[],"_links":{"self":[{"href":"https:\/\/sites.uel.br\/pdi\/wp-json\/wp\/v2\/pages\/2707","targetHints":{"allow":["GET"]}}],"collection":[{"href":"https:\/\/sites.uel.br\/pdi\/wp-json\/wp\/v2\/pages"}],"about":[{"href":"https:\/\/sites.uel.br\/pdi\/wp-json\/wp\/v2\/types\/page"}],"author":[{"embeddable":true,"href":"https:\/\/sites.uel.br\/pdi\/wp-json\/wp\/v2\/users\/8"}],"replies":[{"embeddable":true,"href":"https:\/\/sites.uel.br\/pdi\/wp-json\/wp\/v2\/comments?post=2707"}],"version-history":[{"count":1,"href":"https:\/\/sites.uel.br\/pdi\/wp-json\/wp\/v2\/pages\/2707\/revisions"}],"predecessor-version":[{"id":2708,"href":"https:\/\/sites.uel.br\/pdi\/wp-json\/wp\/v2\/pages\/2707\/revisions\/2708"}],"wp:attachment":[{"href":"https:\/\/sites.uel.br\/pdi\/wp-json\/wp\/v2\/media?parent=2707"}],"curies":[{"name":"wp","href":"https:\/\/api.w.org\/{rel}","templated":true}]}}

<p class="has-text-color" style="color:#f4f4f4">.</p>



<p>O processo seletivo de ingresso consiste na avaliação dos conhecimentos comuns às diversas formas de educação de ensino médio ou equivalente e da aptidão intelectual do candidato para estudos superiores, atendidas as exigências da legislação vigente.</p>



<ul class="wp-block-list">
<li>O Conselho de Ensino, Pesquisa e Extensão poderá dispor sobre outras formas de ingresso nos cursos, desde que atendidas as disposições legais.</li>
</ul>

<p>. O processo seletivo de ingresso consiste na avaliação dos conhecimentos comuns às diversas formas de educação de ensino médio ou equivalente e da aptidão intelectual do candidato para estudos superiores, atendidas as exigências da legislação vigente.</p>
