{"id":2684,"date":"2022-11-13T11:03:06","date_gmt":"2022-11-13T14:03:06","guid":{"rendered":"https:\/\/sites.uel.br\/pdi\/?page_id=2684"},"modified":"2022-11-13T11:19:14","modified_gmt":"2022-11-13T14:19:14","slug":"pos-graduacao-stricto-sensu-objetivos","status":"publish","type":"page","link":"https:\/\/sites.uel.br\/pdi\/pos-graduacao-stricto-sensu-objetivos\/","title":{"rendered":"P\u00f3s-Gradua\u00e7\u00e3o Stricto Sensu &#8211; Objetivos e Modalidades"},"content":{"rendered":"\n<p class=\"has-text-color\" style=\"color:#fefefe\">.<br><\/p>\n\n\n\n<p>Os Programas de P\u00f3s-Gradua\u00e7\u00e3o Stricto Sensu da UEL t\u00eam por objetivo a prepara\u00e7\u00e3o de recursos humanos para a carreira docente, para o desenvolvimento de pesquisas nas \u00e1reas de conhecimento dos programas e o exerc\u00edcio profissional, por meio das atividades integradas de ensino, pesquisa e extens\u00e3o.<\/p>\n\n\n\n<p>A P\u00f3s-Gradua\u00e7\u00e3o Stricto Sensu compreende dois n\u00edveis interdependentes e conclusivos, Mestrado e Doutorado, sem que o primeiro seja necessariamente requisito para o segundo.<\/p>\n\n\n\n<p>Os Programas de P\u00f3s-Gradua\u00e7\u00e3o Stricto Sensu poder\u00e3o ser constitu\u00eddos por Cursos de Mestrado Acad\u00eamico, Doutorado Acad\u00eamico ou Mestrado Profissional, sendo que o \u00faltimo segue Resolu\u00e7\u00e3o espec\u00edfica do Conselho de Ensino, pesquisa e Extens\u00e3o.<\/p>\n\n\n\n<p>Os Programas de P\u00f3s-Gradua\u00e7\u00e3o Stricto Sensu poder\u00e3o ser ofertados nas seguintes modalidades:<\/p>\n\n\n\n<ul class=\"wp-block-list\">\n<li>Na sede;<\/li>\n\n\n\n<li>Fora da sede;<\/li>\n\n\n\n<li>Associado;<\/li>\n\n\n\n<li>Em rede.<\/li>\n<\/ul>\n","protected":false},"excerpt":{"rendered":"<p>. Os Programas de P\u00f3s-Gradua\u00e7\u00e3o Stricto Sensu da UEL t\u00eam por objetivo a prepara\u00e7\u00e3o de recursos humanos para a carreira docente, para o desenvolvimento de pesquisas nas \u00e1reas de conhecimento dos programas e o exerc\u00edcio profissional, por meio das atividades integradas de ensino, pesquisa e extens\u00e3o. A P\u00f3s-Gradua\u00e7\u00e3o Stricto Sensu compreende dois n\u00edveis interdependentes e [&hellip;]<\/p>\n","protected":false},"author":8,"featured_media":0,"parent":0,"menu_order":0,"comment_status":"closed","ping_status":"closed","template":"","meta":{"footnotes":""},"class_list":["post-2684","page","type-page","status-publish","hentry"],"acf":[],"_links":{"self":[{"href":"https:\/\/sites.uel.br\/pdi\/wp-json\/wp\/v2\/pages\/2684","targetHints":{"allow":["GET"]}}],"collection":[{"href":"https:\/\/sites.uel.br\/pdi\/wp-json\/wp\/v2\/pages"}],"about":[{"href":"https:\/\/sites.uel.br\/pdi\/wp-json\/wp\/v2\/types\/page"}],"author":[{"embeddable":true,"href":"https:\/\/sites.uel.br\/pdi\/wp-json\/wp\/v2\/users\/8"}],"replies":[{"embeddable":true,"href":"https:\/\/sites.uel.br\/pdi\/wp-json\/wp\/v2\/comments?post=2684"}],"version-history":[{"count":2,"href":"https:\/\/sites.uel.br\/pdi\/wp-json\/wp\/v2\/pages\/2684\/revisions"}],"predecessor-version":[{"id":2693,"href":"https:\/\/sites.uel.br\/pdi\/wp-json\/wp\/v2\/pages\/2684\/revisions\/2693"}],"wp:attachment":[{"href":"https:\/\/sites.uel.br\/pdi\/wp-json\/wp\/v2\/media?parent=2684"}],"curies":[{"name":"wp","href":"https:\/\/api.w.org\/{rel}","templated":true}]}}

Pós-Graduação Stricto Sensu &#8211; Objetivos e Modalidades

<p class="has-text-color" style="color:#fefefe">.<br></p>



<p>Os Programas de Pós-Graduação Stricto Sensu da UEL têm por objetivo a preparação de recursos humanos para a carreira docente, para o desenvolvimento de pesquisas nas áreas de conhecimento dos programas e o exercício profissional, por meio das atividades integradas de ensino, pesquisa e extensão.</p>



<p>A Pós-Graduação Stricto Sensu compreende dois níveis interdependentes e conclusivos, Mestrado e Doutorado, sem que o primeiro seja necessariamente requisito para o segundo.</p>



<p>Os Programas de Pós-Graduação Stricto Sensu poderão ser constituídos por Cursos de Mestrado Acadêmico, Doutorado Acadêmico ou Mestrado Profissional, sendo que o último segue Resolução específica do Conselho de Ensino, pesquisa e Extensão.</p>



<p>Os Programas de Pós-Graduação Stricto Sensu poderão ser ofertados nas seguintes modalidades:</p>



<ul class="wp-block-list">
<li>Na sede;</li>



<li>Fora da sede;</li>



<li>Associado;</li>



<li>Em rede.</li>
</ul>

<p>. Os Programas de Pós-Graduação Stricto Sensu da UEL têm por objetivo a preparação de recursos humanos para a carreira docente, para o desenvolvimento de pesquisas nas áreas de conhecimento dos programas e o exercício profissional, por meio das atividades integradas de ensino, pesquisa e extensão. A Pós-Graduação Stricto Sensu compreende dois níveis interdependentes e [&hellip;]</p>
