{"id":2670,"date":"2022-11-13T10:50:31","date_gmt":"2022-11-13T13:50:31","guid":{"rendered":"https:\/\/sites.uel.br\/pdi\/?page_id=2670"},"modified":"2022-11-13T11:19:02","modified_gmt":"2022-11-13T14:19:02","slug":"pos-graduacao-lato-sensu-objetivos","status":"publish","type":"page","link":"https:\/\/sites.uel.br\/pdi\/pos-graduacao-lato-sensu-objetivos\/","title":{"rendered":"P\u00f3s-Gradua\u00e7\u00e3o Lato Sensu &#8211; Objetivos e Modalidades"},"content":{"rendered":"\n<p class=\"has-text-color\" style=\"color:#fefefe\">.<\/p>\n\n\n\n<p>Os Cursos de P\u00f3s-Gradua\u00e7\u00e3o Lato Sensu, abertos \u00e0 matr\u00edcula de candidatos graduados em n\u00edvel superior, t\u00eam por objetivo atualizar e melhorar os conhecimentos e t\u00e9cnicas de trabalho e preparar especialistas em setores restritos de estudo.<\/p>\n\n\n\n<p>Os Cursos de P\u00f3s-Gradua\u00e7\u00e3o Lato Sensu poder\u00e3o ser de qualifica\u00e7\u00e3o de docentes para o ensino, pesquisa ou predominantemente profissionalizante.<\/p>\n\n\n\n<p>Os Cursos de P\u00f3s-Gradua\u00e7\u00e3o Lato Sensu poder\u00e3o ser ofertados nas seguintes modalidades:<\/p>\n\n\n\n<ul class=\"wp-block-list\">\n<li>Presencial;<\/li>\n\n\n\n<li>Fora de Sede;<\/li>\n\n\n\n<li>a dist\u00e2ncia (EaD).<\/li>\n<\/ul>\n\n\n\n<p><\/p>\n","protected":false},"excerpt":{"rendered":"<p>. Os Cursos de P\u00f3s-Gradua\u00e7\u00e3o Lato Sensu, abertos \u00e0 matr\u00edcula de candidatos graduados em n\u00edvel superior, t\u00eam por objetivo atualizar e melhorar os conhecimentos e t\u00e9cnicas de trabalho e preparar especialistas em setores restritos de estudo. Os Cursos de P\u00f3s-Gradua\u00e7\u00e3o Lato Sensu poder\u00e3o ser de qualifica\u00e7\u00e3o de docentes para o ensino, pesquisa ou predominantemente profissionalizante. [&hellip;]<\/p>\n","protected":false},"author":8,"featured_media":0,"parent":0,"menu_order":0,"comment_status":"closed","ping_status":"closed","template":"","meta":{"footnotes":""},"class_list":["post-2670","page","type-page","status-publish","hentry"],"acf":[],"_links":{"self":[{"href":"https:\/\/sites.uel.br\/pdi\/wp-json\/wp\/v2\/pages\/2670","targetHints":{"allow":["GET"]}}],"collection":[{"href":"https:\/\/sites.uel.br\/pdi\/wp-json\/wp\/v2\/pages"}],"about":[{"href":"https:\/\/sites.uel.br\/pdi\/wp-json\/wp\/v2\/types\/page"}],"author":[{"embeddable":true,"href":"https:\/\/sites.uel.br\/pdi\/wp-json\/wp\/v2\/users\/8"}],"replies":[{"embeddable":true,"href":"https:\/\/sites.uel.br\/pdi\/wp-json\/wp\/v2\/comments?post=2670"}],"version-history":[{"count":2,"href":"https:\/\/sites.uel.br\/pdi\/wp-json\/wp\/v2\/pages\/2670\/revisions"}],"predecessor-version":[{"id":2692,"href":"https:\/\/sites.uel.br\/pdi\/wp-json\/wp\/v2\/pages\/2670\/revisions\/2692"}],"wp:attachment":[{"href":"https:\/\/sites.uel.br\/pdi\/wp-json\/wp\/v2\/media?parent=2670"}],"curies":[{"name":"wp","href":"https:\/\/api.w.org\/{rel}","templated":true}]}}

Pós-Graduação Lato Sensu &#8211; Objetivos e Modalidades

<p class="has-text-color" style="color:#fefefe">.</p>



<p>Os Cursos de Pós-Graduação Lato Sensu, abertos à matrícula de candidatos graduados em nível superior, têm por objetivo atualizar e melhorar os conhecimentos e técnicas de trabalho e preparar especialistas em setores restritos de estudo.</p>



<p>Os Cursos de Pós-Graduação Lato Sensu poderão ser de qualificação de docentes para o ensino, pesquisa ou predominantemente profissionalizante.</p>



<p>Os Cursos de Pós-Graduação Lato Sensu poderão ser ofertados nas seguintes modalidades:</p>



<ul class="wp-block-list">
<li>Presencial;</li>



<li>Fora de Sede;</li>



<li>a distância (EaD).</li>
</ul>



<p></p>

<p>. Os Cursos de Pós-Graduação Lato Sensu, abertos à matrícula de candidatos graduados em nível superior, têm por objetivo atualizar e melhorar os conhecimentos e técnicas de trabalho e preparar especialistas em setores restritos de estudo. Os Cursos de Pós-Graduação Lato Sensu poderão ser de qualificação de docentes para o ensino, pesquisa ou predominantemente profissionalizante. [&hellip;]</p>
