{"id":2652,"date":"2022-11-13T10:25:32","date_gmt":"2022-11-13T13:25:32","guid":{"rendered":"https:\/\/sites.uel.br\/pdi\/?page_id=2652"},"modified":"2022-11-13T10:25:32","modified_gmt":"2022-11-13T13:25:32","slug":"laboratorio-escola-de-pos-graduacao","status":"publish","type":"page","link":"https:\/\/sites.uel.br\/pdi\/laboratorio-escola-de-pos-graduacao\/","title":{"rendered":"Laborat\u00f3rio Escola de P\u00f3s-Gradua\u00e7\u00e3o"},"content":{"rendered":"\n<p class=\"has-text-color\" style=\"color:#fefefe\">.<\/p>\n\n\n\n<p>O Laborat\u00f3rio Escola de P\u00f3s-Gradua\u00e7\u00e3o (LABESC),\u00a0<strong>constru\u00eddo com recursos da FINEP<\/strong>, visa oferecer um ambiente adequado para as atividades acad\u00eamicas dos Programas de P\u00f3s-Gradu\u00e7\u00e3o\u00a0<em>Stricto sensu<\/em>\u00a0dos diversos Centros de Estudos da UEL, bem como dos Grupos de Pesquisa, al\u00e9m de atividades de apoio \u00e0 Pesquisa e \u00e0 P\u00f3s-Gradua\u00e7\u00e3o, como as atividades do Comit\u00ea de \u00c9tica em Pesquisa envolvendo Seres Humanos (CEP-UEL); Comiss\u00e3o de \u00c9tica no Uso de Animais (CEUA-UEL); Comiss\u00e3o Organizadora do EAIC\/UEL (Encontro Anual de Inicia\u00e7\u00e3o Cient\u00edfica) e Revistas Semina (Ci\u00eancias Agr\u00e1rias, Ci\u00eancias Biol\u00f3gicas\/Sa\u00fade, Ci\u00eancias Exatas\/Tecnol\u00f3gicas e Ci\u00eancias Sociais\/Humanas).<\/p>\n\n\n\n<p>As salas do LABESC foram concebidas para oferecer um ambiente adequado para a realiza\u00e7\u00e3o de reuni\u00f5es de pesquisa, semin\u00e1rios, workshops e simp\u00f3sios realizados pelos pesquisadores, estudantes e programas de P\u00f3s-Gradua\u00e7\u00e3o. Os espa\u00e7os&nbsp;<strong>n\u00e3o ser\u00e3o utilizados como salas de aula<\/strong>preceptiva com foco irradicador concentrado no docente, mas que haja o compartilhamento da informa\u00e7\u00e3o, discuss\u00e3o de leituras e troca de conhecimento.<\/p>\n","protected":false},"excerpt":{"rendered":"<p>. O Laborat\u00f3rio Escola de P\u00f3s-Gradua\u00e7\u00e3o (LABESC),\u00a0constru\u00eddo com recursos da FINEP, visa oferecer um ambiente adequado para as atividades acad\u00eamicas dos Programas de P\u00f3s-Gradu\u00e7\u00e3o\u00a0Stricto sensu\u00a0dos diversos Centros de Estudos da UEL, bem como dos Grupos de Pesquisa, al\u00e9m de atividades de apoio \u00e0 Pesquisa e \u00e0 P\u00f3s-Gradua\u00e7\u00e3o, como as atividades do Comit\u00ea de \u00c9tica em [&hellip;]<\/p>\n","protected":false},"author":8,"featured_media":0,"parent":0,"menu_order":0,"comment_status":"closed","ping_status":"closed","template":"","meta":{"footnotes":""},"class_list":["post-2652","page","type-page","status-publish","hentry"],"acf":[],"_links":{"self":[{"href":"https:\/\/sites.uel.br\/pdi\/wp-json\/wp\/v2\/pages\/2652","targetHints":{"allow":["GET"]}}],"collection":[{"href":"https:\/\/sites.uel.br\/pdi\/wp-json\/wp\/v2\/pages"}],"about":[{"href":"https:\/\/sites.uel.br\/pdi\/wp-json\/wp\/v2\/types\/page"}],"author":[{"embeddable":true,"href":"https:\/\/sites.uel.br\/pdi\/wp-json\/wp\/v2\/users\/8"}],"replies":[{"embeddable":true,"href":"https:\/\/sites.uel.br\/pdi\/wp-json\/wp\/v2\/comments?post=2652"}],"version-history":[{"count":1,"href":"https:\/\/sites.uel.br\/pdi\/wp-json\/wp\/v2\/pages\/2652\/revisions"}],"predecessor-version":[{"id":2653,"href":"https:\/\/sites.uel.br\/pdi\/wp-json\/wp\/v2\/pages\/2652\/revisions\/2653"}],"wp:attachment":[{"href":"https:\/\/sites.uel.br\/pdi\/wp-json\/wp\/v2\/media?parent=2652"}],"curies":[{"name":"wp","href":"https:\/\/api.w.org\/{rel}","templated":true}]}}

Laboratório Escola de Pós-Graduação

<p class="has-text-color" style="color:#fefefe">.</p>



<p>O Laboratório Escola de Pós-Graduação (LABESC), <strong>construído com recursos da FINEP</strong>, visa oferecer um ambiente adequado para as atividades acadêmicas dos Programas de Pós-Gradução <em>Stricto sensu</em> dos diversos Centros de Estudos da UEL, bem como dos Grupos de Pesquisa, além de atividades de apoio à Pesquisa e à Pós-Graduação, como as atividades do Comitê de Ética em Pesquisa envolvendo Seres Humanos (CEP-UEL); Comissão de Ética no Uso de Animais (CEUA-UEL); Comissão Organizadora do EAIC/UEL (Encontro Anual de Iniciação Científica) e Revistas Semina (Ciências Agrárias, Ciências Biológicas/Saúde, Ciências Exatas/Tecnológicas e Ciências Sociais/Humanas).</p>



<p>As salas do LABESC foram concebidas para oferecer um ambiente adequado para a realização de reuniões de pesquisa, seminários, workshops e simpósios realizados pelos pesquisadores, estudantes e programas de Pós-Graduação. Os espaços&nbsp;<strong>não serão utilizados como salas de aula</strong>preceptiva com foco irradicador concentrado no docente, mas que haja o compartilhamento da informação, discussão de leituras e troca de conhecimento.</p>

<p>. O Laboratório Escola de Pós-Graduação (LABESC), construído com recursos da FINEP, visa oferecer um ambiente adequado para as atividades acadêmicas dos Programas de Pós-Gradução Stricto sensu dos diversos Centros de Estudos da UEL, bem como dos Grupos de Pesquisa, além de atividades de apoio à Pesquisa e à Pós-Graduação, como as atividades do Comitê de Ética em [&hellip;]</p>
