{"id":2650,"date":"2022-11-13T10:18:52","date_gmt":"2022-11-13T13:18:52","guid":{"rendered":"https:\/\/sites.uel.br\/pdi\/?page_id=2650"},"modified":"2022-11-13T10:18:52","modified_gmt":"2022-11-13T13:18:52","slug":"plano-anual-de-capacitacao-continuada-uab-e-nead-uel","status":"publish","type":"page","link":"https:\/\/sites.uel.br\/pdi\/plano-anual-de-capacitacao-continuada-uab-e-nead-uel\/","title":{"rendered":"Plano Anual de Capacita\u00e7\u00e3o Continuada &#8211; UAB e NEAD-UEL"},"content":{"rendered":"\n<p class=\"has-text-color\" style=\"color:#fefefe\">.<\/p>\n\n\n\n<p>O Plano Anual de Capacita\u00e7\u00e3o Continuada (PACC) \u00e9 um projeto custeado com verbas da CAPES que visa formar coordenadores, docentes, tutores, profissionais multidisciplinares e t\u00e9cnicos que atuam em projetos vinculados ao Sistema Universidade Aberta do Brasil (UAB). Os cursos PACC s\u00e3o oferecidos pelo N\u00facleo de Educa\u00e7\u00e3o a Dist\u00e2ncia da Universidade Estadual de Londrina (NEAD &#8211; UEL) procurando promover o aprimoramento metodol\u00f3gico e did\u00e1tico para uma Educa\u00e7\u00e3o a Dist\u00e2ncia de qualidade.<\/p>\n","protected":false},"excerpt":{"rendered":"<p>. O Plano Anual de Capacita\u00e7\u00e3o Continuada (PACC) \u00e9 um projeto custeado com verbas da CAPES que visa formar coordenadores, docentes, tutores, profissionais multidisciplinares e t\u00e9cnicos que atuam em projetos vinculados ao Sistema Universidade Aberta do Brasil (UAB). Os cursos PACC s\u00e3o oferecidos pelo N\u00facleo de Educa\u00e7\u00e3o a Dist\u00e2ncia da Universidade Estadual de Londrina (NEAD [&hellip;]<\/p>\n","protected":false},"author":8,"featured_media":0,"parent":0,"menu_order":0,"comment_status":"closed","ping_status":"closed","template":"","meta":{"footnotes":""},"class_list":["post-2650","page","type-page","status-publish","hentry"],"acf":[],"_links":{"self":[{"href":"https:\/\/sites.uel.br\/pdi\/wp-json\/wp\/v2\/pages\/2650","targetHints":{"allow":["GET"]}}],"collection":[{"href":"https:\/\/sites.uel.br\/pdi\/wp-json\/wp\/v2\/pages"}],"about":[{"href":"https:\/\/sites.uel.br\/pdi\/wp-json\/wp\/v2\/types\/page"}],"author":[{"embeddable":true,"href":"https:\/\/sites.uel.br\/pdi\/wp-json\/wp\/v2\/users\/8"}],"replies":[{"embeddable":true,"href":"https:\/\/sites.uel.br\/pdi\/wp-json\/wp\/v2\/comments?post=2650"}],"version-history":[{"count":1,"href":"https:\/\/sites.uel.br\/pdi\/wp-json\/wp\/v2\/pages\/2650\/revisions"}],"predecessor-version":[{"id":2651,"href":"https:\/\/sites.uel.br\/pdi\/wp-json\/wp\/v2\/pages\/2650\/revisions\/2651"}],"wp:attachment":[{"href":"https:\/\/sites.uel.br\/pdi\/wp-json\/wp\/v2\/media?parent=2650"}],"curies":[{"name":"wp","href":"https:\/\/api.w.org\/{rel}","templated":true}]}}

Plano Anual de Capacitação Continuada &#8211; UAB e NEAD-UEL

<p class="has-text-color" style="color:#fefefe">.</p>



<p>O Plano Anual de Capacitação Continuada (PACC) é um projeto custeado com verbas da CAPES que visa formar coordenadores, docentes, tutores, profissionais multidisciplinares e técnicos que atuam em projetos vinculados ao Sistema Universidade Aberta do Brasil (UAB). Os cursos PACC são oferecidos pelo Núcleo de Educação a Distância da Universidade Estadual de Londrina (NEAD &#8211; UEL) procurando promover o aprimoramento metodológico e didático para uma Educação a Distância de qualidade.</p>

<p>. O Plano Anual de Capacitação Continuada (PACC) é um projeto custeado com verbas da CAPES que visa formar coordenadores, docentes, tutores, profissionais multidisciplinares e técnicos que atuam em projetos vinculados ao Sistema Universidade Aberta do Brasil (UAB). Os cursos PACC são oferecidos pelo Núcleo de Educação a Distância da Universidade Estadual de Londrina (NEAD [&hellip;]</p>
