{"id":2636,"date":"2022-11-13T10:07:21","date_gmt":"2022-11-13T13:07:21","guid":{"rendered":"https:\/\/sites.uel.br\/pdi\/?page_id=2636"},"modified":"2022-11-13T10:07:21","modified_gmt":"2022-11-13T13:07:21","slug":"curriculos-cursos-e-programas","status":"publish","type":"page","link":"https:\/\/sites.uel.br\/pdi\/curriculos-cursos-e-programas\/","title":{"rendered":"Curr\u00edculos, Cursos e Programas"},"content":{"rendered":"\n<p class=\"has-text-color\" style=\"color:#fefefe\">.<\/p>\n\n\n\n<p>Curr\u00edculo \u00e9 o conjunto articulado de atividades pedag\u00f3gicas sistematizadas e complementares, visando uma qualifica\u00e7\u00e3o universit\u00e1ria, a partir de um projeto pol\u00edtico-pedag\u00f3gico.<\/p>\n\n\n\n<ul class=\"wp-block-list\">\n<li>Os projetos pol\u00edtico-pedag\u00f3gicos dos cursos decorrem e est\u00e3o subordinados ao projeto pol\u00edtico-pedag\u00f3gico institucional da Universidade.<\/li>\n<\/ul>\n\n\n\n<p>O curr\u00edculo de cada curso compreender\u00e1 o conjunto de atividades pedag\u00f3gicas obrigat\u00f3rias e complementares:<\/p>\n\n\n\n<ul class=\"wp-block-list\">\n<li>Por atividades pedag\u00f3gicas, de natureza obrigat\u00f3ria, entender-se-\u00e3o disciplinas, atividades acad\u00eamicas, trabalhos de conclus\u00e3o de curso, est\u00e1gios supervisionados monografias e outras previstas no projeto pedag\u00f3gico.<\/li>\n\n\n\n<li>As atividades pedag\u00f3gicas complementares ser\u00e3o definidas nos projetos pol\u00edtico-pedag\u00f3gicos de cada curso.<\/li>\n\n\n\n<li>Atividades pedag\u00f3gicas especiais poder\u00e3o ser anualmente ofertadas pelos Departamentos e aprovadas pelos Colegiados de Curso, devendo versar sobre conte\u00fado n\u00e3o contemplado nas atividades pedag\u00f3gicas obrigat\u00f3rias.<\/li>\n\n\n\n<li>Entender-se-\u00e3o por atividades pedag\u00f3gicas eletivas, para aluno matriculado em determinado curso, as atividades ofertadas regularmente em outros cursos e\/ou habilita\u00e7\u00f5es, de livre escolha discente, a partir de elenco previamente definido pelos Departamentos ofertantes.<\/li>\n<\/ul>\n\n\n\n<p>Os cursos e programas regulares da Universidade s\u00e3o os seguintes:<\/p>\n\n\n\n<ul class=\"wp-block-list\">\n<li>cursos de gradua\u00e7\u00e3o;<\/li>\n\n\n\n<li>programas de p\u00f3s-gradua\u00e7\u00e3o Stricto Sensu, destinados ao mestrado e doutorado;<\/li>\n\n\n\n<li>cursos de p\u00f3s-gradua\u00e7\u00e3o Lato Sensu, destinados ao aperfei\u00e7oamento e \u00e0 especializa\u00e7\u00e3o.<\/li>\n<\/ul>\n\n\n\n<p class=\"has-text-align-center\">O texto est\u00e1 dispon\u00edvel na(s) seguinte(s) refer\u00eancia(s):&nbsp;<\/p>\n\n\n\n<p class=\"has-text-align-center\">ESTATUTO DA UEL, REGIMENTO GERAL DA UEL, RESOLU\u00c7\u00c3O CEPE 033\/2014, RESOLU\u00c7\u00c3O CEPE 037\/2016<\/p>\n","protected":false},"excerpt":{"rendered":"<p>. Curr\u00edculo \u00e9 o conjunto articulado de atividades pedag\u00f3gicas sistematizadas e complementares, visando uma qualifica\u00e7\u00e3o universit\u00e1ria, a partir de um projeto pol\u00edtico-pedag\u00f3gico. O curr\u00edculo de cada curso compreender\u00e1 o conjunto de atividades pedag\u00f3gicas obrigat\u00f3rias e complementares: Os cursos e programas regulares da Universidade s\u00e3o os seguintes: O texto est\u00e1 dispon\u00edvel na(s) seguinte(s) refer\u00eancia(s):&nbsp; ESTATUTO DA [&hellip;]<\/p>\n","protected":false},"author":8,"featured_media":0,"parent":0,"menu_order":0,"comment_status":"closed","ping_status":"closed","template":"","meta":{"footnotes":""},"class_list":["post-2636","page","type-page","status-publish","hentry"],"acf":[],"_links":{"self":[{"href":"https:\/\/sites.uel.br\/pdi\/wp-json\/wp\/v2\/pages\/2636","targetHints":{"allow":["GET"]}}],"collection":[{"href":"https:\/\/sites.uel.br\/pdi\/wp-json\/wp\/v2\/pages"}],"about":[{"href":"https:\/\/sites.uel.br\/pdi\/wp-json\/wp\/v2\/types\/page"}],"author":[{"embeddable":true,"href":"https:\/\/sites.uel.br\/pdi\/wp-json\/wp\/v2\/users\/8"}],"replies":[{"embeddable":true,"href":"https:\/\/sites.uel.br\/pdi\/wp-json\/wp\/v2\/comments?post=2636"}],"version-history":[{"count":1,"href":"https:\/\/sites.uel.br\/pdi\/wp-json\/wp\/v2\/pages\/2636\/revisions"}],"predecessor-version":[{"id":2643,"href":"https:\/\/sites.uel.br\/pdi\/wp-json\/wp\/v2\/pages\/2636\/revisions\/2643"}],"wp:attachment":[{"href":"https:\/\/sites.uel.br\/pdi\/wp-json\/wp\/v2\/media?parent=2636"}],"curies":[{"name":"wp","href":"https:\/\/api.w.org\/{rel}","templated":true}]}}

Currículos, Cursos e Programas

<p class="has-text-color" style="color:#fefefe">.</p>



<p>Currículo é o conjunto articulado de atividades pedagógicas sistematizadas e complementares, visando uma qualificação universitária, a partir de um projeto político-pedagógico.</p>



<ul class="wp-block-list">
<li>Os projetos político-pedagógicos dos cursos decorrem e estão subordinados ao projeto político-pedagógico institucional da Universidade.</li>
</ul>



<p>O currículo de cada curso compreenderá o conjunto de atividades pedagógicas obrigatórias e complementares:</p>



<ul class="wp-block-list">
<li>Por atividades pedagógicas, de natureza obrigatória, entender-se-ão disciplinas, atividades acadêmicas, trabalhos de conclusão de curso, estágios supervisionados monografias e outras previstas no projeto pedagógico.</li>



<li>As atividades pedagógicas complementares serão definidas nos projetos político-pedagógicos de cada curso.</li>



<li>Atividades pedagógicas especiais poderão ser anualmente ofertadas pelos Departamentos e aprovadas pelos Colegiados de Curso, devendo versar sobre conteúdo não contemplado nas atividades pedagógicas obrigatórias.</li>



<li>Entender-se-ão por atividades pedagógicas eletivas, para aluno matriculado em determinado curso, as atividades ofertadas regularmente em outros cursos e/ou habilitações, de livre escolha discente, a partir de elenco previamente definido pelos Departamentos ofertantes.</li>
</ul>



<p>Os cursos e programas regulares da Universidade são os seguintes:</p>



<ul class="wp-block-list">
<li>cursos de graduação;</li>



<li>programas de pós-graduação Stricto Sensu, destinados ao mestrado e doutorado;</li>



<li>cursos de pós-graduação Lato Sensu, destinados ao aperfeiçoamento e à especialização.</li>
</ul>



<p class="has-text-align-center">O texto está disponível na(s) seguinte(s) referência(s):&nbsp;</p>



<p class="has-text-align-center">ESTATUTO DA UEL, REGIMENTO GERAL DA UEL, RESOLUÇÃO CEPE 033/2014, RESOLUÇÃO CEPE 037/2016</p>

<p>. Currículo é o conjunto articulado de atividades pedagógicas sistematizadas e complementares, visando uma qualificação universitária, a partir de um projeto político-pedagógico. O currículo de cada curso compreenderá o conjunto de atividades pedagógicas obrigatórias e complementares: Os cursos e programas regulares da Universidade são os seguintes: O texto está disponível na(s) seguinte(s) referência(s):&nbsp; ESTATUTO DA [&hellip;]</p>
