{"id":2632,"date":"2022-11-13T09:56:02","date_gmt":"2022-11-13T12:56:02","guid":{"rendered":"https:\/\/sites.uel.br\/pdi\/?page_id=2632"},"modified":"2022-11-13T09:56:02","modified_gmt":"2022-11-13T12:56:02","slug":"iniciacao-cientifica-sem-bolsa-e-com-bolsa","status":"publish","type":"page","link":"https:\/\/sites.uel.br\/pdi\/iniciacao-cientifica-sem-bolsa-e-com-bolsa\/","title":{"rendered":"Inicia\u00e7\u00e3o Cient\u00edfica sem Bolsa e com Bolsa"},"content":{"rendered":"\n<p class=\"has-white-color has-text-color\">.<\/p>\n\n\n\n<p>O Programa de Inicia\u00e7\u00e3o Cient\u00edfica Sem Bolsa da Universidade Estadual de Londrina possui os seguintes objetivos: incentivar a inicia\u00e7\u00e3o de estudantes de gradua\u00e7\u00e3o em atividades de pesquisa, visando \u00e0 familiariza\u00e7\u00e3o com a metodologia cient\u00edfica; estimular pesquisadores a engajarem estudantes de gradua\u00e7\u00e3o no processo de produ\u00e7\u00e3o e dissemina\u00e7\u00e3o do conhecimento cient\u00edfico; proporcionar ao orientado, atrav\u00e9s de seu orientador, a aprendizagem de t\u00e9cnicas e m\u00e9todos cient\u00edficos, bem como estimular o desenvolvimento do pensamento cr\u00edtico-cient\u00edfico e da criatividade decorrentes das condi\u00e7\u00f5es criadas pela participa\u00e7\u00e3o em atividades de pesquisa; e, constituir atrav\u00e9s da atividade de inicia\u00e7\u00e3o cient\u00edfica uma liga\u00e7\u00e3o natural entre a pesquisa acad\u00eamica na gradua\u00e7\u00e3o e a atividade cient\u00edfico-acad\u00eamica da p\u00f3s-gradua\u00e7\u00e3o.<\/p>\n\n\n\n<hr class=\"wp-block-separator has-alpha-channel-opacity is-style-wide\" \/>\n\n\n\n<p>O Programa de Inicia\u00e7\u00e3o Cient\u00edfica com Bolsa da Universidade Estadual de Londrina possui os seguintes objetivos: incentivar a inicia\u00e7\u00e3o de estudantes de gradua\u00e7\u00e3o da UEL em atividades de pesquisa, visando a familiariza\u00e7\u00e3o com a metodologia cient\u00edfica; estimular pesquisadores a envolver estudantes de gradua\u00e7\u00e3o da UEL no processo de produ\u00e7\u00e3o e dissemina\u00e7\u00e3o do conhecimento cient\u00edfico; proporcionar ao estudante orientando, por meio de seu orientador, a aprendizagem de t\u00e9cnicas e m\u00e9todos cient\u00edficos, bem como estimular o desenvolvimento do pensamento cr\u00edtico-cient\u00edfico e da criatividade decorrentes das condi\u00e7\u00f5es criadas pela participa\u00e7\u00e3o em atividades de pesquisa; possibilitar maior intera\u00e7\u00e3o entre a gradua\u00e7\u00e3o e a p\u00f3s-gradua\u00e7\u00e3o; e, qualificar estudantes de gradua\u00e7\u00e3o para obter maior rendimento e menor tempo m\u00e9dio de forma\u00e7\u00e3o em cursos de p\u00f3s-gradua\u00e7\u00e3o.<\/p>\n","protected":false},"excerpt":{"rendered":"<p>. O Programa de Inicia\u00e7\u00e3o Cient\u00edfica Sem Bolsa da Universidade Estadual de Londrina possui os seguintes objetivos: incentivar a inicia\u00e7\u00e3o de estudantes de gradua\u00e7\u00e3o em atividades de pesquisa, visando \u00e0 familiariza\u00e7\u00e3o com a metodologia cient\u00edfica; estimular pesquisadores a engajarem estudantes de gradua\u00e7\u00e3o no processo de produ\u00e7\u00e3o e dissemina\u00e7\u00e3o do conhecimento cient\u00edfico; proporcionar ao orientado, atrav\u00e9s [&hellip;]<\/p>\n","protected":false},"author":8,"featured_media":0,"parent":0,"menu_order":0,"comment_status":"closed","ping_status":"closed","template":"","meta":{"footnotes":""},"class_list":["post-2632","page","type-page","status-publish","hentry"],"acf":[],"_links":{"self":[{"href":"https:\/\/sites.uel.br\/pdi\/wp-json\/wp\/v2\/pages\/2632","targetHints":{"allow":["GET"]}}],"collection":[{"href":"https:\/\/sites.uel.br\/pdi\/wp-json\/wp\/v2\/pages"}],"about":[{"href":"https:\/\/sites.uel.br\/pdi\/wp-json\/wp\/v2\/types\/page"}],"author":[{"embeddable":true,"href":"https:\/\/sites.uel.br\/pdi\/wp-json\/wp\/v2\/users\/8"}],"replies":[{"embeddable":true,"href":"https:\/\/sites.uel.br\/pdi\/wp-json\/wp\/v2\/comments?post=2632"}],"version-history":[{"count":1,"href":"https:\/\/sites.uel.br\/pdi\/wp-json\/wp\/v2\/pages\/2632\/revisions"}],"predecessor-version":[{"id":2633,"href":"https:\/\/sites.uel.br\/pdi\/wp-json\/wp\/v2\/pages\/2632\/revisions\/2633"}],"wp:attachment":[{"href":"https:\/\/sites.uel.br\/pdi\/wp-json\/wp\/v2\/media?parent=2632"}],"curies":[{"name":"wp","href":"https:\/\/api.w.org\/{rel}","templated":true}]}}

Iniciação Científica sem Bolsa e com Bolsa

<p class="has-white-color has-text-color">.</p>



<p>O Programa de Iniciação Científica Sem Bolsa da Universidade Estadual de Londrina possui os seguintes objetivos: incentivar a iniciação de estudantes de graduação em atividades de pesquisa, visando à familiarização com a metodologia científica; estimular pesquisadores a engajarem estudantes de graduação no processo de produção e disseminação do conhecimento científico; proporcionar ao orientado, através de seu orientador, a aprendizagem de técnicas e métodos científicos, bem como estimular o desenvolvimento do pensamento crítico-científico e da criatividade decorrentes das condições criadas pela participação em atividades de pesquisa; e, constituir através da atividade de iniciação científica uma ligação natural entre a pesquisa acadêmica na graduação e a atividade científico-acadêmica da pós-graduação.</p>



<hr class="wp-block-separator has-alpha-channel-opacity is-style-wide" />



<p>O Programa de Iniciação Científica com Bolsa da Universidade Estadual de Londrina possui os seguintes objetivos: incentivar a iniciação de estudantes de graduação da UEL em atividades de pesquisa, visando a familiarização com a metodologia científica; estimular pesquisadores a envolver estudantes de graduação da UEL no processo de produção e disseminação do conhecimento científico; proporcionar ao estudante orientando, por meio de seu orientador, a aprendizagem de técnicas e métodos científicos, bem como estimular o desenvolvimento do pensamento crítico-científico e da criatividade decorrentes das condições criadas pela participação em atividades de pesquisa; possibilitar maior interação entre a graduação e a pós-graduação; e, qualificar estudantes de graduação para obter maior rendimento e menor tempo médio de formação em cursos de pós-graduação.</p>

<p>. O Programa de Iniciação Científica Sem Bolsa da Universidade Estadual de Londrina possui os seguintes objetivos: incentivar a iniciação de estudantes de graduação em atividades de pesquisa, visando à familiarização com a metodologia científica; estimular pesquisadores a engajarem estudantes de graduação no processo de produção e disseminação do conhecimento científico; proporcionar ao orientado, através [&hellip;]</p>
