{"id":2261,"date":"2022-11-10T22:08:51","date_gmt":"2022-11-11T01:08:51","guid":{"rendered":"https:\/\/sites.uel.br\/pdi\/?page_id=2261"},"modified":"2022-11-10T22:08:51","modified_gmt":"2022-11-11T01:08:51","slug":"ageuni-aintec","status":"publish","type":"page","link":"https:\/\/sites.uel.br\/pdi\/ageuni-aintec\/","title":{"rendered":"AGEUNI\/AINTEC"},"content":{"rendered":"\n<p class=\"has-white-color has-text-color\">.<\/p>\n\n\n\n<p>O Governador do Estado do Paran\u00e1, tendo em vista o disposto na Lei de Inova\u00e7\u00e3o do Estado (20.541\/2021), que trata do incentivo \u00e0 inova\u00e7\u00e3o e \u00e0 pesquisa cient\u00edfica e tecnol\u00f3gica em ambiente produtivo no Estado do Paran\u00e1, bem como o contido no protocolado 18.329.084-3 e ainda considerando:<\/p>\n\n\n\n<ul class=\"wp-block-list\">\n<li>A necessidade do Estado do Paran\u00e1 realizar a\u00e7\u00f5es para estimular o desenvolvimento regional sustent\u00e1vel com fundamento no conhecimento gerado pelas Institui\u00e7\u00f5es Estaduais de Ensino Superior (IEES).<\/li>\n\n\n\n<li>A capilaridade regional das IEES e seus ativos materiais e imateriais.<\/li>\n\n\n\n<li>A necessidade de estimular a sinergia entre os atores regionais dos diferentes ecossistemas de inova\u00e7\u00e3o do Paran\u00e1.<\/li>\n\n\n\n<li>As ag\u00eancias de Inova\u00e7\u00e3o, quer sejam os N\u00facleos de Inova\u00e7\u00e3o Tecnol\u00f3gica (NITs) ou unidades equivalentes no \u00e2mbito das IEES devem se constituir no locus de relacionamento da academia com o setor produtivo, sociedade e governos.<\/li>\n\n\n\n<li>A import\u00e2ncia de valorizar a solu\u00e7\u00e3o das prioridades constru\u00eddas pelos atores regionais.<\/li>\n<\/ul>\n\n\n\n<p>Cria a AGEUNI \u2013 Ag\u00eancias para o Desenvolvimento Regional Sustent\u00e1vel e Inova\u00e7\u00e3o do Paran\u00e1 atrav\u00e9s do Decreto 10.769\/2022, tendo como objetivo principalmente a execu\u00e7\u00e3o dos mecanismos de integra\u00e7\u00e3o entre universidade, empresa, governo e sociedade.<\/p>\n\n\n\n<p>A Gest\u00e3o do Programa AGEUNI ser\u00e1 realizada por meio de um Comit\u00ea Estadual e de Comit\u00eas Regionais. O programa tamb\u00e9m ter\u00e1 como princ\u00edpio a ampla representatividade do Setor Empresarial, do Governo do Estado, dos Munic\u00edpios e demais setores da sociedade, cujas atua\u00e7\u00f5es possam contribuir com os objetivos do Programa.<\/p>\n\n\n\n<p>Comit\u00ea Gestor Estadual: coordenado pela SETI (Superintend\u00eancia Geral de Ci\u00eancia, Tecnologia e Ensino Superior); Governo do Estado; Setor Empresarial; Munic\u00edpios; outros setores da sociedade; participantes permanentes (SETI; Superintend\u00eancia Geral de Inova\u00e7\u00e3o; Secretaria de Estado da Fazenda; Secretaria de Estado do Planejamento e Projetos Estruturantes; Funda\u00e7\u00e3o Arauc\u00e1ria de Apoio ao Desenvolvimento Cient\u00edfico e Tecnol\u00f3gico do Estado do Paran\u00e1).Comit\u00ea Gestor Regional: coordenado pelas IEES da respectiva regi\u00e3o e presidido por seu Reitor; Setor Empresarial, Munic\u00edpios; outros setores da sociedade.<\/p>\n","protected":false},"excerpt":{"rendered":"<p>. O Governador do Estado do Paran\u00e1, tendo em vista o disposto na Lei de Inova\u00e7\u00e3o do Estado (20.541\/2021), que trata do incentivo \u00e0 inova\u00e7\u00e3o e \u00e0 pesquisa cient\u00edfica e tecnol\u00f3gica em ambiente produtivo no Estado do Paran\u00e1, bem como o contido no protocolado 18.329.084-3 e ainda considerando: Cria a AGEUNI \u2013 Ag\u00eancias para o [&hellip;]<\/p>\n","protected":false},"author":8,"featured_media":0,"parent":0,"menu_order":0,"comment_status":"closed","ping_status":"closed","template":"","meta":{"footnotes":""},"class_list":["post-2261","page","type-page","status-publish","hentry"],"acf":[],"_links":{"self":[{"href":"https:\/\/sites.uel.br\/pdi\/wp-json\/wp\/v2\/pages\/2261","targetHints":{"allow":["GET"]}}],"collection":[{"href":"https:\/\/sites.uel.br\/pdi\/wp-json\/wp\/v2\/pages"}],"about":[{"href":"https:\/\/sites.uel.br\/pdi\/wp-json\/wp\/v2\/types\/page"}],"author":[{"embeddable":true,"href":"https:\/\/sites.uel.br\/pdi\/wp-json\/wp\/v2\/users\/8"}],"replies":[{"embeddable":true,"href":"https:\/\/sites.uel.br\/pdi\/wp-json\/wp\/v2\/comments?post=2261"}],"version-history":[{"count":1,"href":"https:\/\/sites.uel.br\/pdi\/wp-json\/wp\/v2\/pages\/2261\/revisions"}],"predecessor-version":[{"id":2262,"href":"https:\/\/sites.uel.br\/pdi\/wp-json\/wp\/v2\/pages\/2261\/revisions\/2262"}],"wp:attachment":[{"href":"https:\/\/sites.uel.br\/pdi\/wp-json\/wp\/v2\/media?parent=2261"}],"curies":[{"name":"wp","href":"https:\/\/api.w.org\/{rel}","templated":true}]}}

<p class="has-white-color has-text-color">.</p>



<p>O Governador do Estado do Paraná, tendo em vista o disposto na Lei de Inovação do Estado (20.541/2021), que trata do incentivo à inovação e à pesquisa científica e tecnológica em ambiente produtivo no Estado do Paraná, bem como o contido no protocolado 18.329.084-3 e ainda considerando:</p>



<ul class="wp-block-list">
<li>A necessidade do Estado do Paraná realizar ações para estimular o desenvolvimento regional sustentável com fundamento no conhecimento gerado pelas Instituições Estaduais de Ensino Superior (IEES).</li>



<li>A capilaridade regional das IEES e seus ativos materiais e imateriais.</li>



<li>A necessidade de estimular a sinergia entre os atores regionais dos diferentes ecossistemas de inovação do Paraná.</li>



<li>As agências de Inovação, quer sejam os Núcleos de Inovação Tecnológica (NITs) ou unidades equivalentes no âmbito das IEES devem se constituir no locus de relacionamento da academia com o setor produtivo, sociedade e governos.</li>



<li>A importância de valorizar a solução das prioridades construídas pelos atores regionais.</li>
</ul>



<p>Cria a AGEUNI – Agências para o Desenvolvimento Regional Sustentável e Inovação do Paraná através do Decreto 10.769/2022, tendo como objetivo principalmente a execução dos mecanismos de integração entre universidade, empresa, governo e sociedade.</p>



<p>A Gestão do Programa AGEUNI será realizada por meio de um Comitê Estadual e de Comitês Regionais. O programa também terá como princípio a ampla representatividade do Setor Empresarial, do Governo do Estado, dos Municípios e demais setores da sociedade, cujas atuações possam contribuir com os objetivos do Programa.</p>



<p>Comitê Gestor Estadual: coordenado pela SETI (Superintendência Geral de Ciência, Tecnologia e Ensino Superior); Governo do Estado; Setor Empresarial; Municípios; outros setores da sociedade; participantes permanentes (SETI; Superintendência Geral de Inovação; Secretaria de Estado da Fazenda; Secretaria de Estado do Planejamento e Projetos Estruturantes; Fundação Araucária de Apoio ao Desenvolvimento Científico e Tecnológico do Estado do Paraná).Comitê Gestor Regional: coordenado pelas IEES da respectiva região e presidido por seu Reitor; Setor Empresarial, Municípios; outros setores da sociedade.</p>

<p>. O Governador do Estado do Paraná, tendo em vista o disposto na Lei de Inovação do Estado (20.541/2021), que trata do incentivo à inovação e à pesquisa científica e tecnológica em ambiente produtivo no Estado do Paraná, bem como o contido no protocolado 18.329.084-3 e ainda considerando: Cria a AGEUNI – Agências para o [&hellip;]</p>
