{"id":2258,"date":"2022-11-10T22:07:43","date_gmt":"2022-11-11T01:07:43","guid":{"rendered":"https:\/\/sites.uel.br\/pdi\/?page_id=2258"},"modified":"2022-11-10T22:07:43","modified_gmt":"2022-11-11T01:07:43","slug":"eduel-social","status":"publish","type":"page","link":"https:\/\/sites.uel.br\/pdi\/eduel-social\/","title":{"rendered":"EDUEL Social"},"content":{"rendered":"\n<p class=\"has-white-color has-text-color\">.<\/p>\n\n\n\n<p>Cumprindo seus objetivos acad\u00eamicos e sociais, a EDUEL e a PROEX, desde 2019, organizam a a\u00e7\u00e3o EDUEL Social, tornando o acesso \u00e0 produ\u00e7\u00e3o editorial da UEL mais abrangente e democr\u00e1tico. A finalidade desse projeto \u00e9 disponibilizar \u00e0 comunidade interna (estudantes, agentes universit\u00e1rios e docentes) e aos aposentados da UEL e-books e livros impressos publicados pela EDUEL de forma subsidiada. E-Books vendidos para estudantes atendidos pelos programas do SEBEC ter\u00e3o 100% de desconto concedido. E-Books vendidos para estudantes do cursinho da UEL ter\u00e3o 90% de desconto concedido. Livros impressos vendidos para estudantes atendidos pelos programas do SEBEC ter\u00e3o 50% de desconto concedido. Livros impressos vendidos para estudantes do cursinho da UEL ter\u00e3o 40% de desconto concedido. Demais estudantes, agentes universit\u00e1rios e docentes, incluindo os aposentados, ter\u00e3o 20% de desconto concedido nos Livros EDUEL comercializados na Livraria da EDUEL.<\/p>\n","protected":false},"excerpt":{"rendered":"<p>. Cumprindo seus objetivos acad\u00eamicos e sociais, a EDUEL e a PROEX, desde 2019, organizam a a\u00e7\u00e3o EDUEL Social, tornando o acesso \u00e0 produ\u00e7\u00e3o editorial da UEL mais abrangente e democr\u00e1tico. A finalidade desse projeto \u00e9 disponibilizar \u00e0 comunidade interna (estudantes, agentes universit\u00e1rios e docentes) e aos aposentados da UEL e-books e livros impressos publicados [&hellip;]<\/p>\n","protected":false},"author":8,"featured_media":0,"parent":0,"menu_order":0,"comment_status":"closed","ping_status":"closed","template":"","meta":{"footnotes":""},"class_list":["post-2258","page","type-page","status-publish","hentry"],"acf":[],"_links":{"self":[{"href":"https:\/\/sites.uel.br\/pdi\/wp-json\/wp\/v2\/pages\/2258","targetHints":{"allow":["GET"]}}],"collection":[{"href":"https:\/\/sites.uel.br\/pdi\/wp-json\/wp\/v2\/pages"}],"about":[{"href":"https:\/\/sites.uel.br\/pdi\/wp-json\/wp\/v2\/types\/page"}],"author":[{"embeddable":true,"href":"https:\/\/sites.uel.br\/pdi\/wp-json\/wp\/v2\/users\/8"}],"replies":[{"embeddable":true,"href":"https:\/\/sites.uel.br\/pdi\/wp-json\/wp\/v2\/comments?post=2258"}],"version-history":[{"count":1,"href":"https:\/\/sites.uel.br\/pdi\/wp-json\/wp\/v2\/pages\/2258\/revisions"}],"predecessor-version":[{"id":2259,"href":"https:\/\/sites.uel.br\/pdi\/wp-json\/wp\/v2\/pages\/2258\/revisions\/2259"}],"wp:attachment":[{"href":"https:\/\/sites.uel.br\/pdi\/wp-json\/wp\/v2\/media?parent=2258"}],"curies":[{"name":"wp","href":"https:\/\/api.w.org\/{rel}","templated":true}]}}

<p class="has-white-color has-text-color">.</p>



<p>Cumprindo seus objetivos acadêmicos e sociais, a EDUEL e a PROEX, desde 2019, organizam a ação EDUEL Social, tornando o acesso à produção editorial da UEL mais abrangente e democrático. A finalidade desse projeto é disponibilizar à comunidade interna (estudantes, agentes universitários e docentes) e aos aposentados da UEL e-books e livros impressos publicados pela EDUEL de forma subsidiada. E-Books vendidos para estudantes atendidos pelos programas do SEBEC terão 100% de desconto concedido. E-Books vendidos para estudantes do cursinho da UEL terão 90% de desconto concedido. Livros impressos vendidos para estudantes atendidos pelos programas do SEBEC terão 50% de desconto concedido. Livros impressos vendidos para estudantes do cursinho da UEL terão 40% de desconto concedido. Demais estudantes, agentes universitários e docentes, incluindo os aposentados, terão 20% de desconto concedido nos Livros EDUEL comercializados na Livraria da EDUEL.</p>

<p>. Cumprindo seus objetivos acadêmicos e sociais, a EDUEL e a PROEX, desde 2019, organizam a ação EDUEL Social, tornando o acesso à produção editorial da UEL mais abrangente e democrático. A finalidade desse projeto é disponibilizar à comunidade interna (estudantes, agentes universitários e docentes) e aos aposentados da UEL e-books e livros impressos publicados [&hellip;]</p>
