{"id":2241,"date":"2022-11-10T21:52:29","date_gmt":"2022-11-11T00:52:29","guid":{"rendered":"https:\/\/sites.uel.br\/pdi\/?page_id=2241"},"modified":"2022-11-10T21:52:29","modified_gmt":"2022-11-11T00:52:29","slug":"acoes-afirmativas-estudantes-com-privacao-de-liberdade","status":"publish","type":"page","link":"https:\/\/sites.uel.br\/pdi\/acoes-afirmativas-estudantes-com-privacao-de-liberdade\/","title":{"rendered":"A\u00e7\u00f5es Afirmativas &#8211; Estudantes com Priva\u00e7\u00e3o de Liberdade"},"content":{"rendered":"\n<p class=\"has-text-color\" style=\"color:#fefefe\">.<\/p>\n\n\n\n<p>A Universidade Estadual de Londrina (UEL) tem, desde 2014, recebido estudantes em priva\u00e7\u00e3o de liberdade e, no ano de 2020, constituiu, vinculada \u00e0 Pr\u00f3-Reitoria de Gradua\u00e7\u00e3o (PROGRAD), a Comiss\u00e3o de Acompanhamento e Avalia\u00e7\u00e3o dos Estudantes em Priva\u00e7\u00e3o de Liberdade (CAAEPL-UEL), que \u00e9 composta por representantes de \u00f3rg\u00e3os da universidade, das institui\u00e7\u00f5es prisionais e dos Colegiados de Curso. As atividades da CAAEPL-UEL tiveram in\u00edcio em agosto de 2020. Desde ent\u00e3o, a UEL tem avan\u00e7ado no que se refere ao acompanhamento e, principalmente, ao aux\u00edlio aos Colegiados de Curso acerca das particularidades destes estudantes. A partir do processo 21723\/2019 e do OF. PROGRAD 53\/2020, a comiss\u00e3o foi institu\u00edda, em car\u00e1ter permanente, pela Portaria 2429\/2020 do Gabinete da Reitoria da UEL, que disp\u00f5e sobre criar uma pol\u00edtica institucional para acolher os estudantes em priva\u00e7\u00e3o de liberdade, matriculados na Universidade Estadual de Londrina, com as seguintes diretrizes:<\/p>\n\n\n\n<ul class=\"wp-block-list\">\n<li>instituir estrat\u00e9gias conjuntas, que diminuam os estigmas e melhore o processo de recep\u00e7\u00e3o e perman\u00eancia dos estudantes com priva\u00e7\u00e3o de liberdade;<\/li>\n\n\n\n<li>acompanhar as situa\u00e7\u00f5es que envolvem o cotidiano acad\u00eamico dos estudantes que se encontram em situa\u00e7\u00e3o de priva\u00e7\u00e3o de liberdade;<\/li>\n\n\n\n<li>elaborar condutas\/protocolos a serem seguidos em rela\u00e7\u00e3o \u00e0 recep\u00e7\u00e3o do estudante, acompanhamento de frequ\u00eancia e aux\u00edlio pedag\u00f3gico;<\/li>\n\n\n\n<li>promover interc\u00e2mbio de realidades entre os colegiados que recebem os estudantes na UEL;<\/li>\n\n\n\n<li>instituir protocolo de acompanhamento e colabora\u00e7\u00e3o na parceria UEL-PEL;<\/li>\n\n\n\n<li>produzir relat\u00f3rios bianuais sobre a situa\u00e7\u00e3o para uso interno da UEL.<\/li>\n<\/ul>\n","protected":false},"excerpt":{"rendered":"<p>. A Universidade Estadual de Londrina (UEL) tem, desde 2014, recebido estudantes em priva\u00e7\u00e3o de liberdade e, no ano de 2020, constituiu, vinculada \u00e0 Pr\u00f3-Reitoria de Gradua\u00e7\u00e3o (PROGRAD), a Comiss\u00e3o de Acompanhamento e Avalia\u00e7\u00e3o dos Estudantes em Priva\u00e7\u00e3o de Liberdade (CAAEPL-UEL), que \u00e9 composta por representantes de \u00f3rg\u00e3os da universidade, das institui\u00e7\u00f5es prisionais e dos [&hellip;]<\/p>\n","protected":false},"author":8,"featured_media":0,"parent":0,"menu_order":0,"comment_status":"closed","ping_status":"closed","template":"","meta":{"footnotes":""},"class_list":["post-2241","page","type-page","status-publish","hentry"],"acf":[],"_links":{"self":[{"href":"https:\/\/sites.uel.br\/pdi\/wp-json\/wp\/v2\/pages\/2241","targetHints":{"allow":["GET"]}}],"collection":[{"href":"https:\/\/sites.uel.br\/pdi\/wp-json\/wp\/v2\/pages"}],"about":[{"href":"https:\/\/sites.uel.br\/pdi\/wp-json\/wp\/v2\/types\/page"}],"author":[{"embeddable":true,"href":"https:\/\/sites.uel.br\/pdi\/wp-json\/wp\/v2\/users\/8"}],"replies":[{"embeddable":true,"href":"https:\/\/sites.uel.br\/pdi\/wp-json\/wp\/v2\/comments?post=2241"}],"version-history":[{"count":1,"href":"https:\/\/sites.uel.br\/pdi\/wp-json\/wp\/v2\/pages\/2241\/revisions"}],"predecessor-version":[{"id":2243,"href":"https:\/\/sites.uel.br\/pdi\/wp-json\/wp\/v2\/pages\/2241\/revisions\/2243"}],"wp:attachment":[{"href":"https:\/\/sites.uel.br\/pdi\/wp-json\/wp\/v2\/media?parent=2241"}],"curies":[{"name":"wp","href":"https:\/\/api.w.org\/{rel}","templated":true}]}}