{"id":224,"date":"2022-09-07T15:33:37","date_gmt":"2022-09-07T18:33:37","guid":{"rendered":"https:\/\/sites.uel.br\/pdi\/?page_id=224"},"modified":"2023-10-11T14:40:18","modified_gmt":"2023-10-11T17:40:18","slug":"marcos-legais-e-documentos-de-referencia","status":"publish","type":"page","link":"https:\/\/sites.uel.br\/pdi\/marcos-legais-e-documentos-de-referencia\/","title":{"rendered":"Marcos Legais e Institucionais"},"content":{"rendered":"\n<p class=\"has-white-color has-text-color\">&#8211;<\/p>\n\n\n\n<p>A elabora\u00e7\u00e3o do PDI UEL 2024-2028 respeitou orienta\u00e7\u00f5es ofertadas pelos seguintes marcos legais e documentos de refer\u00eancia:<\/p>\n\n\n\n<p class=\"has-text-color\" style=\"color:#fffefe\">&#8211;<\/p>\n\n\n\n<p>Lei 10861, de 14 de abril de 2004, que instituiu o Sistema Nacional de Avalia\u00e7\u00e3o e Educa\u00e7\u00e3o Superior (SINAES).<\/p>\n\n\n\n<p>Lei 12772, de 28 de dezembro de 2012.<\/p>\n\n\n\n<p>Decreto 5296\/04.<\/p>\n\n\n\n<p>Decreto 5622, de 19 de dezembro de 2005.<\/p>\n\n\n\n<p>Decreto 5773, de 9 de maio de 2006, que disp\u00f5e sobre os exerc\u00edcios das fun\u00e7\u00f5es de regula\u00e7\u00e3o, supervis\u00e3o e avalia\u00e7\u00e3o das institui\u00e7\u00f5es de educa\u00e7\u00e3o superior e cursos superiores de gradua\u00e7\u00e3o e sequenciais no sistema federal de ensino.<\/p>\n\n\n\n<p>Delibera\u00e7\u00e3o CEE\/CP 06\/20, de 9 de novembro de 2020, que fixa normas para as institui\u00e7\u00f5es de ensino superior mantidas pelo Poder P\u00fablico Estadual e Municipal do Estado do Paran\u00e1 e disp\u00f5e sobre o exerc\u00edcio das fun\u00e7\u00f5es de regula\u00e7\u00e3o, supervis\u00e3o e avalia\u00e7\u00e3o das institui\u00e7\u00f5es e seus cursos.<\/p>\n\n\n\n<p>Nota T\u00e9cnica INEP\/DAES\/CONAES 065 &#8211; 2014.<\/p>\n\n\n\n<p>PORTARIA MEC 7, de 19 de mar\u00e7o de 2004.<\/p>\n\n\n\n<p>PORTARIA 2051, de 9 de julho de 2004.<\/p>\n\n\n\n<p>PORTARIA NORMATIVA MEC 2, de 10 de janeiro de 2007.<\/p>\n\n\n\n<p>RESOLU\u00c7\u00c3O CNE\/CES 10, de 2022.<\/p>\n\n\n\n<p>RESOLU\u00c7\u00c3O 1, de 11 de mar\u00e7o de 2016.<\/p>\n\n\n\n<p>RESOLU\u00c7\u00c3O 123\/17 &#8211; SETI.<\/p>\n\n\n\n<p>Eixo 2 \u2013 Desenvolvimento Institucional da Autoavalia\u00e7\u00e3o Institucional, previso pela Nota T\u00e9cnica INEP\/DAES\/CONAES 065, de 2014.<\/p>\n\n\n\n<p>Ficha de Avalia\u00e7\u00e3o dos Programas de P\u00f3s-Gradua\u00e7\u00e3o, em n\u00edvel de stricto sensu, considerada pela CAPES para o per\u00edodo 2013-2016.<\/p>\n\n\n\n<p>Ficha de Avalia\u00e7\u00e3o dos Programas de P\u00f3s-Gradua\u00e7\u00e3o, em n\u00edvel de stricto sensu, considerada pela CAPES para o per\u00edodo 2017-2020.<\/p>\n\n\n\n<p>ForPDI &#8211; Sant\u2019Anna e demais autores (2017).<\/p>\n","protected":false},"excerpt":{"rendered":"<p>&#8211; A elabora\u00e7\u00e3o do PDI UEL 2024-2028 respeitou orienta\u00e7\u00f5es ofertadas pelos seguintes marcos legais e documentos de refer\u00eancia: &#8211; Lei 10861, de 14 de abril de 2004, que instituiu o Sistema Nacional de Avalia\u00e7\u00e3o e Educa\u00e7\u00e3o Superior (SINAES). Lei 12772, de 28 de dezembro de 2012. Decreto 5296\/04. Decreto 5622, de 19 de dezembro de [&hellip;]<\/p>\n","protected":false},"author":8,"featured_media":0,"parent":0,"menu_order":0,"comment_status":"closed","ping_status":"closed","template":"","meta":{"footnotes":""},"class_list":["post-224","page","type-page","status-publish","hentry"],"acf":[],"_links":{"self":[{"href":"https:\/\/sites.uel.br\/pdi\/wp-json\/wp\/v2\/pages\/224","targetHints":{"allow":["GET"]}}],"collection":[{"href":"https:\/\/sites.uel.br\/pdi\/wp-json\/wp\/v2\/pages"}],"about":[{"href":"https:\/\/sites.uel.br\/pdi\/wp-json\/wp\/v2\/types\/page"}],"author":[{"embeddable":true,"href":"https:\/\/sites.uel.br\/pdi\/wp-json\/wp\/v2\/users\/8"}],"replies":[{"embeddable":true,"href":"https:\/\/sites.uel.br\/pdi\/wp-json\/wp\/v2\/comments?post=224"}],"version-history":[{"count":4,"href":"https:\/\/sites.uel.br\/pdi\/wp-json\/wp\/v2\/pages\/224\/revisions"}],"predecessor-version":[{"id":4190,"href":"https:\/\/sites.uel.br\/pdi\/wp-json\/wp\/v2\/pages\/224\/revisions\/4190"}],"wp:attachment":[{"href":"https:\/\/sites.uel.br\/pdi\/wp-json\/wp\/v2\/media?parent=224"}],"curies":[{"name":"wp","href":"https:\/\/api.w.org\/{rel}","templated":true}]}}