{"id":2219,"date":"2022-11-10T21:31:20","date_gmt":"2022-11-11T00:31:20","guid":{"rendered":"https:\/\/sites.uel.br\/pdi\/?page_id=2219"},"modified":"2022-11-10T21:31:20","modified_gmt":"2022-11-11T00:31:20","slug":"selecao-para-vaga-no-centro-de-educacao-infantil-do-colegio-de-aplicacao","status":"publish","type":"page","link":"https:\/\/sites.uel.br\/pdi\/selecao-para-vaga-no-centro-de-educacao-infantil-do-colegio-de-aplicacao\/","title":{"rendered":"Sele\u00e7\u00e3o para Vaga no Centro de Educa\u00e7\u00e3o Infantil do Col\u00e9gio de Aplica\u00e7\u00e3o"},"content":{"rendered":"\n<p class=\"has-text-color\" style=\"color:#fefefe\">.<\/p>\n\n\n\n<p>A sele\u00e7\u00e3o para vaga no Centro de Educa\u00e7\u00e3o Infantil do Col\u00e9gio de Aplica\u00e7\u00e3o destina-se aos filhos de servidores da UEL de at\u00e9 seis anos de idade, buscando assegurar o direito \u00e0 educa\u00e7\u00e3o infantil e seu desenvolvimento integral conforme estabelecido no Regimento do CAPL\/UEL.<\/p>\n","protected":false},"excerpt":{"rendered":"<p>. A sele\u00e7\u00e3o para vaga no Centro de Educa\u00e7\u00e3o Infantil do Col\u00e9gio de Aplica\u00e7\u00e3o destina-se aos filhos de servidores da UEL de at\u00e9 seis anos de idade, buscando assegurar o direito \u00e0 educa\u00e7\u00e3o infantil e seu desenvolvimento integral conforme estabelecido no Regimento do CAPL\/UEL.<\/p>\n","protected":false},"author":8,"featured_media":0,"parent":0,"menu_order":0,"comment_status":"closed","ping_status":"closed","template":"","meta":{"footnotes":""},"class_list":["post-2219","page","type-page","status-publish","hentry"],"acf":[],"_links":{"self":[{"href":"https:\/\/sites.uel.br\/pdi\/wp-json\/wp\/v2\/pages\/2219","targetHints":{"allow":["GET"]}}],"collection":[{"href":"https:\/\/sites.uel.br\/pdi\/wp-json\/wp\/v2\/pages"}],"about":[{"href":"https:\/\/sites.uel.br\/pdi\/wp-json\/wp\/v2\/types\/page"}],"author":[{"embeddable":true,"href":"https:\/\/sites.uel.br\/pdi\/wp-json\/wp\/v2\/users\/8"}],"replies":[{"embeddable":true,"href":"https:\/\/sites.uel.br\/pdi\/wp-json\/wp\/v2\/comments?post=2219"}],"version-history":[{"count":1,"href":"https:\/\/sites.uel.br\/pdi\/wp-json\/wp\/v2\/pages\/2219\/revisions"}],"predecessor-version":[{"id":2220,"href":"https:\/\/sites.uel.br\/pdi\/wp-json\/wp\/v2\/pages\/2219\/revisions\/2220"}],"wp:attachment":[{"href":"https:\/\/sites.uel.br\/pdi\/wp-json\/wp\/v2\/media?parent=2219"}],"curies":[{"name":"wp","href":"https:\/\/api.w.org\/{rel}","templated":true}]}}

Seleção para Vaga no Centro de Educação Infantil do Colégio de Aplicação

<p class="has-text-color" style="color:#fefefe">.</p>



<p>A seleção para vaga no Centro de Educação Infantil do Colégio de Aplicação destina-se aos filhos de servidores da UEL de até seis anos de idade, buscando assegurar o direito à educação infantil e seu desenvolvimento integral conforme estabelecido no Regimento do CAPL/UEL.</p>

<p>. A seleção para vaga no Centro de Educação Infantil do Colégio de Aplicação destina-se aos filhos de servidores da UEL de até seis anos de idade, buscando assegurar o direito à educação infantil e seu desenvolvimento integral conforme estabelecido no Regimento do CAPL/UEL.</p>
