{"id":2217,"date":"2022-11-10T21:30:36","date_gmt":"2022-11-11T00:30:36","guid":{"rendered":"https:\/\/sites.uel.br\/pdi\/?page_id=2217"},"modified":"2022-11-10T21:30:36","modified_gmt":"2022-11-11T00:30:36","slug":"selecao-para-emprestimo-de-instrumentos-odontologicos","status":"publish","type":"page","link":"https:\/\/sites.uel.br\/pdi\/selecao-para-emprestimo-de-instrumentos-odontologicos\/","title":{"rendered":"Sele\u00e7\u00e3o para Empr\u00e9stimo de Instrumentos Odontol\u00f3gicos"},"content":{"rendered":"\n<p class=\"has-white-color has-text-color\">.<\/p>\n\n\n\n<p>A sele\u00e7\u00e3o para o empr\u00e9stimo de instrumentais odontol\u00f3gicos \u00e9 destinada aos estudantes regularmente matriculados no curso de Odontologia da UEL com o objetivo de ofertar na categoria de empr\u00e9stimo, Kits de instrumentos odontol\u00f3gicos disponibilizados pelo Colegiado do Curso de Odontologia para o desenvolvimento das pr\u00e1ticas acad\u00eamicas. Com isso, o programa visa minimizar as desigualdades existentes entre os estudantes, viabilizando recursos m\u00ednimos necess\u00e1rios a perman\u00eancia e forma\u00e7\u00e3o com qualidade de discentes em situa\u00e7\u00e3o de vulnerabilidade socioecon\u00f4mica no ensino superior p\u00fablico.<\/p>\n","protected":false},"excerpt":{"rendered":"<p>. A sele\u00e7\u00e3o para o empr\u00e9stimo de instrumentais odontol\u00f3gicos \u00e9 destinada aos estudantes regularmente matriculados no curso de Odontologia da UEL com o objetivo de ofertar na categoria de empr\u00e9stimo, Kits de instrumentos odontol\u00f3gicos disponibilizados pelo Colegiado do Curso de Odontologia para o desenvolvimento das pr\u00e1ticas acad\u00eamicas. Com isso, o programa visa minimizar as desigualdades [&hellip;]<\/p>\n","protected":false},"author":8,"featured_media":0,"parent":0,"menu_order":0,"comment_status":"closed","ping_status":"closed","template":"","meta":{"footnotes":""},"class_list":["post-2217","page","type-page","status-publish","hentry"],"acf":[],"_links":{"self":[{"href":"https:\/\/sites.uel.br\/pdi\/wp-json\/wp\/v2\/pages\/2217","targetHints":{"allow":["GET"]}}],"collection":[{"href":"https:\/\/sites.uel.br\/pdi\/wp-json\/wp\/v2\/pages"}],"about":[{"href":"https:\/\/sites.uel.br\/pdi\/wp-json\/wp\/v2\/types\/page"}],"author":[{"embeddable":true,"href":"https:\/\/sites.uel.br\/pdi\/wp-json\/wp\/v2\/users\/8"}],"replies":[{"embeddable":true,"href":"https:\/\/sites.uel.br\/pdi\/wp-json\/wp\/v2\/comments?post=2217"}],"version-history":[{"count":1,"href":"https:\/\/sites.uel.br\/pdi\/wp-json\/wp\/v2\/pages\/2217\/revisions"}],"predecessor-version":[{"id":2218,"href":"https:\/\/sites.uel.br\/pdi\/wp-json\/wp\/v2\/pages\/2217\/revisions\/2218"}],"wp:attachment":[{"href":"https:\/\/sites.uel.br\/pdi\/wp-json\/wp\/v2\/media?parent=2217"}],"curies":[{"name":"wp","href":"https:\/\/api.w.org\/{rel}","templated":true}]}}