{"id":2208,"date":"2022-11-10T21:26:56","date_gmt":"2022-11-11T00:26:56","guid":{"rendered":"https:\/\/sites.uel.br\/pdi\/?page_id=2208"},"modified":"2022-11-10T21:26:56","modified_gmt":"2022-11-11T00:26:56","slug":"selecao-para-vaga-na-moradia-estudantil","status":"publish","type":"page","link":"https:\/\/sites.uel.br\/pdi\/selecao-para-vaga-na-moradia-estudantil\/","title":{"rendered":"Sele\u00e7\u00e3o para Vaga na Moradia Estudantil"},"content":{"rendered":"\n<p class=\"has-text-color\" style=\"color:#fefefe\">.<\/p>\n\n\n\n<p>A Moradia Estudantil \u00e9 um dos instrumentos de operacionaliza\u00e7\u00e3o das pol\u00edticas p\u00fablicas de acesso e perman\u00eancia na UEL, destinando-se \u00e0 resid\u00eancia gratuita para estudantes regularmente matriculados na universidade. As 80 vagas dispon\u00edveis na Moradia Estudantil s\u00e3o preenchidas anualmente por meio de processo de sele\u00e7\u00e3o socioecon\u00f4mica realizada pela Divis\u00e3o de Servi\u00e7o Social do SEBEC. A prioridade das vagas \u00e9 para estudantes de gradua\u00e7\u00e3o, por\u00e9m, os discentes de p\u00f3s-gradua\u00e7\u00e3o podem ser atendidos caso haja vagas remanescentes ap\u00f3s a conclus\u00e3o do processo.\u00a0<\/p>\n","protected":false},"excerpt":{"rendered":"<p>. A Moradia Estudantil \u00e9 um dos instrumentos de operacionaliza\u00e7\u00e3o das pol\u00edticas p\u00fablicas de acesso e perman\u00eancia na UEL, destinando-se \u00e0 resid\u00eancia gratuita para estudantes regularmente matriculados na universidade. As 80 vagas dispon\u00edveis na Moradia Estudantil s\u00e3o preenchidas anualmente por meio de processo de sele\u00e7\u00e3o socioecon\u00f4mica realizada pela Divis\u00e3o de Servi\u00e7o Social do SEBEC. A [&hellip;]<\/p>\n","protected":false},"author":8,"featured_media":0,"parent":0,"menu_order":0,"comment_status":"closed","ping_status":"closed","template":"","meta":{"footnotes":""},"class_list":["post-2208","page","type-page","status-publish","hentry"],"acf":[],"_links":{"self":[{"href":"https:\/\/sites.uel.br\/pdi\/wp-json\/wp\/v2\/pages\/2208","targetHints":{"allow":["GET"]}}],"collection":[{"href":"https:\/\/sites.uel.br\/pdi\/wp-json\/wp\/v2\/pages"}],"about":[{"href":"https:\/\/sites.uel.br\/pdi\/wp-json\/wp\/v2\/types\/page"}],"author":[{"embeddable":true,"href":"https:\/\/sites.uel.br\/pdi\/wp-json\/wp\/v2\/users\/8"}],"replies":[{"embeddable":true,"href":"https:\/\/sites.uel.br\/pdi\/wp-json\/wp\/v2\/comments?post=2208"}],"version-history":[{"count":1,"href":"https:\/\/sites.uel.br\/pdi\/wp-json\/wp\/v2\/pages\/2208\/revisions"}],"predecessor-version":[{"id":2209,"href":"https:\/\/sites.uel.br\/pdi\/wp-json\/wp\/v2\/pages\/2208\/revisions\/2209"}],"wp:attachment":[{"href":"https:\/\/sites.uel.br\/pdi\/wp-json\/wp\/v2\/media?parent=2208"}],"curies":[{"name":"wp","href":"https:\/\/api.w.org\/{rel}","templated":true}]}}