{"id":2206,"date":"2022-11-10T21:26:10","date_gmt":"2022-11-11T00:26:10","guid":{"rendered":"https:\/\/sites.uel.br\/pdi\/?page_id=2206"},"modified":"2022-11-10T21:26:10","modified_gmt":"2022-11-11T00:26:10","slug":"processo-unificado-de-selecao-socioeconomica","status":"publish","type":"page","link":"https:\/\/sites.uel.br\/pdi\/processo-unificado-de-selecao-socioeconomica\/","title":{"rendered":"Processo Unificado de Sele\u00e7\u00e3o Socioecon\u00f4mica"},"content":{"rendered":"\n<p class=\"has-white-color has-text-color\">.<\/p>\n\n\n\n<p>O Processo Unificado de Sele\u00e7\u00e3o Socioecon\u00f4mica para os programas de perman\u00eancia estudantil dispon\u00edveis no SEBEC, destina-se aos estudantes regularmente matriculados na institui\u00e7\u00e3o com o objetivo de minimizar as desigualdades existentes, viabilizando recursos m\u00ednimos necess\u00e1rios para o acesso, perman\u00eancia e forma\u00e7\u00e3o com qualidade dessa popula\u00e7\u00e3o em situa\u00e7\u00e3o de vulnerabilidade socioecon\u00f4mica na UEL.<\/p>\n","protected":false},"excerpt":{"rendered":"<p>. O Processo Unificado de Sele\u00e7\u00e3o Socioecon\u00f4mica para os programas de perman\u00eancia estudantil dispon\u00edveis no SEBEC, destina-se aos estudantes regularmente matriculados na institui\u00e7\u00e3o com o objetivo de minimizar as desigualdades existentes, viabilizando recursos m\u00ednimos necess\u00e1rios para o acesso, perman\u00eancia e forma\u00e7\u00e3o com qualidade dessa popula\u00e7\u00e3o em situa\u00e7\u00e3o de vulnerabilidade socioecon\u00f4mica na UEL.<\/p>\n","protected":false},"author":8,"featured_media":0,"parent":0,"menu_order":0,"comment_status":"closed","ping_status":"closed","template":"","meta":{"footnotes":""},"class_list":["post-2206","page","type-page","status-publish","hentry"],"acf":[],"_links":{"self":[{"href":"https:\/\/sites.uel.br\/pdi\/wp-json\/wp\/v2\/pages\/2206","targetHints":{"allow":["GET"]}}],"collection":[{"href":"https:\/\/sites.uel.br\/pdi\/wp-json\/wp\/v2\/pages"}],"about":[{"href":"https:\/\/sites.uel.br\/pdi\/wp-json\/wp\/v2\/types\/page"}],"author":[{"embeddable":true,"href":"https:\/\/sites.uel.br\/pdi\/wp-json\/wp\/v2\/users\/8"}],"replies":[{"embeddable":true,"href":"https:\/\/sites.uel.br\/pdi\/wp-json\/wp\/v2\/comments?post=2206"}],"version-history":[{"count":1,"href":"https:\/\/sites.uel.br\/pdi\/wp-json\/wp\/v2\/pages\/2206\/revisions"}],"predecessor-version":[{"id":2207,"href":"https:\/\/sites.uel.br\/pdi\/wp-json\/wp\/v2\/pages\/2206\/revisions\/2207"}],"wp:attachment":[{"href":"https:\/\/sites.uel.br\/pdi\/wp-json\/wp\/v2\/media?parent=2206"}],"curies":[{"name":"wp","href":"https:\/\/api.w.org\/{rel}","templated":true}]}}

Processo Unificado de Seleção Socioeconômica

<p class="has-white-color has-text-color">.</p>



<p>O Processo Unificado de Seleção Socioeconômica para os programas de permanência estudantil disponíveis no SEBEC, destina-se aos estudantes regularmente matriculados na instituição com o objetivo de minimizar as desigualdades existentes, viabilizando recursos mínimos necessários para o acesso, permanência e formação com qualidade dessa população em situação de vulnerabilidade socioeconômica na UEL.</p>

<p>. O Processo Unificado de Seleção Socioeconômica para os programas de permanência estudantil disponíveis no SEBEC, destina-se aos estudantes regularmente matriculados na instituição com o objetivo de minimizar as desigualdades existentes, viabilizando recursos mínimos necessários para o acesso, permanência e formação com qualidade dessa população em situação de vulnerabilidade socioeconômica na UEL.</p>
