{"id":2204,"date":"2022-11-10T21:25:32","date_gmt":"2022-11-11T00:25:32","guid":{"rendered":"https:\/\/sites.uel.br\/pdi\/?page_id=2204"},"modified":"2022-11-10T21:25:32","modified_gmt":"2022-11-11T00:25:32","slug":"selecao-da-bolsa-fundacao-araucaria","status":"publish","type":"page","link":"https:\/\/sites.uel.br\/pdi\/selecao-da-bolsa-fundacao-araucaria\/","title":{"rendered":"Sele\u00e7\u00e3o da Bolsa Funda\u00e7\u00e3o Arauc\u00e1ria"},"content":{"rendered":"\n<p class=\"has-white-color has-text-color\">.<\/p>\n\n\n\n<p>A Sele\u00e7\u00e3o Socioecon\u00f4mica da Bolsa Funda\u00e7\u00e3o Arauc\u00e1ria \u00e9 destinada aos estudantes cotistas regularmente matriculados da UEL que possuem o interesse em ingressar no Programa Institucional de Apoio \u00e0 Inclus\u00e3o Social Pesquisa e Extens\u00e3o Universidade (PIBIS). O PIBIS tem o objetivo de incentivar a forma\u00e7\u00e3o de recursos humanos para projetos de pesquisa em ensino e extens\u00e3o universit\u00e1ria, destinados a temas de interesse social, favorecer o acesso a integra\u00e7\u00e3o \u00e0 cultura acad\u00eamica dos estudantes que ingressaram no ensino superior por meio do sistema de cotas e promover a inser\u00e7\u00e3o dos estudantes em atividades cient\u00edficas, extensionistas, tecnol\u00f3gicas e de inova\u00e7\u00e3o.<\/p>\n","protected":false},"excerpt":{"rendered":"<p>. A Sele\u00e7\u00e3o Socioecon\u00f4mica da Bolsa Funda\u00e7\u00e3o Arauc\u00e1ria \u00e9 destinada aos estudantes cotistas regularmente matriculados da UEL que possuem o interesse em ingressar no Programa Institucional de Apoio \u00e0 Inclus\u00e3o Social Pesquisa e Extens\u00e3o Universidade (PIBIS). O PIBIS tem o objetivo de incentivar a forma\u00e7\u00e3o de recursos humanos para projetos de pesquisa em ensino e [&hellip;]<\/p>\n","protected":false},"author":8,"featured_media":0,"parent":0,"menu_order":0,"comment_status":"closed","ping_status":"closed","template":"","meta":{"footnotes":""},"class_list":["post-2204","page","type-page","status-publish","hentry"],"acf":[],"_links":{"self":[{"href":"https:\/\/sites.uel.br\/pdi\/wp-json\/wp\/v2\/pages\/2204","targetHints":{"allow":["GET"]}}],"collection":[{"href":"https:\/\/sites.uel.br\/pdi\/wp-json\/wp\/v2\/pages"}],"about":[{"href":"https:\/\/sites.uel.br\/pdi\/wp-json\/wp\/v2\/types\/page"}],"author":[{"embeddable":true,"href":"https:\/\/sites.uel.br\/pdi\/wp-json\/wp\/v2\/users\/8"}],"replies":[{"embeddable":true,"href":"https:\/\/sites.uel.br\/pdi\/wp-json\/wp\/v2\/comments?post=2204"}],"version-history":[{"count":1,"href":"https:\/\/sites.uel.br\/pdi\/wp-json\/wp\/v2\/pages\/2204\/revisions"}],"predecessor-version":[{"id":2205,"href":"https:\/\/sites.uel.br\/pdi\/wp-json\/wp\/v2\/pages\/2204\/revisions\/2205"}],"wp:attachment":[{"href":"https:\/\/sites.uel.br\/pdi\/wp-json\/wp\/v2\/media?parent=2204"}],"curies":[{"name":"wp","href":"https:\/\/api.w.org\/{rel}","templated":true}]}}