{"id":2179,"date":"2022-11-10T21:02:06","date_gmt":"2022-11-11T00:02:06","guid":{"rendered":"https:\/\/sites.uel.br\/pdi\/?page_id=2179"},"modified":"2022-11-10T21:02:06","modified_gmt":"2022-11-11T00:02:06","slug":"sebec-secao-de-saude-mental","status":"publish","type":"page","link":"https:\/\/sites.uel.br\/pdi\/sebec-secao-de-saude-mental\/","title":{"rendered":"SEBEC &#8211; Se\u00e7\u00e3o de Sa\u00fade Mental"},"content":{"rendered":"\n<p class=\"has-text-color\" style=\"color:#fefefe\">.<\/p>\n\n\n\n<p>A Se\u00e7\u00e3o de Sa\u00fade Mental foi criada pela Portaria 6152 de 29 de setembro de 2014, sendo que a atua\u00e7\u00e3o da Psicologia no SEBEC existe desde 2003. A Se\u00e7\u00e3o de Sa\u00fade Mental est\u00e1 vinculada \u00e0 dire\u00e7\u00e3o do SEBEC. A atua\u00e7\u00e3o da presente Se\u00e7\u00e3o destaca-se pelo atendimento individual e\/ou em grupos nas perspectivas terap\u00eautica e preventiva, participa\u00e7\u00e3o em comiss\u00f5es institucionais e municipais com os objetivos de interven\u00e7\u00f5es intersetoriais e de formula\u00e7\u00e3o de pol\u00edticas p\u00fablicas e institucionais na \u00e1rea da sa\u00fade, assist\u00eancia, educa\u00e7\u00e3o e direitos humanos, assessoria na \u00e1rea psicol\u00f3gica para administra\u00e7\u00e3o da UEL, al\u00e9m de organiza\u00e7\u00e3o de eventos e interven\u00e7\u00f5es preventivas.<\/p>\n","protected":false},"excerpt":{"rendered":"<p>. A Se\u00e7\u00e3o de Sa\u00fade Mental foi criada pela Portaria 6152 de 29 de setembro de 2014, sendo que a atua\u00e7\u00e3o da Psicologia no SEBEC existe desde 2003. A Se\u00e7\u00e3o de Sa\u00fade Mental est\u00e1 vinculada \u00e0 dire\u00e7\u00e3o do SEBEC. A atua\u00e7\u00e3o da presente Se\u00e7\u00e3o destaca-se pelo atendimento individual e\/ou em grupos nas perspectivas terap\u00eautica e [&hellip;]<\/p>\n","protected":false},"author":8,"featured_media":0,"parent":0,"menu_order":0,"comment_status":"closed","ping_status":"closed","template":"","meta":{"footnotes":""},"class_list":["post-2179","page","type-page","status-publish","hentry"],"acf":[],"_links":{"self":[{"href":"https:\/\/sites.uel.br\/pdi\/wp-json\/wp\/v2\/pages\/2179","targetHints":{"allow":["GET"]}}],"collection":[{"href":"https:\/\/sites.uel.br\/pdi\/wp-json\/wp\/v2\/pages"}],"about":[{"href":"https:\/\/sites.uel.br\/pdi\/wp-json\/wp\/v2\/types\/page"}],"author":[{"embeddable":true,"href":"https:\/\/sites.uel.br\/pdi\/wp-json\/wp\/v2\/users\/8"}],"replies":[{"embeddable":true,"href":"https:\/\/sites.uel.br\/pdi\/wp-json\/wp\/v2\/comments?post=2179"}],"version-history":[{"count":1,"href":"https:\/\/sites.uel.br\/pdi\/wp-json\/wp\/v2\/pages\/2179\/revisions"}],"predecessor-version":[{"id":2180,"href":"https:\/\/sites.uel.br\/pdi\/wp-json\/wp\/v2\/pages\/2179\/revisions\/2180"}],"wp:attachment":[{"href":"https:\/\/sites.uel.br\/pdi\/wp-json\/wp\/v2\/media?parent=2179"}],"curies":[{"name":"wp","href":"https:\/\/api.w.org\/{rel}","templated":true}]}}

SEBEC &#8211; Seção de Saúde Mental

<p class="has-text-color" style="color:#fefefe">.</p>



<p>A Seção de Saúde Mental foi criada pela Portaria 6152 de 29 de setembro de 2014, sendo que a atuação da Psicologia no SEBEC existe desde 2003. A Seção de Saúde Mental está vinculada à direção do SEBEC. A atuação da presente Seção destaca-se pelo atendimento individual e/ou em grupos nas perspectivas terapêutica e preventiva, participação em comissões institucionais e municipais com os objetivos de intervenções intersetoriais e de formulação de políticas públicas e institucionais na área da saúde, assistência, educação e direitos humanos, assessoria na área psicológica para administração da UEL, além de organização de eventos e intervenções preventivas.</p>

<p>. A Seção de Saúde Mental foi criada pela Portaria 6152 de 29 de setembro de 2014, sendo que a atuação da Psicologia no SEBEC existe desde 2003. A Seção de Saúde Mental está vinculada à direção do SEBEC. A atuação da presente Seção destaca-se pelo atendimento individual e/ou em grupos nas perspectivas terapêutica e [&hellip;]</p>
