{"id":2177,"date":"2022-11-10T21:01:25","date_gmt":"2022-11-11T00:01:25","guid":{"rendered":"https:\/\/sites.uel.br\/pdi\/?page_id=2177"},"modified":"2022-11-10T21:01:25","modified_gmt":"2022-11-11T00:01:25","slug":"sebec-divisao-de-apoio-administrativo","status":"publish","type":"page","link":"https:\/\/sites.uel.br\/pdi\/sebec-divisao-de-apoio-administrativo\/","title":{"rendered":"SEBEC &#8211; Divis\u00e3o de Apoio Administrativo"},"content":{"rendered":"\n<p class=\"has-white-color has-text-color\">.<\/p>\n\n\n\n<p>Esta Divis\u00e3o tem um car\u00e1ter de gerenciador dos processos administrativos, do controle e da log\u00edstica do SEBEC. Al\u00e9m da atividade cartorial, tem tamb\u00e9m a incumb\u00eancia de refletir sobre o cotidiano t\u00e9cnico das outras divis\u00f5es do \u00f3rg\u00e3o, buscando agilizar e coordenar toda esp\u00e9cie de atendimento pessoal, concentrar tora a informa\u00e7\u00e3o para trata-la e realizar o melhor uso poss\u00edvel dela, assim como recepcionar toda a comunidade usu\u00e1ria do servi\u00e7o.\u00a0<\/p>\n","protected":false},"excerpt":{"rendered":"<p>. Esta Divis\u00e3o tem um car\u00e1ter de gerenciador dos processos administrativos, do controle e da log\u00edstica do SEBEC. Al\u00e9m da atividade cartorial, tem tamb\u00e9m a incumb\u00eancia de refletir sobre o cotidiano t\u00e9cnico das outras divis\u00f5es do \u00f3rg\u00e3o, buscando agilizar e coordenar toda esp\u00e9cie de atendimento pessoal, concentrar tora a informa\u00e7\u00e3o para trata-la e realizar o [&hellip;]<\/p>\n","protected":false},"author":8,"featured_media":0,"parent":0,"menu_order":0,"comment_status":"closed","ping_status":"closed","template":"","meta":{"footnotes":""},"class_list":["post-2177","page","type-page","status-publish","hentry"],"acf":[],"_links":{"self":[{"href":"https:\/\/sites.uel.br\/pdi\/wp-json\/wp\/v2\/pages\/2177","targetHints":{"allow":["GET"]}}],"collection":[{"href":"https:\/\/sites.uel.br\/pdi\/wp-json\/wp\/v2\/pages"}],"about":[{"href":"https:\/\/sites.uel.br\/pdi\/wp-json\/wp\/v2\/types\/page"}],"author":[{"embeddable":true,"href":"https:\/\/sites.uel.br\/pdi\/wp-json\/wp\/v2\/users\/8"}],"replies":[{"embeddable":true,"href":"https:\/\/sites.uel.br\/pdi\/wp-json\/wp\/v2\/comments?post=2177"}],"version-history":[{"count":1,"href":"https:\/\/sites.uel.br\/pdi\/wp-json\/wp\/v2\/pages\/2177\/revisions"}],"predecessor-version":[{"id":2178,"href":"https:\/\/sites.uel.br\/pdi\/wp-json\/wp\/v2\/pages\/2177\/revisions\/2178"}],"wp:attachment":[{"href":"https:\/\/sites.uel.br\/pdi\/wp-json\/wp\/v2\/media?parent=2177"}],"curies":[{"name":"wp","href":"https:\/\/api.w.org\/{rel}","templated":true}]}}

SEBEC &#8211; Divisão de Apoio Administrativo

<p class="has-white-color has-text-color">.</p>



<p>Esta Divisão tem um caráter de gerenciador dos processos administrativos, do controle e da logística do SEBEC. Além da atividade cartorial, tem também a incumbência de refletir sobre o cotidiano técnico das outras divisões do órgão, buscando agilizar e coordenar toda espécie de atendimento pessoal, concentrar tora a informação para trata-la e realizar o melhor uso possível dela, assim como recepcionar toda a comunidade usuária do serviço. </p>

<p>. Esta Divisão tem um caráter de gerenciador dos processos administrativos, do controle e da logística do SEBEC. Além da atividade cartorial, tem também a incumbência de refletir sobre o cotidiano técnico das outras divisões do órgão, buscando agilizar e coordenar toda espécie de atendimento pessoal, concentrar tora a informação para trata-la e realizar o [&hellip;]</p>
