{"id":2175,"date":"2022-11-10T21:00:37","date_gmt":"2022-11-11T00:00:37","guid":{"rendered":"https:\/\/sites.uel.br\/pdi\/?page_id=2175"},"modified":"2022-11-10T21:00:37","modified_gmt":"2022-11-11T00:00:37","slug":"sebec-divisao-do-sesmt","status":"publish","type":"page","link":"https:\/\/sites.uel.br\/pdi\/sebec-divisao-do-sesmt\/","title":{"rendered":"SEBEC &#8211; Divis\u00e3o do SESMT"},"content":{"rendered":"\n<p class=\"has-white-color has-text-color\">.<\/p>\n\n\n\n<p>O Servi\u00e7o Especializado em Engenharia de Seguran\u00e7a e em Medicina do Trabalho (SESMT), \u00e9 uma Divis\u00e3o do Servi\u00e7o de Bem-Estar \u00e0 Comunidade (SEBEC), \u00f3rg\u00e3o ligado administrativamente ao Gabinete da Reitoria. O SESMT tem como finalidade promover a sa\u00fade e proteger a integridade f\u00edsica do servidor, coordenar, orientar, controlar, supervisionar e fiscalizar as atividades laborais, observando a seguran\u00e7a e a medicina do trabalho no \u00e2mbito da UEL. Em atendimento \u00e0s normas regulamentadoras da Medicina e Seguran\u00e7a do Trabalho e Decretos do Minist\u00e9rio do Trabalho e Emprego, como tamb\u00e9m \u00e0 Lei Estadual 10.692\/93, o SESMT tem duas unidades, uma no Campus Universit\u00e1rio e uma no Hospital Universit\u00e1rio.<\/p>\n","protected":false},"excerpt":{"rendered":"<p>. O Servi\u00e7o Especializado em Engenharia de Seguran\u00e7a e em Medicina do Trabalho (SESMT), \u00e9 uma Divis\u00e3o do Servi\u00e7o de Bem-Estar \u00e0 Comunidade (SEBEC), \u00f3rg\u00e3o ligado administrativamente ao Gabinete da Reitoria. O SESMT tem como finalidade promover a sa\u00fade e proteger a integridade f\u00edsica do servidor, coordenar, orientar, controlar, supervisionar e fiscalizar as atividades laborais, [&hellip;]<\/p>\n","protected":false},"author":8,"featured_media":0,"parent":0,"menu_order":0,"comment_status":"closed","ping_status":"closed","template":"","meta":{"footnotes":""},"class_list":["post-2175","page","type-page","status-publish","hentry"],"acf":[],"_links":{"self":[{"href":"https:\/\/sites.uel.br\/pdi\/wp-json\/wp\/v2\/pages\/2175","targetHints":{"allow":["GET"]}}],"collection":[{"href":"https:\/\/sites.uel.br\/pdi\/wp-json\/wp\/v2\/pages"}],"about":[{"href":"https:\/\/sites.uel.br\/pdi\/wp-json\/wp\/v2\/types\/page"}],"author":[{"embeddable":true,"href":"https:\/\/sites.uel.br\/pdi\/wp-json\/wp\/v2\/users\/8"}],"replies":[{"embeddable":true,"href":"https:\/\/sites.uel.br\/pdi\/wp-json\/wp\/v2\/comments?post=2175"}],"version-history":[{"count":1,"href":"https:\/\/sites.uel.br\/pdi\/wp-json\/wp\/v2\/pages\/2175\/revisions"}],"predecessor-version":[{"id":2176,"href":"https:\/\/sites.uel.br\/pdi\/wp-json\/wp\/v2\/pages\/2175\/revisions\/2176"}],"wp:attachment":[{"href":"https:\/\/sites.uel.br\/pdi\/wp-json\/wp\/v2\/media?parent=2175"}],"curies":[{"name":"wp","href":"https:\/\/api.w.org\/{rel}","templated":true}]}}