{"id":2169,"date":"2022-11-10T20:58:57","date_gmt":"2022-11-10T23:58:57","guid":{"rendered":"https:\/\/sites.uel.br\/pdi\/?page_id=2169"},"modified":"2022-11-10T20:58:57","modified_gmt":"2022-11-10T23:58:57","slug":"sebec-divisao-de-moradia-estudantil","status":"publish","type":"page","link":"https:\/\/sites.uel.br\/pdi\/sebec-divisao-de-moradia-estudantil\/","title":{"rendered":"SEBEC &#8211; Divis\u00e3o de Moradia Estudantil"},"content":{"rendered":"\n<p class=\"has-white-color has-text-color\">.<\/p>\n\n\n\n<p>A Moradia Estudantil da UEL \u00e9 uma unidade administrativa, classificada como equipamento social que tem como finalidade primeira, abrigar em espa\u00e7o f\u00edsico espec\u00edfico estudantes da UEL, que foram triados por sele\u00e7\u00e3o socioecon\u00f4mica do SEBEC, no sentido de oportunizar condi\u00e7\u00f5es de alojamento e espa\u00e7o de estudo dentro do campus universit\u00e1rio, atendendo a premissa de atendimento das necessidades pessoais e que contribuam com a perman\u00eancia estudantil. Da recep\u00e7\u00e3o at\u00e9 o desligamento da unidade, o estudante tem sua trajet\u00f3ria acompanhada pela administra\u00e7\u00e3o, na medida em que coordena e coloca em pr\u00e1tica o que se apresenta no regimento e regulamento da moradia (Resolu\u00e7\u00e3o CU 017\/2015). O pr\u00e9dio foi inaugurado no campus em 2007 e conta com 19 dormit\u00f3rios que comportam quatro estudantes em cada um deles e mais dois dormit\u00f3rios que s\u00e3o adaptados para moradores com defici\u00eancia que comportam dois estudantes.<\/p>\n","protected":false},"excerpt":{"rendered":"<p>. A Moradia Estudantil da UEL \u00e9 uma unidade administrativa, classificada como equipamento social que tem como finalidade primeira, abrigar em espa\u00e7o f\u00edsico espec\u00edfico estudantes da UEL, que foram triados por sele\u00e7\u00e3o socioecon\u00f4mica do SEBEC, no sentido de oportunizar condi\u00e7\u00f5es de alojamento e espa\u00e7o de estudo dentro do campus universit\u00e1rio, atendendo a premissa de atendimento [&hellip;]<\/p>\n","protected":false},"author":8,"featured_media":0,"parent":0,"menu_order":0,"comment_status":"closed","ping_status":"closed","template":"","meta":{"footnotes":""},"class_list":["post-2169","page","type-page","status-publish","hentry"],"acf":[],"_links":{"self":[{"href":"https:\/\/sites.uel.br\/pdi\/wp-json\/wp\/v2\/pages\/2169","targetHints":{"allow":["GET"]}}],"collection":[{"href":"https:\/\/sites.uel.br\/pdi\/wp-json\/wp\/v2\/pages"}],"about":[{"href":"https:\/\/sites.uel.br\/pdi\/wp-json\/wp\/v2\/types\/page"}],"author":[{"embeddable":true,"href":"https:\/\/sites.uel.br\/pdi\/wp-json\/wp\/v2\/users\/8"}],"replies":[{"embeddable":true,"href":"https:\/\/sites.uel.br\/pdi\/wp-json\/wp\/v2\/comments?post=2169"}],"version-history":[{"count":1,"href":"https:\/\/sites.uel.br\/pdi\/wp-json\/wp\/v2\/pages\/2169\/revisions"}],"predecessor-version":[{"id":2170,"href":"https:\/\/sites.uel.br\/pdi\/wp-json\/wp\/v2\/pages\/2169\/revisions\/2170"}],"wp:attachment":[{"href":"https:\/\/sites.uel.br\/pdi\/wp-json\/wp\/v2\/media?parent=2169"}],"curies":[{"name":"wp","href":"https:\/\/api.w.org\/{rel}","templated":true}]}}