{"id":2166,"date":"2022-11-10T20:58:02","date_gmt":"2022-11-10T23:58:02","guid":{"rendered":"https:\/\/sites.uel.br\/pdi\/?page_id=2166"},"modified":"2022-11-10T20:58:02","modified_gmt":"2022-11-10T23:58:02","slug":"sebec-divisao-de-servico-social","status":"publish","type":"page","link":"https:\/\/sites.uel.br\/pdi\/sebec-divisao-de-servico-social\/","title":{"rendered":"SEBEC &#8211; Divis\u00e3o de Servi\u00e7o Social"},"content":{"rendered":"\n<p class=\"has-white-color has-text-color\">.<\/p>\n\n\n\n<p>A Divis\u00e3o de Servi\u00e7o Social atua na defesa e garantia de direitos sociais, na gest\u00e3o de pol\u00edticas, programas e projetos sociais. Desta forma, opera no enfrentamento da desigualdade social, \u00e9tnico-racial e de g\u00eanero, no desenvolvimento de a\u00e7\u00f5es que visem o protagonismo e a autonomia dos cidad\u00e3os, aqui entendidos como toda comunidade universit\u00e1ria da UEL. A Divis\u00e3o de Servi\u00e7o Social presta atendimento via plant\u00f5es sociais, atividades coletivas, programas, projetos espec\u00edficos e eventos. Conjuga tamb\u00e9m atividades de assessoria na \u00e1rea social que contemplam a administra\u00e7\u00e3o da UEL.<\/p>\n","protected":false},"excerpt":{"rendered":"<p>. A Divis\u00e3o de Servi\u00e7o Social atua na defesa e garantia de direitos sociais, na gest\u00e3o de pol\u00edticas, programas e projetos sociais. Desta forma, opera no enfrentamento da desigualdade social, \u00e9tnico-racial e de g\u00eanero, no desenvolvimento de a\u00e7\u00f5es que visem o protagonismo e a autonomia dos cidad\u00e3os, aqui entendidos como toda comunidade universit\u00e1ria da UEL. [&hellip;]<\/p>\n","protected":false},"author":8,"featured_media":0,"parent":0,"menu_order":0,"comment_status":"closed","ping_status":"closed","template":"","meta":{"footnotes":""},"class_list":["post-2166","page","type-page","status-publish","hentry"],"acf":[],"_links":{"self":[{"href":"https:\/\/sites.uel.br\/pdi\/wp-json\/wp\/v2\/pages\/2166","targetHints":{"allow":["GET"]}}],"collection":[{"href":"https:\/\/sites.uel.br\/pdi\/wp-json\/wp\/v2\/pages"}],"about":[{"href":"https:\/\/sites.uel.br\/pdi\/wp-json\/wp\/v2\/types\/page"}],"author":[{"embeddable":true,"href":"https:\/\/sites.uel.br\/pdi\/wp-json\/wp\/v2\/users\/8"}],"replies":[{"embeddable":true,"href":"https:\/\/sites.uel.br\/pdi\/wp-json\/wp\/v2\/comments?post=2166"}],"version-history":[{"count":1,"href":"https:\/\/sites.uel.br\/pdi\/wp-json\/wp\/v2\/pages\/2166\/revisions"}],"predecessor-version":[{"id":2167,"href":"https:\/\/sites.uel.br\/pdi\/wp-json\/wp\/v2\/pages\/2166\/revisions\/2167"}],"wp:attachment":[{"href":"https:\/\/sites.uel.br\/pdi\/wp-json\/wp\/v2\/media?parent=2166"}],"curies":[{"name":"wp","href":"https:\/\/api.w.org\/{rel}","templated":true}]}}

SEBEC &#8211; Divisão de Serviço Social

<p class="has-white-color has-text-color">.</p>



<p>A Divisão de Serviço Social atua na defesa e garantia de direitos sociais, na gestão de políticas, programas e projetos sociais. Desta forma, opera no enfrentamento da desigualdade social, étnico-racial e de gênero, no desenvolvimento de ações que visem o protagonismo e a autonomia dos cidadãos, aqui entendidos como toda comunidade universitária da UEL. A Divisão de Serviço Social presta atendimento via plantões sociais, atividades coletivas, programas, projetos específicos e eventos. Conjuga também atividades de assessoria na área social que contemplam a administração da UEL.</p>

<p>. A Divisão de Serviço Social atua na defesa e garantia de direitos sociais, na gestão de políticas, programas e projetos sociais. Desta forma, opera no enfrentamento da desigualdade social, étnico-racial e de gênero, no desenvolvimento de ações que visem o protagonismo e a autonomia dos cidadãos, aqui entendidos como toda comunidade universitária da UEL. [&hellip;]</p>
