{"id":2163,"date":"2022-11-10T20:56:33","date_gmt":"2022-11-10T23:56:33","guid":{"rendered":"https:\/\/sites.uel.br\/pdi\/?page_id=2163"},"modified":"2022-11-10T20:56:33","modified_gmt":"2022-11-10T23:56:33","slug":"sebec-equipe-2","status":"publish","type":"page","link":"https:\/\/sites.uel.br\/pdi\/sebec-equipe-2\/","title":{"rendered":"SEBEC &#8211; Equipe"},"content":{"rendered":"\n<p class=\"has-white-color has-text-color\">.<\/p>\n\n\n\n<p>O SEBEC totaliza 81 servidores ativos divididos nas seis \u00e1reas de atua\u00e7\u00e3o. Importante destacar que entre estes temos seis assessores especiais e treze colaboradores de zeladoria contratados por empresa terceirizada. Em atendimento \u00e0 premissa e responsabilidade na forma\u00e7\u00e3o dos estudantes, o SEBEC tem sido espa\u00e7o de atua\u00e7\u00e3o de estagi\u00e1rios e residentes nas \u00e1reas de Servi\u00e7o Social (dois estagi\u00e1rios em 2021), Sa\u00fade Mental (um residente e onze estagi\u00e1rios em 2021) e Administra\u00e7\u00e3o (um residente em 2021). Devido \u00e0 pandemia da COVID-19, no ano de 2021 o SEBEC n\u00e3o teve aprendizes em sua equipe.<\/p>\n","protected":false},"excerpt":{"rendered":"<p>. O SEBEC totaliza 81 servidores ativos divididos nas seis \u00e1reas de atua\u00e7\u00e3o. Importante destacar que entre estes temos seis assessores especiais e treze colaboradores de zeladoria contratados por empresa terceirizada. Em atendimento \u00e0 premissa e responsabilidade na forma\u00e7\u00e3o dos estudantes, o SEBEC tem sido espa\u00e7o de atua\u00e7\u00e3o de estagi\u00e1rios e residentes nas \u00e1reas de [&hellip;]<\/p>\n","protected":false},"author":8,"featured_media":0,"parent":0,"menu_order":0,"comment_status":"closed","ping_status":"closed","template":"","meta":{"footnotes":""},"class_list":["post-2163","page","type-page","status-publish","hentry"],"acf":[],"_links":{"self":[{"href":"https:\/\/sites.uel.br\/pdi\/wp-json\/wp\/v2\/pages\/2163","targetHints":{"allow":["GET"]}}],"collection":[{"href":"https:\/\/sites.uel.br\/pdi\/wp-json\/wp\/v2\/pages"}],"about":[{"href":"https:\/\/sites.uel.br\/pdi\/wp-json\/wp\/v2\/types\/page"}],"author":[{"embeddable":true,"href":"https:\/\/sites.uel.br\/pdi\/wp-json\/wp\/v2\/users\/8"}],"replies":[{"embeddable":true,"href":"https:\/\/sites.uel.br\/pdi\/wp-json\/wp\/v2\/comments?post=2163"}],"version-history":[{"count":1,"href":"https:\/\/sites.uel.br\/pdi\/wp-json\/wp\/v2\/pages\/2163\/revisions"}],"predecessor-version":[{"id":2164,"href":"https:\/\/sites.uel.br\/pdi\/wp-json\/wp\/v2\/pages\/2163\/revisions\/2164"}],"wp:attachment":[{"href":"https:\/\/sites.uel.br\/pdi\/wp-json\/wp\/v2\/media?parent=2163"}],"curies":[{"name":"wp","href":"https:\/\/api.w.org\/{rel}","templated":true}]}}

<p class="has-white-color has-text-color">.</p>



<p>O SEBEC totaliza 81 servidores ativos divididos nas seis áreas de atuação. Importante destacar que entre estes temos seis assessores especiais e treze colaboradores de zeladoria contratados por empresa terceirizada. Em atendimento à premissa e responsabilidade na formação dos estudantes, o SEBEC tem sido espaço de atuação de estagiários e residentes nas áreas de Serviço Social (dois estagiários em 2021), Saúde Mental (um residente e onze estagiários em 2021) e Administração (um residente em 2021). Devido à pandemia da COVID-19, no ano de 2021 o SEBEC não teve aprendizes em sua equipe.</p>

<p>. O SEBEC totaliza 81 servidores ativos divididos nas seis áreas de atuação. Importante destacar que entre estes temos seis assessores especiais e treze colaboradores de zeladoria contratados por empresa terceirizada. Em atendimento à premissa e responsabilidade na formação dos estudantes, o SEBEC tem sido espaço de atuação de estagiários e residentes nas áreas de [&hellip;]</p>
